From mboxrd@z Thu Jan 1 00:00:00 1970 Return-Path: Received: from mails.dpdk.org (mails.dpdk.org [217.70.189.124]) by inbox.dpdk.org (Postfix) with ESMTP id B8DB646735 for ; Tue, 13 May 2025 12:27:50 +0200 (CEST) Received: from mails.dpdk.org (localhost [127.0.0.1]) by mails.dpdk.org (Postfix) with ESMTP id 8E16A4026C; Tue, 13 May 2025 12:27:50 +0200 (CEST) Received: from mail-qv1-f98.google.com (mail-qv1-f98.google.com [209.85.219.98]) by mails.dpdk.org (Postfix) with ESMTP id DCDF24025F for ; Tue, 13 May 2025 12:27:48 +0200 (CEST) Received: by mail-qv1-f98.google.com with SMTP id 6a1803df08f44-6f54036c4b9so55211796d6.1 for ; Tue, 13 May 2025 03:27:48 -0700 (PDT) DKIM-Signature: v=1; a=rsa-sha256; c=relaxed/relaxed; d=iol.unh.edu; s=unh-iol; t=1747132068; x=1747736868; darn=dpdk.org; h=references:in-reply-to:cc:to:from:subject:message-id:date:from:to :cc:subject:date:message-id:reply-to; bh=YO+wUAkxIIlySQCz+8UeLh3DT39ozkq9yH9kyq6m16o=; b=AdJd2glugTfBwaVidSPzLWYQumS0zzFd0DReVEMAwjzN12fY3dL++d8Sn2JyFaygkO MqadJV7grfvRPENsyWBmuobFkJT4VsuLcwaIEsF4Z6wi13xLtoMquVngdVoeWPvV0Oqh /p5o2mWZzi0O8sKeBzr5vI+jt4FU2ElPRu8nA= X-Google-DKIM-Signature: v=1; a=rsa-sha256; c=relaxed/relaxed; d=1e100.net; s=20230601; t=1747132068; x=1747736868; h=references:in-reply-to:cc:to:from:subject:message-id:date :x-gm-message-state:from:to:cc:subject:date:message-id:reply-to; bh=YO+wUAkxIIlySQCz+8UeLh3DT39ozkq9yH9kyq6m16o=; b=t9qGDSLRPUOslKxXZRDSByxYtV64CcQJPbZQHDGXfXCu3Y51Mi6UX2K8XE/71LKcRt 44OTI1r9UWQ7g8ilfkm4ng0w+BR1XLHqv9afPBXmz0a3Wg4sLNIgXb2qgKUlwNWzT9Q4 +u+FckaFVM02HInQgxzUknDFkKoYjOcDgK+CI+0KbKwGn/TIvZ1hgFigWzcDcphyZjXh /L27TeweJCHn/SBSzC+XIzFbgVeYbHALzHKnlIZ/57AdW3wffO/Q4xPQcO8ff4LgcVaE m+qC3fWlCe+ZHuCh34JJV06cnksySxcak2mSSspYBRJ5OLVKhQFDzoilHlXiuiPdA0gw 8Maw== X-Gm-Message-State: AOJu0YwSpcKlB91eQd19s8AqzJbHo/Ye3qN7QNPCLe27G/n8hRpO6os3 2utgjLbxd0YLrC63tl9KHFMGP2U+NzntW4SWoVYnjfEXI0QlX9vug24QGmbrMazlAD0rCprX3uP iOc4tPq/KyAmZqUVaf+MrFKgnIbVyrwxYTqjItQJE X-Gm-Gg: ASbGnctVUUP+5UKd/gzp5AW1yQKAKPgtWhhvGhXAYsyLIzvi3/Lv8ClJ2mSdHzFTtAJ EgPwMUNdmQO3dD1/8fSLjvltZ+A0ySCDDxkImcXlZJ/Qw7vvq1XVdGqjterTV0KaFNSx20tTrfR sdkvqB8L95G/lFSJtqsZfYAMRqOUnK6EzlTI2CvM7uHE9Z80DQtErTiWDEV0DlVWfpBoVw46Qts eISiJBhQYchSGtJ+Yzg6VVlAsXOgchIhR+o/jn2/RtGkdGmmn5XMuyOq89VEtIv6sDoNhX56Okk liuwGrsdOlalSSqitNODqVJzOZdaPAYZOPzNysiF4XfepeTdnux1MFSzKV8= X-Google-Smtp-Source: AGHT+IGd96GZyg8kEVDET1Ekv/Dx1BB/LZbxkdLKtOSe7g2lq4U8aewlmeykNuIVgjaSqcpdHsGWdB+AjF0n X-Received: by 2002:a05:6214:268e:b0:6e4:4194:df35 with SMTP id 6a1803df08f44-6f6e479573fmr285062556d6.9.1747132068138; Tue, 13 May 2025 03:27:48 -0700 (PDT) Received: from postal.iol.unh.edu (postal.iol.unh.edu. [132.177.123.84]) by smtp-relay.gmail.com with ESMTPS id 6a1803df08f44-6f6e39e7d6fsm5016606d6.13.2025.05.13.03.27.48 (version=TLS1_2 cipher=ECDHE-ECDSA-AES128-GCM-SHA256 bits=128/128); Tue, 13 May 2025 03:27:48 -0700 (PDT) X-Relaying-Domain: iol.unh.edu Date: Tue, 13 May 2025 03:27:48 -0700 (PDT) Message-ID: <68231ea4.050a0220.32009a.aa3eSMTPIN_ADDED_MISSING@mx.google.com> Received: from [172.17.0.5] (unknown [172.18.0.74]) by postal.iol.unh.edu (Postfix) with ESMTP id 94B466052471; Tue, 13 May 2025 06:27:47 -0400 (EDT) Subject: |FAILURE| pw153427 [PATCH] [v2] build: automatically report minimum From: dpdklab@iol.unh.edu To: Test Report Cc: dpdk-test-reports@iol.unh.edu, Bruce Richardson In-Reply-To: <20250513085956.1670288-1-bruce.richardson@intel.com> References: <20250513085956.1670288-1-bruce.richardson@intel.com> Content-Type: text/plain X-BeenThere: test-report@dpdk.org X-Mailman-Version: 2.1.29 Precedence: list List-Id: automatic DPDK test reports List-Unsubscribe: , List-Archive: List-Post: List-Help: List-Subscribe: , Errors-To: test-report-bounces@dpdk.org Test-Label: iol-unit-arm64-testing Test-Status: FAILURE http://dpdk.org/patch/153427 _Testing issues_ Submitter: Bruce Richardson Date: Tuesday, May 13 2025 08:59:42 DPDK git baseline: Repo:dpdk Branch: master CommitID:2bf836de46d36a81f9321f947fbfce52b3180782 153427 --> testing issues Upstream job id: Generic-Unit-Test-DPDK#337406 Test environment and result as below: +-----------------------------+---------------------------+----------------+--------------+------------------------------+ | Environment | cryptodev_sw_zuc_autotest | dpdk_unit_test | lpm_autotest | cryptodev_sw_snow3g_autotest | +=============================+===========================+================+==============+==============================+ | Debian 12 (arm) | FAIL | FAIL | SKIPPED | FAIL | +-----------------------------+---------------------------+----------------+--------------+------------------------------+ | Fedora 41 (ARM Clang) | SKIPPED | FAIL | SKIPPED | SKIPPED | +-----------------------------+---------------------------+----------------+--------------+------------------------------+ | CentOS Stream 9 (ARM) | SKIPPED | PASS | SKIPPED | SKIPPED | +-----------------------------+---------------------------+----------------+--------------+------------------------------+ | Fedora 40 (ARM Clang) | SKIPPED | FAIL | SKIPPED | SKIPPED | +-----------------------------+---------------------------+----------------+--------------+------------------------------+ | Fedora 40 (ARM) | SKIPPED | FAIL | SKIPPED | SKIPPED | +-----------------------------+---------------------------+----------------+--------------+------------------------------+ | CentOS Stream 10 (ARM) | SKIPPED | FAIL | SKIPPED | SKIPPED | +-----------------------------+---------------------------+----------------+--------------+------------------------------+ | Fedora 41 (ARM) | SKIPPED | FAIL | SKIPPED | SKIPPED | +-----------------------------+---------------------------+----------------+--------------+------------------------------+ | Ubuntu 22.04 (ARM) | SKIPPED | PASS | SKIPPED | SKIPPED | +-----------------------------+---------------------------+----------------+--------------+------------------------------+ | Ubuntu 24.04 (ARM) | SKIPPED | FAIL | SKIPPED | SKIPPED | +-----------------------------+---------------------------+----------------+--------------+------------------------------+ | RHEL9 (ARM) | SKIPPED | PASS | SKIPPED | SKIPPED | +-----------------------------+---------------------------+----------------+--------------+------------------------------+ | Ubuntu 20.04 (ARM) | SKIPPED | PASS | SKIPPED | SKIPPED | +-----------------------------+---------------------------+----------------+--------------+------------------------------+ | 32-bit Ubuntu 22.04.4 (ARM) | SKIPPED | PASS | SKIPPED | SKIPPED | +-----------------------------+---------------------------+----------------+--------------+------------------------------+ | Ubuntu 20.04 ARM SVE | SKIPPED | SKIPPED | PASS | SKIPPED | +-----------------------------+---------------------------+----------------+--------------+------------------------------+ ==== Unit test summary for Ubuntu 24.04 (ARM) (dpdk_unit_test): ==== ninja: Entering directory `/home-local/jenkins-local/jenkins-agent/workspace/Generic-Unit-Test-DPDK/dpdk/build' ninja: no work to do. Ok: 0 Expected Fail: 0 Fail: 0 Unexpected Pass: 0 Skipped: 0 Timeout: 0 Full log written to /home-local/jenkins-local/jenkins-agent/workspace/Generic-Unit-Test-DPDK/dpdk/build/meson-logs/testlog.txt ==== End log output ==== Debian 12 (arm) Kernel: Depends on container host Compiler: gcc (Debian 12.2.0-14) 12.2.0 Fedora 41 (ARM Clang) Kernel: Depends on container host Compiler: clang 19.1.5 (Fedora 19.1.5-1.fc41) CentOS Stream 9 (ARM) Kernel: Depends on container host Compiler: gcc 11.5.0 20240719 (Red Hat 11.5.0-2) Fedora 40 (ARM Clang) Kernel: Depends on container host Compiler: clang 18.1.8 (Fedora 18.1.8-1.fc40) Fedora 40 (ARM) Kernel: Depends on container host Compiler: gcc 14.2.1 20240912 (Red Hat 14.2.1-3) CentOS Stream 10 (ARM) Kernel: Depends on container host Compiler: gcc 14.2.1 20241104 (Red Hat 14.2.1-6) Fedora 41 (ARM) Kernel: Depends on container host Compiler: gcc 14.2.1 20240912 (Red Hat 14.2.1-3) Ubuntu 22.04 (ARM) Kernel: Depends on container host Compiler: gcc (Ubuntu 11.4.0-1ubuntu1~22.04) 11.4.0 Ubuntu 24.04 (ARM) Kernel: Depends on container host Compiler: gcc (Ubuntu 13.3.0-6ubuntu2~24.04) 13.3.0 RHEL9 (ARM) Kernel: Depends on container host Compiler: gcc 11.5.0 20240719 (Red Hat 11.5.0-2) Ubuntu 20.04 (ARM) Kernel: Depends on container host Compiler: gcc (Ubuntu 9.4.0-1ubuntu1~20.04.2) 9.4.0 32-bit Ubuntu 22.04.4 (ARM) Kernel: 5.15.83+ aarch64 Compiler: gcc (Ubuntu 11.4.0-1ubuntu1~22.04) 11.4.0 Ubuntu 20.04 ARM SVE Kernel: Depends on container host Compiler: gcc (Ubuntu 10.5.0-1ubuntu1~20.04) 10.5.0 To view detailed results, visit: https://lab.dpdk.org/results/dashboard/patchsets/33162/ UNH-IOL DPDK Community Lab To manage your email subscriptions, visit: https://lab.dpdk.org/results/dashboard/preferences/subscriptions/