From mboxrd@z Thu Jan 1 00:00:00 1970 Return-Path: Received: from mails.dpdk.org (mails.dpdk.org [217.70.189.124]) by inbox.dpdk.org (Postfix) with ESMTP id 2624246735 for ; Tue, 13 May 2025 12:32:58 +0200 (CEST) Received: from mails.dpdk.org (localhost [127.0.0.1]) by mails.dpdk.org (Postfix) with ESMTP id 0985E4026C; Tue, 13 May 2025 12:32:58 +0200 (CEST) Received: from mail-qk1-f227.google.com (mail-qk1-f227.google.com [209.85.222.227]) by mails.dpdk.org (Postfix) with ESMTP id E3A064025F for ; Tue, 13 May 2025 12:32:55 +0200 (CEST) Received: by mail-qk1-f227.google.com with SMTP id af79cd13be357-7caeeef95d4so593940285a.2 for ; Tue, 13 May 2025 03:32:55 -0700 (PDT) DKIM-Signature: v=1; a=rsa-sha256; c=relaxed/relaxed; d=iol.unh.edu; s=unh-iol; t=1747132375; x=1747737175; darn=dpdk.org; h=references:in-reply-to:cc:to:from:subject:message-id:date:from:to :cc:subject:date:message-id:reply-to; bh=ZmVsAzrX2TheTSlGAj+66w5QlOL84LjqUSXcG8PSl+k=; b=bQvF+UvwChw+bCSg/DB57/1cMBnXUg+2N3kbDNchnF3G3ze3S5YBQWWxfSp7VU0Z33 IEzjDWl62Jti3i9thuaIqWj6/fBH4da7r2SkzTAUBhoB6wUAIHMkVUtzXi1OLlnMSZ6U f2Lb1mGrmVyA3CZsBp90CMiP3avnvDBkLEHgU= X-Google-DKIM-Signature: v=1; a=rsa-sha256; c=relaxed/relaxed; d=1e100.net; s=20230601; t=1747132375; x=1747737175; h=references:in-reply-to:cc:to:from:subject:message-id:date :x-gm-message-state:from:to:cc:subject:date:message-id:reply-to; bh=ZmVsAzrX2TheTSlGAj+66w5QlOL84LjqUSXcG8PSl+k=; b=MRABQULfkw/rFSu9jReqryfc8Y70u4q8FRDOCfVkF+hqGTIyxwA87UDvBzYlr40hgA aL5XgGhGgDNW+twenO/FahwGetd/wEK6lJ6dF/4kkFH2HfRa5jLYKiXI8R1cXf/U1Dqm 6vteoEgPvYUKSlkpGuuNa5YwzKCPlKYOFQ1d1Z3wrt7X7MPbJ7wH+YidBLJL+ZQBSXXY LqzIU8epWFdEVmJpA1Ufy1nPYeAPbcpeGuS6fgwScJ3x1DeLPrZciSwjMX22+S64ybcc yWJxXGCd65mD/NpzyZhxNaFjsbFZrE3JIwbvz2DAsaO17C0I9JgQod+mcSIHtSWLLEQ3 jzug== X-Gm-Message-State: AOJu0YyM34q7iRIldR+8UGSaka+dc4Gof7a1qlGo/hoQ4FqKhoOzSR10 cR7xQrPND7ZqTVitnZlXzalz08WDaDp9Wc5oWR/x79uvcYatw0siSOuXMUDvt6ntTfdukQA3sZR As3+g/5KJRYfpcirizr1HV73b3Up8RgZVfdAfV63isbkRvi1a7Ci94Yiq X-Gm-Gg: ASbGncs+B6AxA1xcrwmOST/OnDGuUcCDrtXyUxlHw99+gfzmHDo+IqO9GwdEURNxJd3 UXv7rfH4/mZKjcnP/dF3s4Ed1XmcSMckYwbQD+yEZ3jxsvkTLTNai4yQ12ElH0rqm1+SwybPzda StrY28ySD8P9UTRd7b/a03JoSOQCiSoMyMy/vprnmCoAArkIFrMaAqvxpnpIjjrsC0JEVZGwEd2 I2hPtJngT44bnRtlULeNVQee/15lN+PWQBMy+9QKAZlcTZVAYDiCXjpw2DGF/3Rcd3++2b9WyKK 5gNG61/R11RT9U1sEqMBcIPo3DQ5YmCPPQlZ X-Google-Smtp-Source: AGHT+IH/O2AL802M6UsagM/iHKHbRBDPoJugIeqtD6VqWElZAvoM09ehBERld90PoLSMG7uvfkA+AhA7dL2D X-Received: by 2002:a05:620a:26a1:b0:7ca:c6c7:be14 with SMTP id af79cd13be357-7cd010f4014mr3075438485a.1.1747132375143; Tue, 13 May 2025 03:32:55 -0700 (PDT) Received: from postal.iol.unh.edu (postal.iol.unh.edu. [2606:4100:3880:1234::84]) by smtp-relay.gmail.com with ESMTPS id af79cd13be357-7cd00f2c7e1sm45204385a.6.2025.05.13.03.32.55 (version=TLS1_2 cipher=ECDHE-ECDSA-AES128-GCM-SHA256 bits=128/128); Tue, 13 May 2025 03:32:55 -0700 (PDT) X-Relaying-Domain: iol.unh.edu Date: Tue, 13 May 2025 03:32:55 -0700 (PDT) Message-ID: <68231fd7.050a0220.211d6.7059SMTPIN_ADDED_MISSING@mx.google.com> Received: from [172.21.0.5] (unknown [172.18.0.240]) by postal.iol.unh.edu (Postfix) with ESMTP id D20716052471; Tue, 13 May 2025 06:32:54 -0400 (EDT) Subject: |FAILURE| pw153427 [PATCH] [v2] build: automatically report minimum From: dpdklab@iol.unh.edu To: Test Report Cc: dpdk-test-reports@iol.unh.edu, Bruce Richardson In-Reply-To: <20250513085956.1670288-1-bruce.richardson@intel.com> References: <20250513085956.1670288-1-bruce.richardson@intel.com> Content-Type: text/plain X-BeenThere: test-report@dpdk.org X-Mailman-Version: 2.1.29 Precedence: list List-Id: automatic DPDK test reports List-Unsubscribe: , List-Archive: List-Post: List-Help: List-Subscribe: , Errors-To: test-report-bounces@dpdk.org Test-Label: iol-unit-amd64-testing Test-Status: FAILURE http://dpdk.org/patch/153427 _Testing issues_ Submitter: Bruce Richardson Date: Tuesday, May 13 2025 08:59:42 DPDK git baseline: Repo:dpdk Branch: master CommitID:2bf836de46d36a81f9321f947fbfce52b3180782 153427 --> testing issues Upstream job id: Generic-VM-Unit-Test-DPDK#28488 Test environment and result as below: +---------------------+----------------+ | Environment | dpdk_unit_test | +=====================+================+ | CentOS Stream 10 | FAIL | +---------------------+----------------+ | Fedora 41 | FAIL | +---------------------+----------------+ | Debian 12 | FAIL | +---------------------+----------------+ | Fedora 40 | FAIL | +---------------------+----------------+ | CentOS Stream 9 | PASS | +---------------------+----------------+ | Fedora 41 (Clang) | FAIL | +---------------------+----------------+ | Fedora 40 (Clang) | FAIL | +---------------------+----------------+ | RHEL8 | PASS | +---------------------+----------------+ | Ubuntu 22.04 | PASS | +---------------------+----------------+ | RHEL9 | PASS | +---------------------+----------------+ | Ubuntu 20.04 | PASS | +---------------------+----------------+ | Ubuntu 24.04 | FAIL | +---------------------+----------------+ | Windows Server 2022 | PASS | +---------------------+----------------+ ==== Unit test summary for Ubuntu 24.04 (dpdk_unit_test): ==== ninja: Entering directory `/root/workspace/Generic-Unit-Test-DPDK/dpdk/build' ninja: no work to do. Ok: 0 Expected Fail: 0 Fail: 0 Unexpected Pass: 0 Skipped: 0 Timeout: 0 Full log written to /root/workspace/Generic-Unit-Test-DPDK/dpdk/build/meson-logs/testlog.txt ==== End log output ==== CentOS Stream 10 Kernel: Depends on container host Compiler: gcc 14.2.1 20241104 (Red Hat 14.2.1-6) Fedora 41 Kernel: Depends on container host Compiler: gcc 14.2.1 20240912 (Red Hat 14.2.1-3) Debian 12 Kernel: Depends on container host Compiler: gcc (Debian 12.2.0-14) 12.2.0 Fedora 40 Kernel: Depends on container host Compiler: gcc 14.2.1 20240912 (Red Hat 14.2.1-3) CentOS Stream 9 Kernel: Depends on container host Compiler: gcc 11.5.0 20240719 (Red Hat 11.5.0-2) Fedora 41 (Clang) Kernel: Depends on container host Compiler: clang 19.1.5 (Fedora 19.1.5-1.fc41) Fedora 40 (Clang) Kernel: Depends on container host Compiler: clang 18.1.8 (Fedora 18.1.8-1.fc40) RHEL8 Kernel: Depends on container host Compiler: gcc 8.5.0 20210514 (Red Hat 8.5.0-22) Ubuntu 22.04 Kernel: Depends on container host Compiler: gcc (Ubuntu 11.4.0-1ubuntu1~22.04) 11.4.0 RHEL9 Kernel: Depends on container host Compiler: gcc 11.5.0 20240719 (Red Hat 11.5.0-2) Ubuntu 20.04 Kernel: Depends on container host Compiler: gcc (Ubuntu 9.4.0-1ubuntu1~20.04.2) 9.4.0 Ubuntu 24.04 Kernel: Depends on container host Compiler: gcc (Ubuntu 13.3.0-6ubuntu2~24.04) 13.3.0 Windows Server 2022 Kernel: 10.0.20348.2031 Compiler: clang 15.0.7, gcc 14.1.0 (MinGW), and MSVC VS 19.39.33521 To view detailed results, visit: https://lab.dpdk.org/results/dashboard/patchsets/33162/ UNH-IOL DPDK Community Lab To manage your email subscriptions, visit: https://lab.dpdk.org/results/dashboard/preferences/subscriptions/