From: dpdklab@iol.unh.edu
To: Test Report <test-report@dpdk.org>
Cc: dpdk-test-reports@iol.unh.edu
Subject: |SUCCESS| pw153427 [PATCH] [v2] build: automatically report minimum
Date: Tue, 13 May 2025 03:44:54 -0700 (PDT) [thread overview]
Message-ID: <682322a6.050a0220.1ab60e.0252SMTPIN_ADDED_MISSING@mx.google.com> (raw)
In-Reply-To: <20250513085956.1670288-1-bruce.richardson@intel.com>
Test-Label: iol-sample-apps-testing
Test-Status: SUCCESS
http://dpdk.org/patch/153427
_Testing PASS_
Submitter: Bruce Richardson <bruce.richardson@intel.com>
Date: Tuesday, May 13 2025 08:59:42
DPDK git baseline: Repo:dpdk
Branch: master
CommitID:2bf836de46d36a81f9321f947fbfce52b3180782
153427 --> testing pass
Upstream job id: ACVP-FIPS-testing#9794
Test environment and result as below:
+--------------------+----------------------+----------------------+
| Environment | compressdev_zlib_pmd | dpdk_fips_validation |
+====================+======================+======================+
| Ubuntu 22.04 (ARM) | PASS | SKIPPED |
+--------------------+----------------------+----------------------+
| Ubuntu 22.04 | PASS | SKIPPED |
+--------------------+----------------------+----------------------+
| Ubuntu 20.04 | SKIPPED | PASS |
+--------------------+----------------------+----------------------+
Ubuntu 22.04 (ARM)
Kernel: 5.15.0-97-generic
Compiler: gcc gcc (Ubuntu 11.4.0-1ubuntu1~22.04) 11.4.0
Ubuntu 22.04
Kernel: 5.15.0-100-generic
Compiler: gcc gcc (Ubuntu 11.4.0-1ubuntu1~22.04) 11.4.0
Ubuntu 20.04
Kernel: Depends on container host
Compiler: gcc (Ubuntu 9.4.0-1ubuntu1~20.04.2) 9.4.0
To view detailed results, visit:
https://lab.dpdk.org/results/dashboard/patchsets/33162/
UNH-IOL DPDK Community Lab
To manage your email subscriptions, visit:
https://lab.dpdk.org/results/dashboard/preferences/subscriptions/
next prev parent reply other threads:[~2025-05-13 10:44 UTC|newest]
Thread overview: 33+ messages / expand[flat|nested] mbox.gz Atom feed top
[not found] <20250513085956.1670288-1-bruce.richardson@intel.com>
2025-05-13 8:32 ` |SUCCESS| pw153427 [PATCH v2] build: automatically report minimum meson version qemudev
2025-05-13 8:36 ` qemudev
2025-05-13 9:01 ` checkpatch
2025-05-13 9:36 ` |SUCCESS| pw153427 [PATCH] [v2] build: automatically report minimum dpdklab
2025-05-13 9:38 ` dpdklab
2025-05-13 9:39 ` |FAILURE| " dpdklab
2025-05-13 9:41 ` dpdklab
2025-05-13 9:43 ` |PENDING| " dpdklab
2025-05-13 9:47 ` |SUCCESS| " dpdklab
2025-05-13 9:50 ` dpdklab
2025-05-13 9:51 ` dpdklab
2025-05-13 9:53 ` dpdklab
2025-05-13 9:55 ` dpdklab
2025-05-13 9:57 ` |FAILURE| " dpdklab
2025-05-13 10:01 ` dpdklab
2025-05-13 10:03 ` |SUCCESS| " dpdklab
2025-05-13 10:03 ` |SUCCESS| pw153427 [PATCH v2] build: automatically report minimum meson version 0-day Robot
2025-05-13 10:04 ` |FAILURE| pw153427 [PATCH] [v2] build: automatically report minimum dpdklab
2025-05-13 10:05 ` dpdklab
2025-05-13 10:05 ` dpdklab
2025-05-13 10:05 ` |SUCCESS| " dpdklab
2025-05-13 10:09 ` |FAILURE| " dpdklab
2025-05-13 10:11 ` dpdklab
2025-05-13 10:19 ` |SUCCESS| " dpdklab
2025-05-13 10:19 ` dpdklab
2025-05-13 10:20 ` dpdklab
2025-05-13 10:20 ` dpdklab
2025-05-13 10:21 ` dpdklab
2025-05-13 10:27 ` |FAILURE| " dpdklab
2025-05-13 10:32 ` dpdklab
2025-05-13 10:44 ` dpdklab [this message]
2025-05-13 10:52 ` |SUCCESS| " dpdklab
2025-05-13 13:20 ` dpdklab
Reply instructions:
You may reply publicly to this message via plain-text email
using any one of the following methods:
* Save the following mbox file, import it into your mail client,
and reply-to-all from there: mbox
Avoid top-posting and favor interleaved quoting:
https://en.wikipedia.org/wiki/Posting_style#Interleaved_style
* Reply using the --to, --cc, and --in-reply-to
switches of git-send-email(1):
git send-email \
--in-reply-to=682322a6.050a0220.1ab60e.0252SMTPIN_ADDED_MISSING@mx.google.com \
--to=dpdklab@iol.unh.edu \
--cc=dpdk-test-reports@iol.unh.edu \
--cc=test-report@dpdk.org \
/path/to/YOUR_REPLY
https://kernel.org/pub/software/scm/git/docs/git-send-email.html
* If your mail client supports setting the In-Reply-To header
via mailto: links, try the mailto: link
Be sure your reply has a Subject: header at the top and a blank line
before the message body.
This is a public inbox, see mirroring instructions
for how to clone and mirror all data and code used for this inbox;
as well as URLs for NNTP newsgroup(s).