* |FAILURE| [GIT MASTER] 5b3328195d3c7cc013eb0d7a0b99ab6791d46a77
@ 2025-05-13 11:28 dpdklab
0 siblings, 0 replies; 3+ messages in thread
From: dpdklab @ 2025-05-13 11:28 UTC (permalink / raw)
To: Test Report; +Cc: dpdk-test-reports, Bruce Richardson
_Testing issues_
Branch: dpdk-next-net-intel
5b3328195d3c7cc013eb0d7a0b99ab6791d46a77 --> testing issues
Upstream job id: Generic-Unit-Test-DPDK#337431
Test environment and result as below:
+---------------------+----------------+
| Environment | dpdk_unit_test |
+=====================+================+
| CentOS Stream 10 | PASS |
+---------------------+----------------+
| CentOS Stream 9 | PASS |
+---------------------+----------------+
| Fedora 40 (Clang) | PASS |
+---------------------+----------------+
| Debian 12 | PASS |
+---------------------+----------------+
| Fedora 40 | PASS |
+---------------------+----------------+
| Fedora 41 (Clang) | PASS |
+---------------------+----------------+
| Fedora 41 | PASS |
+---------------------+----------------+
| RHEL8 | PASS |
+---------------------+----------------+
| RHEL9 | PASS |
+---------------------+----------------+
| Ubuntu 20.04 | PASS |
+---------------------+----------------+
| Ubuntu 22.04 | FAIL |
+---------------------+----------------+
| Ubuntu 24.04 | PASS |
+---------------------+----------------+
| Windows Server 2022 | PASS |
+---------------------+----------------+
==== Unit test summary for Ubuntu 22.04 (dpdk_unit_test): ====
ninja: Entering directory `/root/workspace/Generic-Unit-Test-DPDK/dpdk/build'
ninja: no work to do.
1/119 DPDK:fast-tests / acl_autotest OK 4.37s
2/119 DPDK:fast-tests / alarm_autotest OK 1.18s
3/119 DPDK:fast-tests / argparse_autotest OK 0.18s
4/119 DPDK:fast-tests / atomic_autotest OK 0.40s
5/119 DPDK:fast-tests / bitcount_autotest OK 0.18s
6/119 DPDK:fast-tests / bitmap_autotest OK 0.18s
7/119 DPDK:fast-tests / bitops_autotest OK 1.78s
8/119 DPDK:fast-tests / bitratestats_autotest OK 0.18s
9/119 DPDK:fast-tests / bitset_autotest OK 2.47s
10/119 DPDK:fast-tests / bpf_autotest OK 0.19s
11/119 DPDK:fast-tests / bpf_convert_autotest OK 0.20s
12/119 DPDK:fast-tests / byteorder_autotest OK 0.18s
13/119 DPDK:fast-tests / cfgfile_autotest OK 0.18s
14/119 DPDK:fast-tests / cksum_autotest OK 0.19s
15/119 DPDK:fast-tests / cmdline_autotest OK 0.19s
16/119 DPDK:fast-tests / common_autotest OK 0.73s
17/119 DPDK:fast-tests / compressdev_autotest SKIP 0.15s exit status 77
18/119 DPDK:fast-tests / cpuflags_autotest OK 0.19s
19/119 DPDK:fast-tests / crc_autotest OK 0.19s
20/119 DPDK:fast-tests / user_delay_us OK 0.19s
21/119 DPDK:fast-tests / debug_autotest OK 0.47s
22/119 DPDK:fast-tests / devargs_autotest OK 0.18s
23/119 DPDK:fast-tests / dispatcher_autotest SKIP 0.15s exit status 77
24/119 DPDK:fast-tests / distributor_autotest OK 1.83s
25/119 DPDK:fast-tests / eal_flags_c_opt_autotest OK 0.97s
26/119 DPDK:fast-tests / eal_flags_main_opt_autotest OK 0.28s
27/119 DPDK:fast-tests / eal_flags_n_opt_autotest OK 0.46s
28/119 DPDK:fast-tests / eal_flags_hpet_autotest OK 0.20s
29/119 DPDK:fast-tests / eal_flags_no_huge_autotest OK 0.48s
30/119 DPDK:fast-tests / eal_flags_a_opt_autotest OK 0.37s
31/119 DPDK:fast-tests / eal_flags_b_opt_autotest OK 0.30s
32/119 DPDK:fast-tests / eal_flags_vdev_opt_autotest OK 0.55s
33/119 DPDK:fast-tests / eal_flags_r_opt_autotest OK 0.25s
34/119 DPDK:fast-tests / eal_flags_mem_autotest OK 0.70s
35/119 DPDK:fast-tests / eal_flags_file_prefix_autotest OK 2.02s
36/119 DPDK:fast-tests / eal_flags_misc_autotest FAIL 2.41s killed by signal 11 SIGSEGV
>>> MALLOC_PERTURB_=169 DPDK_TEST=eal_flags_misc_autotest /root/workspace/Generic-Unit-Test-DPDK/dpdk/build/app/dpdk-test
37/119 DPDK:fast-tests / eal_fs_autotest OK 0.17s
38/119 DPDK:fast-tests / errno_autotest OK 0.16s
39/119 DPDK:fast-tests / ethdev_link_status OK 0.16s
40/119 DPDK:fast-tests / event_eth_tx_adapter_autotest OK 0.45s
41/119 DPDK:fast-tests / event_ring_autotest OK 0.17s
42/119 DPDK:fast-tests / eventdev_common_autotest OK 0.17s
43/119 DPDK:fast-tests / eventdev_selftest_sw OK 0.19s
44/119 DPDK:fast-tests / fbarray_autotest OK 0.16s
45/119 DPDK:fast-tests / fib_autotest OK 0.67s
46/119 DPDK:fast-tests / fib6_autotest OK 0.57s
47/119 DPDK:fast-tests / func_reentrancy_autotest OK 0.52s
48/119 DPDK:fast-tests / graph_autotest OK 0.18s
49/119 DPDK:fast-tests / node_list_dump OK 0.16s
50/119 DPDK:fast-tests / hash_autotest OK 0.27s
51/119 DPDK:fast-tests / hash_readwrite_func_autotest SKIP 0.14s exit status 77
52/119 DPDK:fast-tests / interrupt_autotest OK 1.19s
53/119 DPDK:fast-tests / ipfrag_autotest OK 0.14s
54/119 DPDK:fast-tests / ipsec_autotest SKIP 0.17s exit status 77
55/119 DPDK:fast-tests / kvargs_autotest OK 0.16s
56/119 DPDK:fast-tests / latencystats_autotest OK 0.17s
57/119 DPDK:fast-tests / lcore_var_autotest OK 0.30s
58/119 DPDK:fast-tests / lcores_autotest OK 0.73s
59/119 DPDK:fast-tests / logs_autotest OK 0.17s
60/119 DPDK:fast-tests / lpm_autotest OK 1.40s
61/119 DPDK:fast-tests / lpm6_autotest OK 2.40s
62/119 DPDK:fast-tests / malloc_autotest OK 0.46s
63/119 DPDK:fast-tests / mbuf_autotest OK 0.17s
64/119 DPDK:fast-tests / mcslock_autotest OK 0.41s
65/119 DPDK:fast-tests / member_autotest OK 0.77s
66/119 DPDK:fast-tests / memcpy_autotest OK 1.72s
67/119 DPDK:fast-tests / memory_autotest OK 0.14s
68/119 DPDK:fast-tests / mempool_autotest OK 0.41s
69/119 DPDK:fast-tests / memzone_autotest OK 0.14s
70/119 DPDK:fast-tests / meter_autotest OK 0.17s
71/119 DPDK:fast-tests / metrics_autotest OK 0.16s
72/119 DPDK:fast-tests / multiprocess_autotest OK 0.24s
73/119 DPDK:fast-tests / net_ether_autotest OK 0.45s
74/119 DPDK:fast-tests / net_ipv6_autotest OK 0.16s
75/119 DPDK:fast-tests / pcapng_autotest OK 6.87s
76/119 DPDK:fast-tests / pdcp_autotest SKIP 0.14s exit status 77
77/119 DPDK:fast-tests / pdump_autotest OK 0.27s
78/119 DPDK:fast-tests / per_lcore_autotest OK 0.26s
79/119 DPDK:fast-tests / pflock_autotest OK 0.27s
80/119 DPDK:fast-tests / pie_autotest OK 0.16s
81/119 DPDK:fast-tests / ring_pmd_autotest OK 0.16s
82/119 DPDK:fast-tests / power_autotest OK 0.16s
83/119 DPDK:fast-tests / power_cpufreq_autotest SKIP 0.14s exit status 77
84/119 DPDK:fast-tests / power_intel_uncore_autotest SKIP 0.17s exit status 77
85/119 DPDK:fast-tests / power_kvm_vm_autotest SKIP 0.14s exit status 77
86/119 DPDK:fast-tests / prefetch_autotest OK 0.17s
87/119 DPDK:fast-tests / ptr_compress_autotest OK 0.16s
88/119 DPDK:fast-tests / rawdev_autotest OK 0.16s
89/119 DPDK:fast-tests / rcu_qsbr_autotest OK 0.26s
90/119 DPDK:fast-tests / reorder_autotest OK 0.26s
91/119 DPDK:fast-tests / rib_autotest OK 3.59s
92/119 DPDK:fast-tests / rib6_autotest OK 3.56s
93/119 DPDK:fast-tests / ring_autotest OK 0.17s
94/119 DPDK:fast-tests / rwlock_test1_autotest OK 0.27s
95/119 DPDK:fast-tests / rwlock_rda_autotest OK 5.17s
96/119 DPDK:fast-tests / rwlock_rds_wrm_autotest OK 5.16s
97/119 DPDK:fast-tests / rwlock_rde_wro_autotest OK 5.16s
98/119 DPDK:fast-tests / sched_autotest OK 0.17s
99/119 DPDK:fast-tests / security_autotest OK 0.14s
100/119 DPDK:fast-tests / seqlock_autotest SKIP 0.17s exit status 77
101/119 DPDK:fast-tests / service_autotest OK 0.27s
102/119 DPDK:fast-tests / soring_autotest OK 0.16s
103/119 DPDK:fast-tests / spinlock_autotest OK 0.17s
104/119 DPDK:fast-tests / stack_autotest OK 0.18s
105/119 DPDK:fast-tests / stack_lf_autotest OK 0.23s
106/119 DPDK:fast-tests / string_autotest OK 0.17s
107/119 DPDK:fast-tests / table_autotest OK 4.25s
108/119 DPDK:fast-tests / tailq_autotest OK 0.17s
109/119 DPDK:fast-tests / telemetry_data_autotest OK 0.16s
110/119 DPDK:fast-tests / telemetry_json_autotest OK 0.16s
111/119 DPDK:fast-tests / thash_autotest OK 0.17s
112/119 DPDK:fast-tests / threads_autotest OK 0.32s
113/119 DPDK:fast-tests / ticketlock_autotest OK 0.18s
114/119 DPDK:fast-tests / timer_autotest OK 2.49s
115/119 DPDK:fast-tests / trace_autotest OK 0.17s
116/119 DPDK:fast-tests / trace_autotest_with_traces OK 0.17s
117/119 DPDK:fast-tests / vdev_autotest OK 0.17s
118/119 DPDK:fast-tests / version_autotest OK 0.16s
119/119 DPDK:fast-tests / telemetry_all OK 1.05s
Ok: 109
Expected Fail: 0
Fail: 1
Unexpected Pass: 0
Skipped: 9
Timeout: 0
Full log written to /root/workspace/Generic-Unit-Test-DPDK/dpdk/build/meson-logs/testlog.txt
Test log output from the failed test eal_flags_misc_autotest:
Sorry, we were not able to find the logs for this test.
Download the log output from the CI site for this test run.
==== End log output ====
CentOS Stream 10
Kernel: Depends on container host
Compiler: gcc 14.2.1 20241104 (Red Hat 14.2.1-6)
CentOS Stream 9
Kernel: Depends on container host
Compiler: gcc 11.5.0 20240719 (Red Hat 11.5.0-2)
Fedora 40 (Clang)
Kernel: Depends on container host
Compiler: clang 18.1.8 (Fedora 18.1.8-1.fc40)
Debian 12
Kernel: Depends on container host
Compiler: gcc (Debian 12.2.0-14) 12.2.0
Fedora 40
Kernel: Depends on container host
Compiler: gcc 14.2.1 20240912 (Red Hat 14.2.1-3)
Fedora 41 (Clang)
Kernel: Depends on container host
Compiler: clang 19.1.5 (Fedora 19.1.5-1.fc41)
Fedora 41
Kernel: Depends on container host
Compiler: gcc 14.2.1 20240912 (Red Hat 14.2.1-3)
RHEL8
Kernel: Depends on container host
Compiler: gcc 8.5.0 20210514 (Red Hat 8.5.0-22)
RHEL9
Kernel: Depends on container host
Compiler: gcc 11.5.0 20240719 (Red Hat 11.5.0-2)
Ubuntu 20.04
Kernel: Depends on container host
Compiler: gcc (Ubuntu 9.4.0-1ubuntu1~20.04.2) 9.4.0
Ubuntu 22.04
Kernel: Depends on container host
Compiler: gcc (Ubuntu 11.4.0-1ubuntu1~22.04) 11.4.0
Ubuntu 24.04
Kernel: Depends on container host
Compiler: gcc (Ubuntu 13.3.0-6ubuntu2~24.04) 13.3.0
Windows Server 2022
Kernel: 10.0.20348.2031
Compiler: clang 15.0.7, gcc 14.1.0 (MinGW), and MSVC VS 19.39.33521
To view detailed results, visit:
https://lab.dpdk.org/results/dashboard/tarballs/33515/
UNH-IOL DPDK Community Lab
To manage your email subscriptions, visit:
https://lab.dpdk.org/results/dashboard/preferences/subscriptions/
^ permalink raw reply [flat|nested] 3+ messages in thread
* |FAILURE| [GIT MASTER] 5b3328195d3c7cc013eb0d7a0b99ab6791d46a77
@ 2025-05-13 11:19 dpdklab
0 siblings, 0 replies; 3+ messages in thread
From: dpdklab @ 2025-05-13 11:19 UTC (permalink / raw)
To: Test Report; +Cc: dpdk-test-reports, Bruce Richardson
_Testing issues_
Branch: dpdk-next-net-intel
5b3328195d3c7cc013eb0d7a0b99ab6791d46a77 --> testing issues
Upstream job id: Generic-Unit-Test-DPDK#337433
Test environment and result as below:
+---------------------+----------------+
| Environment | dpdk_unit_test |
+=====================+================+
| CentOS Stream 10 | PASS |
+---------------------+----------------+
| CentOS Stream 9 | PASS |
+---------------------+----------------+
| Fedora 40 (Clang) | PASS |
+---------------------+----------------+
| Debian 12 | PASS |
+---------------------+----------------+
| Fedora 40 | PASS |
+---------------------+----------------+
| Fedora 41 (Clang) | PASS |
+---------------------+----------------+
| Fedora 41 | PASS |
+---------------------+----------------+
| RHEL8 | PEND |
+---------------------+----------------+
| RHEL9 | PASS |
+---------------------+----------------+
| Ubuntu 20.04 | PEND |
+---------------------+----------------+
| Ubuntu 22.04 | FAIL |
+---------------------+----------------+
| Ubuntu 24.04 | PEND |
+---------------------+----------------+
| Windows Server 2022 | PASS |
+---------------------+----------------+
==== Unit test summary for Ubuntu 22.04 (dpdk_unit_test): ====
ninja: Entering directory `/root/workspace/Generic-Unit-Test-DPDK/dpdk/build'
ninja: no work to do.
1/119 DPDK:fast-tests / acl_autotest OK 4.37s
2/119 DPDK:fast-tests / alarm_autotest OK 1.18s
3/119 DPDK:fast-tests / argparse_autotest OK 0.18s
4/119 DPDK:fast-tests / atomic_autotest OK 0.40s
5/119 DPDK:fast-tests / bitcount_autotest OK 0.18s
6/119 DPDK:fast-tests / bitmap_autotest OK 0.18s
7/119 DPDK:fast-tests / bitops_autotest OK 1.78s
8/119 DPDK:fast-tests / bitratestats_autotest OK 0.18s
9/119 DPDK:fast-tests / bitset_autotest OK 2.47s
10/119 DPDK:fast-tests / bpf_autotest OK 0.19s
11/119 DPDK:fast-tests / bpf_convert_autotest OK 0.20s
12/119 DPDK:fast-tests / byteorder_autotest OK 0.18s
13/119 DPDK:fast-tests / cfgfile_autotest OK 0.18s
14/119 DPDK:fast-tests / cksum_autotest OK 0.19s
15/119 DPDK:fast-tests / cmdline_autotest OK 0.19s
16/119 DPDK:fast-tests / common_autotest OK 0.73s
17/119 DPDK:fast-tests / compressdev_autotest SKIP 0.15s exit status 77
18/119 DPDK:fast-tests / cpuflags_autotest OK 0.19s
19/119 DPDK:fast-tests / crc_autotest OK 0.19s
20/119 DPDK:fast-tests / user_delay_us OK 0.19s
21/119 DPDK:fast-tests / debug_autotest OK 0.47s
22/119 DPDK:fast-tests / devargs_autotest OK 0.18s
23/119 DPDK:fast-tests / dispatcher_autotest SKIP 0.15s exit status 77
24/119 DPDK:fast-tests / distributor_autotest OK 1.83s
25/119 DPDK:fast-tests / eal_flags_c_opt_autotest OK 0.97s
26/119 DPDK:fast-tests / eal_flags_main_opt_autotest OK 0.28s
27/119 DPDK:fast-tests / eal_flags_n_opt_autotest OK 0.46s
28/119 DPDK:fast-tests / eal_flags_hpet_autotest OK 0.20s
29/119 DPDK:fast-tests / eal_flags_no_huge_autotest OK 0.48s
30/119 DPDK:fast-tests / eal_flags_a_opt_autotest OK 0.37s
31/119 DPDK:fast-tests / eal_flags_b_opt_autotest OK 0.30s
32/119 DPDK:fast-tests / eal_flags_vdev_opt_autotest OK 0.55s
33/119 DPDK:fast-tests / eal_flags_r_opt_autotest OK 0.25s
34/119 DPDK:fast-tests / eal_flags_mem_autotest OK 0.70s
35/119 DPDK:fast-tests / eal_flags_file_prefix_autotest OK 2.02s
36/119 DPDK:fast-tests / eal_flags_misc_autotest FAIL 2.41s killed by signal 11 SIGSEGV
>>> MALLOC_PERTURB_=169 DPDK_TEST=eal_flags_misc_autotest /root/workspace/Generic-Unit-Test-DPDK/dpdk/build/app/dpdk-test
37/119 DPDK:fast-tests / eal_fs_autotest OK 0.17s
38/119 DPDK:fast-tests / errno_autotest OK 0.16s
39/119 DPDK:fast-tests / ethdev_link_status OK 0.16s
40/119 DPDK:fast-tests / event_eth_tx_adapter_autotest OK 0.45s
41/119 DPDK:fast-tests / event_ring_autotest OK 0.17s
42/119 DPDK:fast-tests / eventdev_common_autotest OK 0.17s
43/119 DPDK:fast-tests / eventdev_selftest_sw OK 0.19s
44/119 DPDK:fast-tests / fbarray_autotest OK 0.16s
45/119 DPDK:fast-tests / fib_autotest OK 0.67s
46/119 DPDK:fast-tests / fib6_autotest OK 0.57s
47/119 DPDK:fast-tests / func_reentrancy_autotest OK 0.52s
48/119 DPDK:fast-tests / graph_autotest OK 0.18s
49/119 DPDK:fast-tests / node_list_dump OK 0.16s
50/119 DPDK:fast-tests / hash_autotest OK 0.27s
51/119 DPDK:fast-tests / hash_readwrite_func_autotest SKIP 0.14s exit status 77
52/119 DPDK:fast-tests / interrupt_autotest OK 1.19s
53/119 DPDK:fast-tests / ipfrag_autotest OK 0.14s
54/119 DPDK:fast-tests / ipsec_autotest SKIP 0.17s exit status 77
55/119 DPDK:fast-tests / kvargs_autotest OK 0.16s
56/119 DPDK:fast-tests / latencystats_autotest OK 0.17s
57/119 DPDK:fast-tests / lcore_var_autotest OK 0.30s
58/119 DPDK:fast-tests / lcores_autotest OK 0.73s
59/119 DPDK:fast-tests / logs_autotest OK 0.17s
60/119 DPDK:fast-tests / lpm_autotest OK 1.40s
61/119 DPDK:fast-tests / lpm6_autotest OK 2.40s
62/119 DPDK:fast-tests / malloc_autotest OK 0.46s
63/119 DPDK:fast-tests / mbuf_autotest OK 0.17s
64/119 DPDK:fast-tests / mcslock_autotest OK 0.41s
65/119 DPDK:fast-tests / member_autotest OK 0.77s
66/119 DPDK:fast-tests / memcpy_autotest OK 1.72s
67/119 DPDK:fast-tests / memory_autotest OK 0.14s
68/119 DPDK:fast-tests / mempool_autotest OK 0.41s
69/119 DPDK:fast-tests / memzone_autotest OK 0.14s
70/119 DPDK:fast-tests / meter_autotest OK 0.17s
71/119 DPDK:fast-tests / metrics_autotest OK 0.16s
72/119 DPDK:fast-tests / multiprocess_autotest OK 0.24s
73/119 DPDK:fast-tests / net_ether_autotest OK 0.45s
74/119 DPDK:fast-tests / net_ipv6_autotest OK 0.16s
75/119 DPDK:fast-tests / pcapng_autotest OK 6.87s
76/119 DPDK:fast-tests / pdcp_autotest SKIP 0.14s exit status 77
77/119 DPDK:fast-tests / pdump_autotest OK 0.27s
78/119 DPDK:fast-tests / per_lcore_autotest OK 0.26s
79/119 DPDK:fast-tests / pflock_autotest OK 0.27s
80/119 DPDK:fast-tests / pie_autotest OK 0.16s
81/119 DPDK:fast-tests / ring_pmd_autotest OK 0.16s
82/119 DPDK:fast-tests / power_autotest OK 0.16s
83/119 DPDK:fast-tests / power_cpufreq_autotest SKIP 0.14s exit status 77
84/119 DPDK:fast-tests / power_intel_uncore_autotest SKIP 0.17s exit status 77
85/119 DPDK:fast-tests / power_kvm_vm_autotest SKIP 0.14s exit status 77
86/119 DPDK:fast-tests / prefetch_autotest OK 0.17s
87/119 DPDK:fast-tests / ptr_compress_autotest OK 0.16s
88/119 DPDK:fast-tests / rawdev_autotest OK 0.16s
89/119 DPDK:fast-tests / rcu_qsbr_autotest OK 0.26s
90/119 DPDK:fast-tests / reorder_autotest OK 0.26s
91/119 DPDK:fast-tests / rib_autotest OK 3.59s
92/119 DPDK:fast-tests / rib6_autotest OK 3.56s
93/119 DPDK:fast-tests / ring_autotest OK 0.17s
94/119 DPDK:fast-tests / rwlock_test1_autotest OK 0.27s
95/119 DPDK:fast-tests / rwlock_rda_autotest OK 5.17s
96/119 DPDK:fast-tests / rwlock_rds_wrm_autotest OK 5.16s
97/119 DPDK:fast-tests / rwlock_rde_wro_autotest OK 5.16s
98/119 DPDK:fast-tests / sched_autotest OK 0.17s
99/119 DPDK:fast-tests / security_autotest OK 0.14s
100/119 DPDK:fast-tests / seqlock_autotest SKIP 0.17s exit status 77
101/119 DPDK:fast-tests / service_autotest OK 0.27s
102/119 DPDK:fast-tests / soring_autotest OK 0.16s
103/119 DPDK:fast-tests / spinlock_autotest OK 0.17s
104/119 DPDK:fast-tests / stack_autotest OK 0.18s
105/119 DPDK:fast-tests / stack_lf_autotest OK 0.23s
106/119 DPDK:fast-tests / string_autotest OK 0.17s
107/119 DPDK:fast-tests / table_autotest OK 4.25s
108/119 DPDK:fast-tests / tailq_autotest OK 0.17s
109/119 DPDK:fast-tests / telemetry_data_autotest OK 0.16s
110/119 DPDK:fast-tests / telemetry_json_autotest OK 0.16s
111/119 DPDK:fast-tests / thash_autotest OK 0.17s
112/119 DPDK:fast-tests / threads_autotest OK 0.32s
113/119 DPDK:fast-tests / ticketlock_autotest OK 0.18s
114/119 DPDK:fast-tests / timer_autotest OK 2.49s
115/119 DPDK:fast-tests / trace_autotest OK 0.17s
116/119 DPDK:fast-tests / trace_autotest_with_traces OK 0.17s
117/119 DPDK:fast-tests / vdev_autotest OK 0.17s
118/119 DPDK:fast-tests / version_autotest OK 0.16s
119/119 DPDK:fast-tests / telemetry_all OK 1.05s
Ok: 109
Expected Fail: 0
Fail: 1
Unexpected Pass: 0
Skipped: 9
Timeout: 0
Full log written to /root/workspace/Generic-Unit-Test-DPDK/dpdk/build/meson-logs/testlog.txt
Test log output from the failed test eal_flags_misc_autotest:
Sorry, we were not able to find the logs for this test.
Download the log output from the CI site for this test run.
==== End log output ====
CentOS Stream 10
Kernel: Depends on container host
Compiler: gcc 14.2.1 20241104 (Red Hat 14.2.1-6)
CentOS Stream 9
Kernel: Depends on container host
Compiler: gcc 11.5.0 20240719 (Red Hat 11.5.0-2)
Fedora 40 (Clang)
Kernel: Depends on container host
Compiler: clang 18.1.8 (Fedora 18.1.8-1.fc40)
Debian 12
Kernel: Depends on container host
Compiler: gcc (Debian 12.2.0-14) 12.2.0
Fedora 40
Kernel: Depends on container host
Compiler: gcc 14.2.1 20240912 (Red Hat 14.2.1-3)
Fedora 41 (Clang)
Kernel: Depends on container host
Compiler: clang 19.1.5 (Fedora 19.1.5-1.fc41)
Fedora 41
Kernel: Depends on container host
Compiler: gcc 14.2.1 20240912 (Red Hat 14.2.1-3)
RHEL8
Kernel: Depends on container host
Compiler: gcc 8.5.0 20210514 (Red Hat 8.5.0-22)
RHEL9
Kernel: Depends on container host
Compiler: gcc 11.5.0 20240719 (Red Hat 11.5.0-2)
Ubuntu 20.04
Kernel: Depends on container host
Compiler: gcc (Ubuntu 9.4.0-1ubuntu1~20.04.2) 9.4.0
Ubuntu 22.04
Kernel: Depends on container host
Compiler: gcc (Ubuntu 11.4.0-1ubuntu1~22.04) 11.4.0
Ubuntu 24.04
Kernel: Depends on container host
Compiler: gcc (Ubuntu 13.3.0-6ubuntu2~24.04) 13.3.0
Windows Server 2022
Kernel: 10.0.20348.2031
Compiler: clang 15.0.7, gcc 14.1.0 (MinGW), and MSVC VS 19.39.33521
To view detailed results, visit:
https://lab.dpdk.org/results/dashboard/tarballs/33515/
UNH-IOL DPDK Community Lab
To manage your email subscriptions, visit:
https://lab.dpdk.org/results/dashboard/preferences/subscriptions/
^ permalink raw reply [flat|nested] 3+ messages in thread
* |FAILURE| [GIT MASTER] 5b3328195d3c7cc013eb0d7a0b99ab6791d46a77
@ 2025-05-13 11:18 dpdklab
0 siblings, 0 replies; 3+ messages in thread
From: dpdklab @ 2025-05-13 11:18 UTC (permalink / raw)
To: Test Report; +Cc: dpdk-test-reports, Bruce Richardson
_Testing issues_
Branch: dpdk-next-net-intel
5b3328195d3c7cc013eb0d7a0b99ab6791d46a77 --> testing issues
Upstream job id: Generic-Unit-Test-DPDK#337426
Test environment and result as below:
+---------------------+----------------+
| Environment | dpdk_unit_test |
+=====================+================+
| CentOS Stream 10 | PASS |
+---------------------+----------------+
| CentOS Stream 9 | PASS |
+---------------------+----------------+
| Fedora 40 (Clang) | PASS |
+---------------------+----------------+
| Debian 12 | PASS |
+---------------------+----------------+
| Fedora 40 | PASS |
+---------------------+----------------+
| Fedora 41 (Clang) | PASS |
+---------------------+----------------+
| Fedora 41 | PASS |
+---------------------+----------------+
| RHEL8 | PEND |
+---------------------+----------------+
| RHEL9 | PASS |
+---------------------+----------------+
| Ubuntu 20.04 | PEND |
+---------------------+----------------+
| Ubuntu 22.04 | FAIL |
+---------------------+----------------+
| Ubuntu 24.04 | PEND |
+---------------------+----------------+
| Windows Server 2022 | PASS |
+---------------------+----------------+
==== Unit test summary for Ubuntu 22.04 (dpdk_unit_test): ====
ninja: Entering directory `/root/workspace/Generic-Unit-Test-DPDK/dpdk/build'
ninja: no work to do.
1/119 DPDK:fast-tests / acl_autotest OK 4.37s
2/119 DPDK:fast-tests / alarm_autotest OK 1.18s
3/119 DPDK:fast-tests / argparse_autotest OK 0.18s
4/119 DPDK:fast-tests / atomic_autotest OK 0.40s
5/119 DPDK:fast-tests / bitcount_autotest OK 0.18s
6/119 DPDK:fast-tests / bitmap_autotest OK 0.18s
7/119 DPDK:fast-tests / bitops_autotest OK 1.78s
8/119 DPDK:fast-tests / bitratestats_autotest OK 0.18s
9/119 DPDK:fast-tests / bitset_autotest OK 2.47s
10/119 DPDK:fast-tests / bpf_autotest OK 0.19s
11/119 DPDK:fast-tests / bpf_convert_autotest OK 0.20s
12/119 DPDK:fast-tests / byteorder_autotest OK 0.18s
13/119 DPDK:fast-tests / cfgfile_autotest OK 0.18s
14/119 DPDK:fast-tests / cksum_autotest OK 0.19s
15/119 DPDK:fast-tests / cmdline_autotest OK 0.19s
16/119 DPDK:fast-tests / common_autotest OK 0.73s
17/119 DPDK:fast-tests / compressdev_autotest SKIP 0.15s exit status 77
18/119 DPDK:fast-tests / cpuflags_autotest OK 0.19s
19/119 DPDK:fast-tests / crc_autotest OK 0.19s
20/119 DPDK:fast-tests / user_delay_us OK 0.19s
21/119 DPDK:fast-tests / debug_autotest OK 0.47s
22/119 DPDK:fast-tests / devargs_autotest OK 0.18s
23/119 DPDK:fast-tests / dispatcher_autotest SKIP 0.15s exit status 77
24/119 DPDK:fast-tests / distributor_autotest OK 1.83s
25/119 DPDK:fast-tests / eal_flags_c_opt_autotest OK 0.97s
26/119 DPDK:fast-tests / eal_flags_main_opt_autotest OK 0.28s
27/119 DPDK:fast-tests / eal_flags_n_opt_autotest OK 0.46s
28/119 DPDK:fast-tests / eal_flags_hpet_autotest OK 0.20s
29/119 DPDK:fast-tests / eal_flags_no_huge_autotest OK 0.48s
30/119 DPDK:fast-tests / eal_flags_a_opt_autotest OK 0.37s
31/119 DPDK:fast-tests / eal_flags_b_opt_autotest OK 0.30s
32/119 DPDK:fast-tests / eal_flags_vdev_opt_autotest OK 0.55s
33/119 DPDK:fast-tests / eal_flags_r_opt_autotest OK 0.25s
34/119 DPDK:fast-tests / eal_flags_mem_autotest OK 0.70s
35/119 DPDK:fast-tests / eal_flags_file_prefix_autotest OK 2.02s
36/119 DPDK:fast-tests / eal_flags_misc_autotest FAIL 2.41s killed by signal 11 SIGSEGV
>>> MALLOC_PERTURB_=169 DPDK_TEST=eal_flags_misc_autotest /root/workspace/Generic-Unit-Test-DPDK/dpdk/build/app/dpdk-test
37/119 DPDK:fast-tests / eal_fs_autotest OK 0.17s
38/119 DPDK:fast-tests / errno_autotest OK 0.16s
39/119 DPDK:fast-tests / ethdev_link_status OK 0.16s
40/119 DPDK:fast-tests / event_eth_tx_adapter_autotest OK 0.45s
41/119 DPDK:fast-tests / event_ring_autotest OK 0.17s
42/119 DPDK:fast-tests / eventdev_common_autotest OK 0.17s
43/119 DPDK:fast-tests / eventdev_selftest_sw OK 0.19s
44/119 DPDK:fast-tests / fbarray_autotest OK 0.16s
45/119 DPDK:fast-tests / fib_autotest OK 0.67s
46/119 DPDK:fast-tests / fib6_autotest OK 0.57s
47/119 DPDK:fast-tests / func_reentrancy_autotest OK 0.52s
48/119 DPDK:fast-tests / graph_autotest OK 0.18s
49/119 DPDK:fast-tests / node_list_dump OK 0.16s
50/119 DPDK:fast-tests / hash_autotest OK 0.27s
51/119 DPDK:fast-tests / hash_readwrite_func_autotest SKIP 0.14s exit status 77
52/119 DPDK:fast-tests / interrupt_autotest OK 1.19s
53/119 DPDK:fast-tests / ipfrag_autotest OK 0.14s
54/119 DPDK:fast-tests / ipsec_autotest SKIP 0.17s exit status 77
55/119 DPDK:fast-tests / kvargs_autotest OK 0.16s
56/119 DPDK:fast-tests / latencystats_autotest OK 0.17s
57/119 DPDK:fast-tests / lcore_var_autotest OK 0.30s
58/119 DPDK:fast-tests / lcores_autotest OK 0.73s
59/119 DPDK:fast-tests / logs_autotest OK 0.17s
60/119 DPDK:fast-tests / lpm_autotest OK 1.40s
61/119 DPDK:fast-tests / lpm6_autotest OK 2.40s
62/119 DPDK:fast-tests / malloc_autotest OK 0.46s
63/119 DPDK:fast-tests / mbuf_autotest OK 0.17s
64/119 DPDK:fast-tests / mcslock_autotest OK 0.41s
65/119 DPDK:fast-tests / member_autotest OK 0.77s
66/119 DPDK:fast-tests / memcpy_autotest OK 1.72s
67/119 DPDK:fast-tests / memory_autotest OK 0.14s
68/119 DPDK:fast-tests / mempool_autotest OK 0.41s
69/119 DPDK:fast-tests / memzone_autotest OK 0.14s
70/119 DPDK:fast-tests / meter_autotest OK 0.17s
71/119 DPDK:fast-tests / metrics_autotest OK 0.16s
72/119 DPDK:fast-tests / multiprocess_autotest OK 0.24s
73/119 DPDK:fast-tests / net_ether_autotest OK 0.45s
74/119 DPDK:fast-tests / net_ipv6_autotest OK 0.16s
75/119 DPDK:fast-tests / pcapng_autotest OK 6.87s
76/119 DPDK:fast-tests / pdcp_autotest SKIP 0.14s exit status 77
77/119 DPDK:fast-tests / pdump_autotest OK 0.27s
78/119 DPDK:fast-tests / per_lcore_autotest OK 0.26s
79/119 DPDK:fast-tests / pflock_autotest OK 0.27s
80/119 DPDK:fast-tests / pie_autotest OK 0.16s
81/119 DPDK:fast-tests / ring_pmd_autotest OK 0.16s
82/119 DPDK:fast-tests / power_autotest OK 0.16s
83/119 DPDK:fast-tests / power_cpufreq_autotest SKIP 0.14s exit status 77
84/119 DPDK:fast-tests / power_intel_uncore_autotest SKIP 0.17s exit status 77
85/119 DPDK:fast-tests / power_kvm_vm_autotest SKIP 0.14s exit status 77
86/119 DPDK:fast-tests / prefetch_autotest OK 0.17s
87/119 DPDK:fast-tests / ptr_compress_autotest OK 0.16s
88/119 DPDK:fast-tests / rawdev_autotest OK 0.16s
89/119 DPDK:fast-tests / rcu_qsbr_autotest OK 0.26s
90/119 DPDK:fast-tests / reorder_autotest OK 0.26s
91/119 DPDK:fast-tests / rib_autotest OK 3.59s
92/119 DPDK:fast-tests / rib6_autotest OK 3.56s
93/119 DPDK:fast-tests / ring_autotest OK 0.17s
94/119 DPDK:fast-tests / rwlock_test1_autotest OK 0.27s
95/119 DPDK:fast-tests / rwlock_rda_autotest OK 5.17s
96/119 DPDK:fast-tests / rwlock_rds_wrm_autotest OK 5.16s
97/119 DPDK:fast-tests / rwlock_rde_wro_autotest OK 5.16s
98/119 DPDK:fast-tests / sched_autotest OK 0.17s
99/119 DPDK:fast-tests / security_autotest OK 0.14s
100/119 DPDK:fast-tests / seqlock_autotest SKIP 0.17s exit status 77
101/119 DPDK:fast-tests / service_autotest OK 0.27s
102/119 DPDK:fast-tests / soring_autotest OK 0.16s
103/119 DPDK:fast-tests / spinlock_autotest OK 0.17s
104/119 DPDK:fast-tests / stack_autotest OK 0.18s
105/119 DPDK:fast-tests / stack_lf_autotest OK 0.23s
106/119 DPDK:fast-tests / string_autotest OK 0.17s
107/119 DPDK:fast-tests / table_autotest OK 4.25s
108/119 DPDK:fast-tests / tailq_autotest OK 0.17s
109/119 DPDK:fast-tests / telemetry_data_autotest OK 0.16s
110/119 DPDK:fast-tests / telemetry_json_autotest OK 0.16s
111/119 DPDK:fast-tests / thash_autotest OK 0.17s
112/119 DPDK:fast-tests / threads_autotest OK 0.32s
113/119 DPDK:fast-tests / ticketlock_autotest OK 0.18s
114/119 DPDK:fast-tests / timer_autotest OK 2.49s
115/119 DPDK:fast-tests / trace_autotest OK 0.17s
116/119 DPDK:fast-tests / trace_autotest_with_traces OK 0.17s
117/119 DPDK:fast-tests / vdev_autotest OK 0.17s
118/119 DPDK:fast-tests / version_autotest OK 0.16s
119/119 DPDK:fast-tests / telemetry_all OK 1.05s
Ok: 109
Expected Fail: 0
Fail: 1
Unexpected Pass: 0
Skipped: 9
Timeout: 0
Full log written to /root/workspace/Generic-Unit-Test-DPDK/dpdk/build/meson-logs/testlog.txt
Test log output from the failed test eal_flags_misc_autotest:
Sorry, we were not able to find the logs for this test.
Download the log output from the CI site for this test run.
==== End log output ====
CentOS Stream 10
Kernel: Depends on container host
Compiler: gcc 14.2.1 20241104 (Red Hat 14.2.1-6)
CentOS Stream 9
Kernel: Depends on container host
Compiler: gcc 11.5.0 20240719 (Red Hat 11.5.0-2)
Fedora 40 (Clang)
Kernel: Depends on container host
Compiler: clang 18.1.8 (Fedora 18.1.8-1.fc40)
Debian 12
Kernel: Depends on container host
Compiler: gcc (Debian 12.2.0-14) 12.2.0
Fedora 40
Kernel: Depends on container host
Compiler: gcc 14.2.1 20240912 (Red Hat 14.2.1-3)
Fedora 41 (Clang)
Kernel: Depends on container host
Compiler: clang 19.1.5 (Fedora 19.1.5-1.fc41)
Fedora 41
Kernel: Depends on container host
Compiler: gcc 14.2.1 20240912 (Red Hat 14.2.1-3)
RHEL8
Kernel: Depends on container host
Compiler: gcc 8.5.0 20210514 (Red Hat 8.5.0-22)
RHEL9
Kernel: Depends on container host
Compiler: gcc 11.5.0 20240719 (Red Hat 11.5.0-2)
Ubuntu 20.04
Kernel: Depends on container host
Compiler: gcc (Ubuntu 9.4.0-1ubuntu1~20.04.2) 9.4.0
Ubuntu 22.04
Kernel: Depends on container host
Compiler: gcc (Ubuntu 11.4.0-1ubuntu1~22.04) 11.4.0
Ubuntu 24.04
Kernel: Depends on container host
Compiler: gcc (Ubuntu 13.3.0-6ubuntu2~24.04) 13.3.0
Windows Server 2022
Kernel: 10.0.20348.2031
Compiler: clang 15.0.7, gcc 14.1.0 (MinGW), and MSVC VS 19.39.33521
To view detailed results, visit:
https://lab.dpdk.org/results/dashboard/tarballs/33515/
UNH-IOL DPDK Community Lab
To manage your email subscriptions, visit:
https://lab.dpdk.org/results/dashboard/preferences/subscriptions/
^ permalink raw reply [flat|nested] 3+ messages in thread
end of thread, other threads:[~2025-05-13 11:28 UTC | newest]
Thread overview: 3+ messages (download: mbox.gz / follow: Atom feed)
-- links below jump to the message on this page --
2025-05-13 11:28 |FAILURE| [GIT MASTER] 5b3328195d3c7cc013eb0d7a0b99ab6791d46a77 dpdklab
-- strict thread matches above, loose matches on Subject: below --
2025-05-13 11:19 dpdklab
2025-05-13 11:18 dpdklab
This is a public inbox, see mirroring instructions
for how to clone and mirror all data and code used for this inbox;
as well as URLs for NNTP newsgroup(s).