From: dpdklab@iol.unh.edu
To: Test Report <test-report@dpdk.org>
Cc: dpdk-test-reports@iol.unh.edu
Subject: |WARNING| pw153429-153431 [PATCH] [v4,3/3] doc: provide examples of
Date: Tue, 13 May 2025 10:02:29 -0700 (PDT) [thread overview]
Message-ID: <68237b25.050a0220.cae3a.ea37SMTPIN_ADDED_MISSING@mx.google.com> (raw)
In-Reply-To: <20250513161710.410000-4-bruce.richardson@intel.com>
Test-Label: iol-sample-apps-testing
Test-Status: WARNING
http://dpdk.org/patch/153431
_Testing issues_
Submitter: Bruce Richardson <bruce.richardson@intel.com>
Date: Tuesday, May 13 2025 16:17:10
DPDK git baseline: Repo:dpdk
Branch: master
CommitID:2bf836de46d36a81f9321f947fbfce52b3180782
153429-153431 --> testing issues
Upstream job id: Template-DTS-Pipeline#225587
Test environment and result as below:
+--------------------+----------------------+----------------------+
| Environment | dpdk_fips_validation | compressdev_zlib_pmd |
+====================+======================+======================+
| Ubuntu 20.04 | PEND | SKIPPED |
+--------------------+----------------------+----------------------+
| Ubuntu 22.04 (ARM) | SKIPPED | FAIL |
+--------------------+----------------------+----------------------+
==== 20 line log output for Ubuntu 22.04 (ARM) (compressdev_zlib_pmd): ====
--- Failed to get log output ---
==== End log output ====
Ubuntu 20.04
Kernel: Depends on container host
Compiler: gcc (Ubuntu 9.4.0-1ubuntu1~20.04.2) 9.4.0
Ubuntu 22.04 (ARM)
Kernel: 5.15.0-97-generic
Compiler: gcc gcc (Ubuntu 11.4.0-1ubuntu1~22.04) 11.4.0
To view detailed results, visit:
https://lab.dpdk.org/results/dashboard/patchsets/33164/
UNH-IOL DPDK Community Lab
To manage your email subscriptions, visit:
https://lab.dpdk.org/results/dashboard/preferences/subscriptions/
next prev parent reply other threads:[~2025-05-13 17:02 UTC|newest]
Thread overview: 27+ messages / expand[flat|nested] mbox.gz Atom feed top
[not found] <20250513161710.410000-4-bruce.richardson@intel.com>
2025-05-13 15:43 ` |SUCCESS| pw153429-153431 [PATCH v4 3/3] doc: provide examples of using lcores EAL parameter qemudev
2025-05-13 15:47 ` qemudev
2025-05-13 16:17 ` |SUCCESS| pw153431 " checkpatch
2025-05-13 16:48 ` |PENDING| pw153429-153431 [PATCH] [v4,3/3] doc: provide examples of dpdklab
2025-05-13 16:50 ` |SUCCESS| " dpdklab
2025-05-13 16:52 ` |PENDING| " dpdklab
2025-05-13 16:56 ` |SUCCESS| " dpdklab
2025-05-13 16:56 ` dpdklab
2025-05-13 17:02 ` dpdklab [this message]
2025-05-13 17:04 ` dpdklab
2025-05-13 17:05 ` |SUCCESS| pw153431 [PATCH v4 3/3] doc: provide examples of using lcores EAL parameter 0-day Robot
2025-05-13 17:06 ` |PENDING| pw153429-153431 [PATCH] [v4,3/3] doc: provide examples of dpdklab
2025-05-13 17:06 ` |FAILURE| " dpdklab
2025-05-13 17:12 ` |SUCCESS| " dpdklab
2025-05-13 17:15 ` dpdklab
2025-05-13 17:20 ` dpdklab
2025-05-13 17:23 ` |PENDING| " dpdklab
2025-05-13 17:26 ` |WARNING| " dpdklab
2025-05-13 17:30 ` dpdklab
2025-05-13 17:30 ` |SUCCESS| " dpdklab
2025-05-13 17:33 ` |FAILURE| " dpdklab
2025-05-13 17:33 ` |SUCCESS| " dpdklab
2025-05-13 17:34 ` dpdklab
2025-05-13 17:41 ` |FAILURE| " dpdklab
2025-05-13 18:06 ` |SUCCESS| " dpdklab
2025-05-13 18:09 ` dpdklab
2025-05-13 20:25 ` dpdklab
Reply instructions:
You may reply publicly to this message via plain-text email
using any one of the following methods:
* Save the following mbox file, import it into your mail client,
and reply-to-all from there: mbox
Avoid top-posting and favor interleaved quoting:
https://en.wikipedia.org/wiki/Posting_style#Interleaved_style
* Reply using the --to, --cc, and --in-reply-to
switches of git-send-email(1):
git send-email \
--in-reply-to=68237b25.050a0220.cae3a.ea37SMTPIN_ADDED_MISSING@mx.google.com \
--to=dpdklab@iol.unh.edu \
--cc=dpdk-test-reports@iol.unh.edu \
--cc=test-report@dpdk.org \
/path/to/YOUR_REPLY
https://kernel.org/pub/software/scm/git/docs/git-send-email.html
* If your mail client supports setting the In-Reply-To header
via mailto: links, try the mailto: link
Be sure your reply has a Subject: header at the top and a blank line
before the message body.
This is a public inbox, see mirroring instructions
for how to clone and mirror all data and code used for this inbox;
as well as URLs for NNTP newsgroup(s).