From mboxrd@z Thu Jan 1 00:00:00 1970 Return-Path: Received: from mails.dpdk.org (mails.dpdk.org [217.70.189.124]) by inbox.dpdk.org (Postfix) with ESMTP id 73E494673A for ; Tue, 13 May 2025 19:06:03 +0200 (CEST) Received: from mails.dpdk.org (localhost [127.0.0.1]) by mails.dpdk.org (Postfix) with ESMTP id 6F3304025D; Tue, 13 May 2025 19:06:03 +0200 (CEST) Received: from mail-pj1-f98.google.com (mail-pj1-f98.google.com [209.85.216.98]) by mails.dpdk.org (Postfix) with ESMTP id 61DAE40041 for ; Tue, 13 May 2025 19:06:02 +0200 (CEST) Received: by mail-pj1-f98.google.com with SMTP id 98e67ed59e1d1-306b6ae4fb2so5610131a91.3 for ; Tue, 13 May 2025 10:06:02 -0700 (PDT) DKIM-Signature: v=1; a=rsa-sha256; c=relaxed/relaxed; d=iol.unh.edu; s=unh-iol; t=1747155961; x=1747760761; darn=dpdk.org; h=references:in-reply-to:cc:to:from:subject:message-id:date:from:to :cc:subject:date:message-id:reply-to; bh=Mzpp7huL8BNtrtuHImGQiDL1EPbyZcxB5fAcKlDd3/E=; b=GOd89FquSqAsOZz4jWHzXq0F2NNCH54Sek/M//ZKVGhVolx5+q5Zhc+BD9XUcyzlN6 ifIpzxzneDWbLFR+/0CwwZ5gMnCB7w0G+JU7/H3ylkLCMmhYT+ZjIz8SuOQhMYl5RFUh 9Uicrc5WnoNdeTUJuqg8ml9JAbXURC3ah5MMA= X-Google-DKIM-Signature: v=1; a=rsa-sha256; c=relaxed/relaxed; d=1e100.net; s=20230601; t=1747155961; x=1747760761; h=references:in-reply-to:cc:to:from:subject:message-id:date :x-gm-message-state:from:to:cc:subject:date:message-id:reply-to; bh=Mzpp7huL8BNtrtuHImGQiDL1EPbyZcxB5fAcKlDd3/E=; b=ZmB9glF1ypy+lojtgcUoc6ar3pWnOzRJlDTThPA76SiNOJoAbzMkabcgtcIq362QJl 6V8Dn89BBbg4OXzJ/wvqsEJ8i/qA9EjEJNpvvWE8PBTIvxvf/PUSjIyPpmCY1MZaJ8VF oCn1Y2MXZSBOJmUAX2H8PN0eRBte5nteGBssVOI3UZTi6okgWd3R22bLD/c7QE62HXGe QiAfHGUzLe2XxipJJkEMa+zMDZQk8vxonYQHhbaVB77SsVroNbVyYaEhLSJp7cXc/n5F q56xsEO/AejAPUGAam0AyIUKLYEwRtjZtgUQ1vlSF5T2QB6kjSiKeSWMu637Adh7cQn8 q1iQ== X-Gm-Message-State: AOJu0YwbQlhwU2V5iwF2GFycIA5Lt9eSrwdvt175uslHGlmbEf/wZoKC zVSxZXmrxYNY3E3L/Dd/SzRP606tgDOsDmL0D1suLuJuFJE328X5Qf7n4CAVuB+rypIfK/OLflC MJ42xU8WmTWISCn/zmWt6XyRlbcOc7AhuQRB7sqll X-Gm-Gg: ASbGncuUSZuxv2zNYrotIevEFZhK7hIDHkpxawzMzsYISt1Ke+DXKHAQUrzqb3Hf3rU ME6ZU41ORu66xIoPl7QyqG5yjoHrY6TT75hGtElseVClaVM7AlQviRASIxTtfVjisEc5IOtFg29 Xh7KGYSeGZE24FI8VN0caxvyyQzwi+4rxP4JHZM6+6teaCsrtyn2dF9v9V9b5RK4QEz26RZB2M7 +0SGxCw3s4p9PtCiJyQXh12skGvh/LX42NIFUt/EYboACjH72oKLbn5mJTKsPBD01W3TUllyk/v DlBjYeZHWQpfBkuSQ62ue33tTvhBBMYeacRfzAhQvrPWRBhsZT0B7Io8X5s= X-Google-Smtp-Source: AGHT+IHKE9KUZBVFZBiPI57NDk4F1ImAgz4urGqb1QY19wweekC0K/U4qmjhmBIpZpSBnsOv4p1H+D/AWedE X-Received: by 2002:a17:90b:1844:b0:2ee:741c:e9f4 with SMTP id 98e67ed59e1d1-30e2e5c2e9dmr536583a91.11.1747155961111; Tue, 13 May 2025 10:06:01 -0700 (PDT) Received: from postal.iol.unh.edu (postal.iol.unh.edu. [132.177.123.84]) by smtp-relay.gmail.com with ESMTPS id 41be03b00d2f7-b23424b80ddsm300066a12.0.2025.05.13.10.06.00 (version=TLS1_2 cipher=ECDHE-ECDSA-AES128-GCM-SHA256 bits=128/128); Tue, 13 May 2025 10:06:01 -0700 (PDT) X-Relaying-Domain: iol.unh.edu Date: Tue, 13 May 2025 10:06:01 -0700 (PDT) Message-ID: <68237bf9.630a0220.72077.f887SMTPIN_ADDED_MISSING@mx.google.com> Received: from [172.21.0.5] (unknown [172.18.0.240]) by postal.iol.unh.edu (Postfix) with ESMTP id 406686052471; Tue, 13 May 2025 13:06:00 -0400 (EDT) Subject: |FAILURE| pw153429-153431 [PATCH] [v4,3/3] doc: provide examples of From: dpdklab@iol.unh.edu To: Test Report Cc: dpdk-test-reports@iol.unh.edu, Bruce Richardson In-Reply-To: <20250513161710.410000-4-bruce.richardson@intel.com> References: <20250513161710.410000-4-bruce.richardson@intel.com> Content-Type: text/plain X-BeenThere: test-report@dpdk.org X-Mailman-Version: 2.1.29 Precedence: list List-Id: automatic DPDK test reports List-Unsubscribe: , List-Archive: List-Post: List-Help: List-Subscribe: , Errors-To: test-report-bounces@dpdk.org Test-Label: iol-unit-amd64-testing Test-Status: FAILURE http://dpdk.org/patch/153431 _Testing issues_ Submitter: Bruce Richardson Date: Tuesday, May 13 2025 16:17:10 DPDK git baseline: Repo:dpdk Branch: master CommitID:2bf836de46d36a81f9321f947fbfce52b3180782 153429-153431 --> testing issues Upstream job id: Generic-VM-Unit-Test-DPDK#28491 Test environment and result as below: +---------------------+----------------+ | Environment | dpdk_unit_test | +=====================+================+ | CentOS Stream 9 | PASS | +---------------------+----------------+ | CentOS Stream 10 | PASS | +---------------------+----------------+ | Debian 12 | PEND | +---------------------+----------------+ | Fedora 41 | PEND | +---------------------+----------------+ | Fedora 41 (Clang) | PEND | +---------------------+----------------+ | Fedora 40 | PEND | +---------------------+----------------+ | Fedora 40 (Clang) | PEND | +---------------------+----------------+ | RHEL8 | PEND | +---------------------+----------------+ | Ubuntu 20.04 | PEND | +---------------------+----------------+ | RHEL9 | PEND | +---------------------+----------------+ | Ubuntu 24.04 | PEND | +---------------------+----------------+ | Ubuntu 22.04 | PEND | +---------------------+----------------+ | Windows Server 2022 | FAIL | +---------------------+----------------+ ==== Unit test summary for Windows Server 2022 (dpdk_unit_test): ==== Failed to get the unit test results. Displaying the unit test results is not supported for some environments, such as our aarch32 testing, where meson is not used to run the tests. Download the logs available on our CI site. ==== End log output ==== CentOS Stream 9 Kernel: Depends on container host Compiler: gcc 11.5.0 20240719 (Red Hat 11.5.0-2) CentOS Stream 10 Kernel: Depends on container host Compiler: gcc 14.2.1 20241104 (Red Hat 14.2.1-6) Debian 12 Kernel: Depends on container host Compiler: gcc (Debian 12.2.0-14) 12.2.0 Fedora 41 Kernel: Depends on container host Compiler: gcc 14.2.1 20240912 (Red Hat 14.2.1-3) Fedora 41 (Clang) Kernel: Depends on container host Compiler: clang 19.1.5 (Fedora 19.1.5-1.fc41) Fedora 40 Kernel: Depends on container host Compiler: gcc 14.2.1 20240912 (Red Hat 14.2.1-3) Fedora 40 (Clang) Kernel: Depends on container host Compiler: clang 18.1.8 (Fedora 18.1.8-1.fc40) RHEL8 Kernel: Depends on container host Compiler: gcc 8.5.0 20210514 (Red Hat 8.5.0-22) Ubuntu 20.04 Kernel: Depends on container host Compiler: gcc (Ubuntu 9.4.0-1ubuntu1~20.04.2) 9.4.0 RHEL9 Kernel: Depends on container host Compiler: gcc 11.5.0 20240719 (Red Hat 11.5.0-2) Ubuntu 24.04 Kernel: Depends on container host Compiler: gcc (Ubuntu 13.3.0-6ubuntu2~24.04) 13.3.0 Ubuntu 22.04 Kernel: Depends on container host Compiler: gcc (Ubuntu 11.4.0-1ubuntu1~22.04) 11.4.0 Windows Server 2022 Kernel: 10.0.20348.2031 Compiler: clang 15.0.7, gcc 14.1.0 (MinGW), and MSVC VS 19.39.33521 To view detailed results, visit: https://lab.dpdk.org/results/dashboard/patchsets/33164/ UNH-IOL DPDK Community Lab To manage your email subscriptions, visit: https://lab.dpdk.org/results/dashboard/preferences/subscriptions/