From mboxrd@z Thu Jan 1 00:00:00 1970 Return-Path: Received: from mails.dpdk.org (mails.dpdk.org [217.70.189.124]) by inbox.dpdk.org (Postfix) with ESMTP id 3300A4673A for ; Tue, 13 May 2025 19:30:31 +0200 (CEST) Received: from mails.dpdk.org (localhost [127.0.0.1]) by mails.dpdk.org (Postfix) with ESMTP id 01C864025D; Tue, 13 May 2025 19:30:31 +0200 (CEST) Received: from mail-pl1-f227.google.com (mail-pl1-f227.google.com [209.85.214.227]) by mails.dpdk.org (Postfix) with ESMTP id DFFE540041 for ; Tue, 13 May 2025 19:30:29 +0200 (CEST) Received: by mail-pl1-f227.google.com with SMTP id d9443c01a7336-22e033a3a07so65797415ad.0 for ; Tue, 13 May 2025 10:30:29 -0700 (PDT) DKIM-Signature: v=1; a=rsa-sha256; c=relaxed/relaxed; d=iol.unh.edu; s=unh-iol; t=1747157429; x=1747762229; darn=dpdk.org; h=references:in-reply-to:cc:to:from:subject:message-id:date:from:to :cc:subject:date:message-id:reply-to; bh=6bnAPFpc42KHe64415IYeCQc94wFlzVebf5H0gbviQM=; b=BUptaKspHGyI/M03Kh18QqTR7Qq6S6XdQ5IP7afSsmwHhDvilotxXP/6QPdmEKkyNT coOpXCo00sgpThoUFqBTho+A2AxVn8F1AYhUMpioYzE3S8Q2x80Ntln1kkWPtDzYQL+9 7gQ3pKFj1yl1xaOfP8hVnZEQo/WzgQnV9lcGE= X-Google-DKIM-Signature: v=1; a=rsa-sha256; c=relaxed/relaxed; d=1e100.net; s=20230601; t=1747157429; x=1747762229; h=references:in-reply-to:cc:to:from:subject:message-id:date :x-gm-message-state:from:to:cc:subject:date:message-id:reply-to; bh=6bnAPFpc42KHe64415IYeCQc94wFlzVebf5H0gbviQM=; b=js5hBDr+vo9/Y5OzUmX2Ab1GvSdZeNeoV6yUd9kAA2TUsFZZ8Io7t7KqK/bh2lVuMt BOUBsuTjMC995JqBpOzSVS6P9Fc4gt+sRH7VSQgVpOw1gi3pMkdobXT+dScRhml6qwA7 3eXf4qU7lonH7lyYi8scZawWxzPKxgfsscw9PNGC01wyO45mMqewftfF6joVzcQYZD1U fB9ZUYCE44gNBMGzWF+nvd7PQ1KAq86t0eyFJSvFna6KC4WKhnWheiqSSPf3Fm8gCdZU jY4ujdXJGn7+weN35iEmx4d3Zh79wmVCCwTxwJBh16vzfb0W8dQZUKZDV6+jiXN3HC6z 7acA== X-Gm-Message-State: AOJu0YzrK72G4r6r8hQPUQUUsiaGJv5HXp9VMKSIWZl5CX7j6S+kV/eD Od24oOJ+D/yprB/o7ekz3MCiGn7AYEgttIyw8fQyUUn5JavoTek8bgKrLAWt1G5AFBQUSAfXHxg iUdu1wi4KZz9Zsn3ldQiXavloF6yiU016te1UoNUD3qJeFdhfTA2uRdi3 X-Gm-Gg: ASbGnctUNf4/OlZkciMRiXX1/XLDU+CW0P/Qaldvv39o3HX0KsJPO3ToHzu1GWNnRJt uqjSbVgxNgPElJzawpBEnJA2FRAFWOTx8BMGsDp9WupJpYrUTacueSIUDWt3Ulz/JaD+oTu7hh0 0tz5ZQ5f/OHdzJOfslk2uyMLSMkF4jKx0jkaUIPiSJwDdJnlMgGZEta01JmlppMYe9TZ//O/p30 bj9APt2pqaE/vj55ZhNAdCBDieikIxVFxtEmCLzybblA83Nxs1kUiz1v06ZDs0Ix26wXDEsByB9 EfB/YHggg2eb+lkvwuHc8t5p+ACl6GZxvRAf X-Google-Smtp-Source: AGHT+IERxWFmPsYVNobo5c1yPRsC8iAgxA6rXeFoQ0kDcSIYkuw65YmUi7AIcAC6xepAFtj5z3ClIORp8Tab X-Received: by 2002:a17:902:f707:b0:220:c4e8:3b9f with SMTP id d9443c01a7336-23198017b5emr5421255ad.0.1747157428893; Tue, 13 May 2025 10:30:28 -0700 (PDT) Received: from postal.iol.unh.edu (postal.iol.unh.edu. [2606:4100:3880:1234::84]) by smtp-relay.gmail.com with ESMTPS id d9443c01a7336-22fc5a26f2fsm5447615ad.34.2025.05.13.10.30.28 (version=TLS1_2 cipher=ECDHE-ECDSA-AES128-GCM-SHA256 bits=128/128); Tue, 13 May 2025 10:30:28 -0700 (PDT) X-Relaying-Domain: iol.unh.edu Date: Tue, 13 May 2025 10:30:28 -0700 (PDT) Message-ID: <682381b4.170a0220.3cbc0.d01aSMTPIN_ADDED_MISSING@mx.google.com> Received: from [172.17.0.2] (unknown [172.18.0.74]) by postal.iol.unh.edu (Postfix) with ESMTP id 1A6D56052471; Tue, 13 May 2025 13:30:28 -0400 (EDT) Subject: |WARNING| pw153429-153431 [PATCH] [v4,3/3] doc: provide examples of From: dpdklab@iol.unh.edu To: Test Report Cc: dpdk-test-reports@iol.unh.edu In-Reply-To: <20250513161710.410000-4-bruce.richardson@intel.com> References: <20250513161710.410000-4-bruce.richardson@intel.com> Content-Type: text/plain X-BeenThere: test-report@dpdk.org X-Mailman-Version: 2.1.29 Precedence: list List-Id: automatic DPDK test reports List-Unsubscribe: , List-Archive: List-Post: List-Help: List-Subscribe: , Errors-To: test-report-bounces@dpdk.org Test-Label: iol-sample-apps-testing Test-Status: WARNING http://dpdk.org/patch/153431 _Testing issues_ Submitter: Bruce Richardson Date: Tuesday, May 13 2025 16:17:10 DPDK git baseline: Repo:dpdk Branch: master CommitID:2bf836de46d36a81f9321f947fbfce52b3180782 153429-153431 --> testing issues Upstream job id: Template-DTS-Pipeline#225586 Test environment and result as below: +--------------------+----------------------+----------------------+ | Environment | dpdk_fips_validation | compressdev_zlib_pmd | +====================+======================+======================+ | Ubuntu 20.04 | PASS | SKIPPED | +--------------------+----------------------+----------------------+ | Ubuntu 22.04 (ARM) | SKIPPED | FAIL | +--------------------+----------------------+----------------------+ | Ubuntu 22.04 | SKIPPED | FAIL | +--------------------+----------------------+----------------------+ ==== 20 line log output for Ubuntu 22.04 (compressdev_zlib_pmd): ==== --- Failed to get log output --- ==== End log output ==== Ubuntu 20.04 Kernel: Depends on container host Compiler: gcc (Ubuntu 9.4.0-1ubuntu1~20.04.2) 9.4.0 Ubuntu 22.04 (ARM) Kernel: 5.15.0-97-generic Compiler: gcc gcc (Ubuntu 11.4.0-1ubuntu1~22.04) 11.4.0 Ubuntu 22.04 Kernel: 5.15.0-100-generic Compiler: gcc gcc (Ubuntu 11.4.0-1ubuntu1~22.04) 11.4.0 To view detailed results, visit: https://lab.dpdk.org/results/dashboard/patchsets/33164/ UNH-IOL DPDK Community Lab To manage your email subscriptions, visit: https://lab.dpdk.org/results/dashboard/preferences/subscriptions/