From mboxrd@z Thu Jan 1 00:00:00 1970 Return-Path: Received: from mails.dpdk.org (mails.dpdk.org [217.70.189.124]) by inbox.dpdk.org (Postfix) with ESMTP id 781BC4673A for ; Tue, 13 May 2025 19:33:46 +0200 (CEST) Received: from mails.dpdk.org (localhost [127.0.0.1]) by mails.dpdk.org (Postfix) with ESMTP id 725B24025D; Tue, 13 May 2025 19:33:46 +0200 (CEST) Received: from mail-io1-f98.google.com (mail-io1-f98.google.com [209.85.166.98]) by mails.dpdk.org (Postfix) with ESMTP id 8F23740041 for ; Tue, 13 May 2025 19:33:45 +0200 (CEST) Received: by mail-io1-f98.google.com with SMTP id ca18e2360f4ac-8616987c261so187543039f.3 for ; Tue, 13 May 2025 10:33:45 -0700 (PDT) DKIM-Signature: v=1; a=rsa-sha256; c=relaxed/relaxed; d=iol.unh.edu; s=unh-iol; t=1747157625; x=1747762425; darn=dpdk.org; h=references:in-reply-to:cc:to:from:subject:message-id:date:from:to :cc:subject:date:message-id:reply-to; bh=qx7viZVSWweGQXJvYOhnUFobItUO4/lW/kFIu/CNhSE=; b=TfQF5Ho3l4A6IOINIEf+MSZJhZDAj8dp4/0jeO29jBpHnQhBaGlC6P+2ySBvii9VLh Ef3jfA9DWfRYqQLk1wE3szLEj6Adq5DBs8QJOD8TrdBMzn1LnygOWSinAAwlfklQwUZR 3FJLymIKIFAJ4hbkLptMyHhdKU2Ertsxpc4l4= X-Google-DKIM-Signature: v=1; a=rsa-sha256; c=relaxed/relaxed; d=1e100.net; s=20230601; t=1747157625; x=1747762425; h=references:in-reply-to:cc:to:from:subject:message-id:date :x-gm-message-state:from:to:cc:subject:date:message-id:reply-to; bh=qx7viZVSWweGQXJvYOhnUFobItUO4/lW/kFIu/CNhSE=; b=YBzRAGanv/ddsTyvL9E/nknxVhBnlH3PVQy0geXdYn+ZmUOnhmLjYKKwtbtvvNdOad DJyUAm/Cjoqdb5CYLlNhdFNlOJvsltT/6og6yEhZ3v5BKliYjB9d/hJofsnKHp/Zn6l/ UUYEZuen1B41yBtq3y2bc2ifFPwijkIK7PAHJJmZtfP4+6RCSIHC2f5pTp5mEUnq75K7 fPXssmZY/Xi0rXnu7Su2ys6PrKpjsnVZJfZcUrnP8BYvZDiYURXjoT//79tw7T3WZcJ4 1H6NromjJ1G6KAgC6aiO4h10K+JuPVo/DA23c83L4KOI6+x195hkn4fq4+zcO4enH0nJ LXzg== X-Gm-Message-State: AOJu0Yza9Yq9/dT0FVeCpwTZAiCgXtQJ9L4cauZF4M6aXBhFGrMoI+bH Bc1K33WwPa8fN8l2TRfo8i365KQ/hqVdMLQEvAsxhF/JZQKpXR0dWzAQp69up28Z7wsrhtdjcb7 yCxbeCjlJHhKgInUcdSZdDgTyCcLqXXFpgxHkKzpY X-Gm-Gg: ASbGncuczNhCuGmYBmW2NgS+qM/OywkQ9MrF3nivAghPu4/ffRCth2F6WsdXWYZszTx lSI8NSOtCh6VFQJrOdag7jRB7sRkkVRaepRSrYaSxJb0ZXbS2xMgQKjDBa+gpawSlqLSh8CdPT8 oofcnL8+3ySGfX7c1yXSuGUNoxVxWxJ456qRW/4M/NtppL/4xU5RADCtmbKt7VBQXm8UAs3GBAe wtcry+eI+u2uJUNiv7Rn+jO/HlsE/GK8D3voJX+0J8k2ykpNxdNuD7elXge2mF6XQ5yocU02y9i qEKRXbXovq1di0HTMmoxGHlW+E75cgYcIJLLcyewXoGYZcqdEKbt7syefT8= X-Google-Smtp-Source: AGHT+IGcYlTlJ2WVMaGrEDvSUcmX1aGXluCVpl5Q+ynV4S1Y29MWkkXRoUMmnq+R8Uxas7wYyEhFEwvpDMsW X-Received: by 2002:a05:6602:3a86:b0:862:fe54:df4e with SMTP id ca18e2360f4ac-86a08df32demr23415539f.7.1747157624835; Tue, 13 May 2025 10:33:44 -0700 (PDT) Received: from postal.iol.unh.edu (postal.iol.unh.edu. [132.177.123.84]) by smtp-relay.gmail.com with ESMTPS id ca18e2360f4ac-867637ab9d2sm43345539f.27.2025.05.13.10.33.44 (version=TLS1_2 cipher=ECDHE-ECDSA-AES128-GCM-SHA256 bits=128/128); Tue, 13 May 2025 10:33:44 -0700 (PDT) X-Relaying-Domain: iol.unh.edu Date: Tue, 13 May 2025 10:33:44 -0700 (PDT) Message-ID: <68238278.050a0220.29a5e8.614eSMTPIN_ADDED_MISSING@mx.google.com> Received: from [172.17.0.2] (unknown [172.18.0.76]) by postal.iol.unh.edu (Postfix) with ESMTP id 49AB56052471; Tue, 13 May 2025 13:33:44 -0400 (EDT) Subject: |FAILURE| pw153429-153431 [PATCH] [v4,3/3] doc: provide examples of From: dpdklab@iol.unh.edu To: Test Report Cc: dpdk-test-reports@iol.unh.edu, Bruce Richardson In-Reply-To: <20250513161710.410000-4-bruce.richardson@intel.com> References: <20250513161710.410000-4-bruce.richardson@intel.com> Content-Type: text/plain X-BeenThere: test-report@dpdk.org X-Mailman-Version: 2.1.29 Precedence: list List-Id: automatic DPDK test reports List-Unsubscribe: , List-Archive: List-Post: List-Help: List-Subscribe: , Errors-To: test-report-bounces@dpdk.org Test-Label: iol-unit-amd64-testing Test-Status: FAILURE http://dpdk.org/patch/153431 _Testing issues_ Submitter: Bruce Richardson Date: Tuesday, May 13 2025 16:17:10 DPDK git baseline: Repo:dpdk Branch: master CommitID:2bf836de46d36a81f9321f947fbfce52b3180782 153429-153431 --> testing issues Upstream job id: Generic-Unit-Test-DPDK#337459 Test environment and result as below: +---------------------+----------------+ | Environment | dpdk_unit_test | +=====================+================+ | CentOS Stream 9 | PASS | +---------------------+----------------+ | CentOS Stream 10 | PASS | +---------------------+----------------+ | Debian 12 | PASS | +---------------------+----------------+ | Fedora 41 | PASS | +---------------------+----------------+ | Fedora 41 (Clang) | PASS | +---------------------+----------------+ | Fedora 40 | PASS | +---------------------+----------------+ | Fedora 40 (Clang) | PASS | +---------------------+----------------+ | RHEL8 | PASS | +---------------------+----------------+ | Ubuntu 20.04 | PASS | +---------------------+----------------+ | RHEL9 | PASS | +---------------------+----------------+ | Ubuntu 24.04 | PASS | +---------------------+----------------+ | Ubuntu 22.04 | PASS | +---------------------+----------------+ | Windows Server 2022 | FAIL | +---------------------+----------------+ ==== Unit test summary for Windows Server 2022 (dpdk_unit_test): ==== Failed to get the unit test results. Displaying the unit test results is not supported for some environments, such as our aarch32 testing, where meson is not used to run the tests. Download the logs available on our CI site. ==== End log output ==== CentOS Stream 9 Kernel: Depends on container host Compiler: gcc 11.5.0 20240719 (Red Hat 11.5.0-2) CentOS Stream 10 Kernel: Depends on container host Compiler: gcc 14.2.1 20241104 (Red Hat 14.2.1-6) Debian 12 Kernel: Depends on container host Compiler: gcc (Debian 12.2.0-14) 12.2.0 Fedora 41 Kernel: Depends on container host Compiler: gcc 14.2.1 20240912 (Red Hat 14.2.1-3) Fedora 41 (Clang) Kernel: Depends on container host Compiler: clang 19.1.5 (Fedora 19.1.5-1.fc41) Fedora 40 Kernel: Depends on container host Compiler: gcc 14.2.1 20240912 (Red Hat 14.2.1-3) Fedora 40 (Clang) Kernel: Depends on container host Compiler: clang 18.1.8 (Fedora 18.1.8-1.fc40) RHEL8 Kernel: Depends on container host Compiler: gcc 8.5.0 20210514 (Red Hat 8.5.0-22) Ubuntu 20.04 Kernel: Depends on container host Compiler: gcc (Ubuntu 9.4.0-1ubuntu1~20.04.2) 9.4.0 RHEL9 Kernel: Depends on container host Compiler: gcc 11.5.0 20240719 (Red Hat 11.5.0-2) Ubuntu 24.04 Kernel: Depends on container host Compiler: gcc (Ubuntu 13.3.0-6ubuntu2~24.04) 13.3.0 Ubuntu 22.04 Kernel: Depends on container host Compiler: gcc (Ubuntu 11.4.0-1ubuntu1~22.04) 11.4.0 Windows Server 2022 Kernel: 10.0.20348.2031 Compiler: clang 15.0.7, gcc 14.1.0 (MinGW), and MSVC VS 19.39.33521 To view detailed results, visit: https://lab.dpdk.org/results/dashboard/patchsets/33164/ UNH-IOL DPDK Community Lab To manage your email subscriptions, visit: https://lab.dpdk.org/results/dashboard/preferences/subscriptions/