From mboxrd@z Thu Jan 1 00:00:00 1970 Return-Path: Received: from mails.dpdk.org (mails.dpdk.org [217.70.189.124]) by inbox.dpdk.org (Postfix) with ESMTP id 574074673A for ; Tue, 13 May 2025 19:41:19 +0200 (CEST) Received: from mails.dpdk.org (localhost [127.0.0.1]) by mails.dpdk.org (Postfix) with ESMTP id 34B494025D; Tue, 13 May 2025 19:41:19 +0200 (CEST) Received: from mail-pf1-f225.google.com (mail-pf1-f225.google.com [209.85.210.225]) by mails.dpdk.org (Postfix) with ESMTP id EE34940041 for ; Tue, 13 May 2025 19:41:17 +0200 (CEST) Received: by mail-pf1-f225.google.com with SMTP id d2e1a72fcca58-7427a4def77so1541714b3a.0 for ; Tue, 13 May 2025 10:41:17 -0700 (PDT) DKIM-Signature: v=1; a=rsa-sha256; c=relaxed/relaxed; d=iol.unh.edu; s=unh-iol; t=1747158077; x=1747762877; darn=dpdk.org; h=references:in-reply-to:cc:to:from:subject:message-id:date:from:to :cc:subject:date:message-id:reply-to; bh=271h5t5BXXNFlpyc4HJqmey4EuraXKfnPvzdNdSLnkc=; b=Eg0GbHZsl0jV5E2XakSs9xRvt65kT/LPFjv+x5x64JtyT1f5XshWQQqafCrHTYuco7 CScwcfbcl6AiRVjWdtQK056D+PFypDqVDYHBDtk7+b7OGffWlkdzTYZ2BSrEcgqbBYGD TpXurV0Cdus7x4vrGlGrd7Ca7tlEco2hm5ZiU= X-Google-DKIM-Signature: v=1; a=rsa-sha256; c=relaxed/relaxed; d=1e100.net; s=20230601; t=1747158077; x=1747762877; h=references:in-reply-to:cc:to:from:subject:message-id:date :x-gm-message-state:from:to:cc:subject:date:message-id:reply-to; bh=271h5t5BXXNFlpyc4HJqmey4EuraXKfnPvzdNdSLnkc=; b=Lafy1l2S1vdbpys8+RqH04p8oJu+7yMRkq1O/1lRdtKfrHVGc5D/iR/aT7HHKg/lwe Lkhw0Txkahsty8K1IJg3RKOU85zLqS9HdpfeCcIWYnxK+Ni7Hlvn70blBm0qBGkWA+18 IbBjmhnuNQGfDK3uGuwhApxfK9Z6jqkE6+pWHyFngUFKDyFpF9v482Q4wyRl70xAADR0 dA88/8BD9b43kPesvBl4YOztW/n1Y3PcfHCbJmkfEM4ytpvwJABMs1m+dHmtJdfP7/us GCa+4pteHmZTWE6c+8aSclIxZHJ1NRtnGf6Viqgi+q3Kt4JQGerPcpL+qqXOdY4qgFJj 38zw== X-Gm-Message-State: AOJu0Yy7xD8v7xiEdmaTQc70TyYjrQ5jGVCr0E7xDXoayJoONgw1cLJV QgVjbjPHc4fi9ZAOUSxTpxzLiRXlK3N4JDpYcq5jJTVPXgie10/Xsd2b4Tg9CfB7ngWkB/WBI06 fcBmvi5EKcWE8y+jHKR+6UAgMa/27bwcitC1sDsc2HArg58IWCBQAeFvt X-Gm-Gg: ASbGncv45ysz4ZXObr3W21nc1sXTxJ0DkKqAL2OUjsDMFGYXXreFcZFO8Fq/TP66PbO cyX7ZtPe59DAjti/isxh8ADLH3wJQrarI36ZLmjQOMW6ztUY6TzmYMvU/V65h2kBD3LB0YbcmE1 R4CvPmhJxotI/w9Vfqr9Vd0pghggDtVIOqUHH9aSzWZK+HzaOJs571jJ0QX2iJayoraoJcxFWi1 FaIIA5wZxLk47L2ZNtm3bHNCVvEkr2VxR6Zb8IL6kfJFS35aeCSojk7i5mwbfQviCktvyG329MQ 4/2Jhk6RuI6mPwjVl8EgRVzzlWKhDGOVqB87 X-Google-Smtp-Source: AGHT+IHfYFbkMd8uwexpR3+NgmUOY94QwsPxLX3aUi+ZzNNTTU4wtmxVxBB16fhFx78G+43YR1t5Unraf9zV X-Received: by 2002:a05:6a21:a8e:b0:1ee:ef0b:7bf7 with SMTP id adf61e73a8af0-215ff11303dmr168350637.19.1747158076913; Tue, 13 May 2025 10:41:16 -0700 (PDT) Received: from postal.iol.unh.edu (postal.iol.unh.edu. [2606:4100:3880:1234::84]) by smtp-relay.gmail.com with ESMTPS id d9443c01a7336-22fc5820fdcsm5753465ad.20.2025.05.13.10.41.16 (version=TLS1_2 cipher=ECDHE-ECDSA-AES128-GCM-SHA256 bits=128/128); Tue, 13 May 2025 10:41:16 -0700 (PDT) X-Relaying-Domain: iol.unh.edu Date: Tue, 13 May 2025 10:41:16 -0700 (PDT) Message-ID: <6823843c.170a0220.1a146e.f0f7SMTPIN_ADDED_MISSING@mx.google.com> Received: from [172.17.0.4] (unknown [172.18.0.74]) by postal.iol.unh.edu (Postfix) with ESMTP id 212126052471; Tue, 13 May 2025 13:41:16 -0400 (EDT) Subject: |FAILURE| pw153429-153431 [PATCH] [v4,3/3] doc: provide examples of From: dpdklab@iol.unh.edu To: Test Report Cc: dpdk-test-reports@iol.unh.edu, Bruce Richardson In-Reply-To: <20250513161710.410000-4-bruce.richardson@intel.com> References: <20250513161710.410000-4-bruce.richardson@intel.com> Content-Type: text/plain X-BeenThere: test-report@dpdk.org X-Mailman-Version: 2.1.29 Precedence: list List-Id: automatic DPDK test reports List-Unsubscribe: , List-Archive: List-Post: List-Help: List-Subscribe: , Errors-To: test-report-bounces@dpdk.org Test-Label: iol-unit-amd64-testing Test-Status: FAILURE http://dpdk.org/patch/153431 _Testing issues_ Submitter: Bruce Richardson Date: Tuesday, May 13 2025 16:17:10 DPDK git baseline: Repo:dpdk Branch: master CommitID:2bf836de46d36a81f9321f947fbfce52b3180782 153429-153431 --> testing issues Upstream job id: Generic-VM-Unit-Test-DPDK#28492 Test environment and result as below: +---------------------+----------------+ | Environment | dpdk_unit_test | +=====================+================+ | CentOS Stream 9 | PASS | +---------------------+----------------+ | CentOS Stream 10 | PASS | +---------------------+----------------+ | Debian 12 | PASS | +---------------------+----------------+ | Fedora 41 | PASS | +---------------------+----------------+ | Fedora 41 (Clang) | PASS | +---------------------+----------------+ | Fedora 40 | PASS | +---------------------+----------------+ | Fedora 40 (Clang) | PASS | +---------------------+----------------+ | RHEL8 | PASS | +---------------------+----------------+ | Ubuntu 20.04 | PASS | +---------------------+----------------+ | RHEL9 | PASS | +---------------------+----------------+ | Ubuntu 24.04 | PASS | +---------------------+----------------+ | Ubuntu 22.04 | PASS | +---------------------+----------------+ | Windows Server 2022 | FAIL | +---------------------+----------------+ ==== Unit test summary for Windows Server 2022 (dpdk_unit_test): ==== Failed to get the unit test results. Displaying the unit test results is not supported for some environments, such as our aarch32 testing, where meson is not used to run the tests. Download the logs available on our CI site. ==== End log output ==== CentOS Stream 9 Kernel: Depends on container host Compiler: gcc 11.5.0 20240719 (Red Hat 11.5.0-2) CentOS Stream 10 Kernel: Depends on container host Compiler: gcc 14.2.1 20241104 (Red Hat 14.2.1-6) Debian 12 Kernel: Depends on container host Compiler: gcc (Debian 12.2.0-14) 12.2.0 Fedora 41 Kernel: Depends on container host Compiler: gcc 14.2.1 20240912 (Red Hat 14.2.1-3) Fedora 41 (Clang) Kernel: Depends on container host Compiler: clang 19.1.5 (Fedora 19.1.5-1.fc41) Fedora 40 Kernel: Depends on container host Compiler: gcc 14.2.1 20240912 (Red Hat 14.2.1-3) Fedora 40 (Clang) Kernel: Depends on container host Compiler: clang 18.1.8 (Fedora 18.1.8-1.fc40) RHEL8 Kernel: Depends on container host Compiler: gcc 8.5.0 20210514 (Red Hat 8.5.0-22) Ubuntu 20.04 Kernel: Depends on container host Compiler: gcc (Ubuntu 9.4.0-1ubuntu1~20.04.2) 9.4.0 RHEL9 Kernel: Depends on container host Compiler: gcc 11.5.0 20240719 (Red Hat 11.5.0-2) Ubuntu 24.04 Kernel: Depends on container host Compiler: gcc (Ubuntu 13.3.0-6ubuntu2~24.04) 13.3.0 Ubuntu 22.04 Kernel: Depends on container host Compiler: gcc (Ubuntu 11.4.0-1ubuntu1~22.04) 11.4.0 Windows Server 2022 Kernel: 10.0.20348.2031 Compiler: clang 15.0.7, gcc 14.1.0 (MinGW), and MSVC VS 19.39.33521 To view detailed results, visit: https://lab.dpdk.org/results/dashboard/patchsets/33164/ UNH-IOL DPDK Community Lab To manage your email subscriptions, visit: https://lab.dpdk.org/results/dashboard/preferences/subscriptions/