From mboxrd@z Thu Jan 1 00:00:00 1970 Return-Path: Received: from mails.dpdk.org (mails.dpdk.org [217.70.189.124]) by inbox.dpdk.org (Postfix) with ESMTP id 301924673D for ; Wed, 14 May 2025 04:15:55 +0200 (CEST) Received: from mails.dpdk.org (localhost [127.0.0.1]) by mails.dpdk.org (Postfix) with ESMTP id 0C9C14025D; Wed, 14 May 2025 04:15:55 +0200 (CEST) Received: from mail-io1-f97.google.com (mail-io1-f97.google.com [209.85.166.97]) by mails.dpdk.org (Postfix) with ESMTP id A8D1B40041 for ; Wed, 14 May 2025 04:15:53 +0200 (CEST) Received: by mail-io1-f97.google.com with SMTP id ca18e2360f4ac-86135d11760so518132739f.2 for ; Tue, 13 May 2025 19:15:53 -0700 (PDT) DKIM-Signature: v=1; a=rsa-sha256; c=relaxed/relaxed; d=iol.unh.edu; s=unh-iol; t=1747188953; x=1747793753; darn=dpdk.org; h=references:in-reply-to:cc:to:from:subject:message-id:date:from:to :cc:subject:date:message-id:reply-to; bh=iWk0mCZ0gEx0J4MgZw+q/t2hd4aeaiPjvmqK71srGbQ=; b=SGHuYsHNXK5kocS+IU72bopOgAPVk5C3gV5c8CxyyUyJOdtIPq2OQBt7V89Yprx70f TDQ2uQ05AdUUbE4ulJEZPN2a0tXYO2oWtr9Ga+d7JacAFDcW3zmn/6cyT1Ewr3SverBD 6Tx5jeBbog/VEMaNV/2yExdfWQAX/RpN+gQdc= X-Google-DKIM-Signature: v=1; a=rsa-sha256; c=relaxed/relaxed; d=1e100.net; s=20230601; t=1747188953; x=1747793753; h=references:in-reply-to:cc:to:from:subject:message-id:date :x-gm-message-state:from:to:cc:subject:date:message-id:reply-to; bh=iWk0mCZ0gEx0J4MgZw+q/t2hd4aeaiPjvmqK71srGbQ=; b=dP3Un+GJEMdaJPaQS4Drb3bAX8qUEBKiujbmLtVhYhjAWR288k70fu3+dstrjdn7FF 4HQO95T5QLSKnsLXEbctJjl3iXaineLSITHggiirtealigXwMynR5FT4OPz7Ed8wgC++ bN94tKUTHojekBeHt8zbIKnsTsEa8fgtyNVUYfUJTjHEdziXMjEsUzXA0XHhGz76Fngl rv/7mf+dUZvwnbxMGwZbTgqBNUZfAqcxvlrc+3xNLD/o9bmyGKaxuciAXb6stnkZMPxc fCcGfoGoX1w+pLfEZI4pNaU3Im4kLJqBOyCsNgOTlHzdpdF3zm03IYviEyvBXN3MmzTS Ij0g== X-Gm-Message-State: AOJu0YyZxe0y2xPCiYYdg7LIftQAfzjJT5y31XUzUAqOUtgs+UY52VgH yHU/rfIt3A8nriJ/0XoeOuzoBMOaJI3a45ENCh+GoSJVHPyLNG7tmYO/0N3VyP3jcpxJ2og2azZ SGSh0ZRCRwiWflTwIrigQRfiXiA4a0DqWV9YATSVz X-Gm-Gg: ASbGncuEyQB4eca9q8MIyo2GSzRgOiQbRlJNBl86peHvQTxLc8/thAhdxI8EaYku6dx 9WjnYMZFgyqCcwhTt8KwmNhVyhxPGu3SiVcB8HU1f8qJGA+gQQtYVb9N2SqlsQXOhEkzRYuAd4n 7H9atVT2Jzmk5lbL9U4ebuIDfLMq1G4MOCIIA9/iDHTZGB/r1NZ0o7pE1mYiDLWizCt9i6M2ueP ME/XRByRxZ9jNUZRpvg0P85eBvkbvWxEYcPfFI7ghhBAbxVvlPReMStJnjNGR2FSnA40O8IR44z JvH5lAtu5+3exy8MPXcUlJUC/d3Kik0xgq+EG/qY/vyO4hKwpC2ZhISw3WQ= X-Google-Smtp-Source: AGHT+IESCZGfF2ceAqerpL9oZs2ZEo4gGL4ifgRL9deiDrJ5MzuWtyDYqJmldtNkwpalBRrS4/eoJ3a0TA75 X-Received: by 2002:a05:6602:418c:b0:864:6799:6059 with SMTP id ca18e2360f4ac-86a08dc1109mr204958839f.3.1747188952926; Tue, 13 May 2025 19:15:52 -0700 (PDT) Received: from postal.iol.unh.edu (postal.iol.unh.edu. [132.177.123.84]) by smtp-relay.gmail.com with ESMTPS id ca18e2360f4ac-8676362138fsm55421439f.5.2025.05.13.19.15.52 (version=TLS1_2 cipher=ECDHE-ECDSA-AES128-GCM-SHA256 bits=128/128); Tue, 13 May 2025 19:15:52 -0700 (PDT) X-Relaying-Domain: iol.unh.edu Date: Tue, 13 May 2025 19:15:52 -0700 (PDT) Message-ID: <6823fcd8.050a0220.1afc41.e1efSMTPIN_ADDED_MISSING@mx.google.com> Received: from [172.17.0.2] (unknown [172.18.0.74]) by postal.iol.unh.edu (Postfix) with ESMTP id 5FAF16052471; Tue, 13 May 2025 22:15:52 -0400 (EDT) Subject: |WARNING| pw153433 [PATCH] net/gve: remove gve-specific PCI revision From: dpdklab@iol.unh.edu To: Test Report Cc: dpdk-test-reports@iol.unh.edu In-Reply-To: <20250513235308.2200865-1-joshwash@google.com> References: <20250513235308.2200865-1-joshwash@google.com> Content-Type: text/plain X-BeenThere: test-report@dpdk.org X-Mailman-Version: 2.1.29 Precedence: list List-Id: automatic DPDK test reports List-Unsubscribe: , List-Archive: List-Post: List-Help: List-Subscribe: , Errors-To: test-report-bounces@dpdk.org Test-Label: iol-abi-testing Test-Status: WARNING http://dpdk.org/patch/153433 _Testing issues_ Submitter: Joshua Washington Date: Tuesday, May 13 2025 23:53:08 DPDK git baseline: Repo:dpdk Branch: master CommitID:ff05ee3e3f8fb4ce958a2ce6461e8141aea959c6 153433 --> testing issues Upstream job id: Generic-DPDK-Compile-ABI#126248 Test environment and result as below: +-------------------+----------+ | Environment | abi_test | +===================+==========+ | Fedora 41 | FAIL | +-------------------+----------+ | CentOS Stream 10 | FAIL | +-------------------+----------+ | Fedora 40 (Clang) | FAIL | +-------------------+----------+ | CentOS Stream 9 | FAIL | +-------------------+----------+ | Fedora 41 (Clang) | FAIL | +-------------------+----------+ | Debian 12 | FAIL | +-------------------+----------+ | openSUSE Leap 15 | FAIL | +-------------------+----------+ | RHEL8 | FAIL | +-------------------+----------+ | RHEL9 | FAIL | +-------------------+----------+ | Ubuntu 24.04 | FAIL | +-------------------+----------+ | Ubuntu 22.04 | FAIL | +-------------------+----------+ | Fedora 40 | FAIL | +-------------------+----------+ ==== 20 line log output for Fedora 40 (abi_test): ==== Variables changes summary: 0 Removed, 0 Changed, 0 Added variable Functions changes summary: 0 Removed, 0 Changed (7 filtered out), 0 Added functions Variables changes summary: 0 Removed, 0 Changed, 0 Added variable Functions changes summary: 0 Removed, 0 Changed (2 filtered out), 0 Added functions Variables changes summary: 0 Removed, 0 Changed, 0 Added variable Functions changes summary: 0 Removed, 0 Changed (4 filtered out), 0 Added (1 filtered out) functions Variables changes summary: 0 Removed, 0 Changed (1 filtered out), 0 Added variable Functions changes summary: 0 Removed, 0 Changed, 0 Added (1 filtered out) function Variables changes summary: 0 Removed, 0 Changed, 0 Added variable Functions changes summary: 0 Removed, 0 Changed (15 filtered out), 0 Added (2 filtered out) functions Variables changes summary: 0 Removed, 0 Changed (2 filtered out), 0 Added variables Functions changes summary: 0 Removed, 0 Changed (215 filtered out), 0 Added (2 filtered out) functions Variables changes summary: 0 Removed, 0 Changed, 0 Added variable ==== End log output ==== Fedora 41 Kernel: Depends on container host Compiler: gcc 14.2.1 20240912 (Red Hat 14.2.1-3) CentOS Stream 10 Kernel: Depends on container host Compiler: gcc 14.2.1 20241104 (Red Hat 14.2.1-6) Fedora 40 (Clang) Kernel: Depends on container host Compiler: clang 18.1.8 (Fedora 18.1.8-1.fc40) CentOS Stream 9 Kernel: Depends on container host Compiler: gcc 11.5.0 20240719 (Red Hat 11.5.0-2) Fedora 41 (Clang) Kernel: Depends on container host Compiler: clang 19.1.5 (Fedora 19.1.5-1.fc41) Debian 12 Kernel: Depends on container host Compiler: gcc (Debian 12.2.0-14) 12.2.0 openSUSE Leap 15 Kernel: Depends on container host Compiler: gcc (SUSE Linux) 7.5.0 RHEL8 Kernel: Depends on container host Compiler: gcc 8.5.0 20210514 (Red Hat 8.5.0-22) RHEL9 Kernel: Depends on container host Compiler: gcc 11.5.0 20240719 (Red Hat 11.5.0-2) Ubuntu 24.04 Kernel: Depends on container host Compiler: gcc (Ubuntu 13.3.0-6ubuntu2~24.04) 13.3.0 Ubuntu 22.04 Kernel: Depends on container host Compiler: gcc (Ubuntu 11.4.0-1ubuntu1~22.04) 11.4.0 Fedora 40 Kernel: Depends on container host Compiler: gcc 14.2.1 20240912 (Red Hat 14.2.1-3) To view detailed results, visit: https://lab.dpdk.org/results/dashboard/patchsets/33165/ UNH-IOL DPDK Community Lab To manage your email subscriptions, visit: https://lab.dpdk.org/results/dashboard/preferences/subscriptions/