From mboxrd@z Thu Jan 1 00:00:00 1970 Return-Path: Received: from mails.dpdk.org (mails.dpdk.org [217.70.189.124]) by inbox.dpdk.org (Postfix) with ESMTP id 991F446742 for ; Wed, 14 May 2025 08:08:49 +0200 (CEST) Received: from mails.dpdk.org (localhost [127.0.0.1]) by mails.dpdk.org (Postfix) with ESMTP id 7063E4025D; Wed, 14 May 2025 08:08:49 +0200 (CEST) Received: from mail-yw1-f227.google.com (mail-yw1-f227.google.com [209.85.128.227]) by mails.dpdk.org (Postfix) with ESMTP id C36CA40041 for ; Wed, 14 May 2025 08:08:47 +0200 (CEST) Received: by mail-yw1-f227.google.com with SMTP id 00721157ae682-70a2d8a8396so52887907b3.3 for ; Tue, 13 May 2025 23:08:47 -0700 (PDT) DKIM-Signature: v=1; a=rsa-sha256; c=relaxed/relaxed; d=iol.unh.edu; s=unh-iol; t=1747202927; x=1747807727; darn=dpdk.org; h=cc:to:from:subject:message-id:date:from:to:cc:subject:date :message-id:reply-to; bh=9JBCZCYGON843lqV6tuG7lHqroQe6g7kMfG3rKgl3z4=; b=ak2qR9/5HX7FvIDQtL3hJO5FFi05yRJQS0R637s3ynN8pR2TyIIlCvx5Wa5UyGdCaX btgvOLmoGeLIqrCcbkkKPQup9M5phXLOHf/divdu4/RA9POXnavhbb3lyrges0H9xokk JP4pLDh+XrAR0iwkUsZwzmROXF0SeFgbCuYtY= X-Google-DKIM-Signature: v=1; a=rsa-sha256; c=relaxed/relaxed; d=1e100.net; s=20230601; t=1747202927; x=1747807727; h=cc:to:from:subject:message-id:date:x-gm-message-state:from:to:cc :subject:date:message-id:reply-to; bh=9JBCZCYGON843lqV6tuG7lHqroQe6g7kMfG3rKgl3z4=; b=ZcCpV8XgDG4VgHD/8vF4YKb4lA3OvAIiXM+sH7c2rMR1Nnw7N/UPIJzecxxC4OS9q0 Oq5LQbgGOMKLt+N2Km6YCkSxe7mvlkjSNmVTGbxotkqRWUwj/7fwbqrdEBbjS1JaEPjh EWF0G97UjgXuQWDwcHzeQJOOqglcMmquz5R79xNDO+rl0UHpVf2qBQ17h8ZjtyFZtTY8 Oh4rLGpOC+YcqL28tAqdB1BLSG9Lw5qYI1LVgn9Lxajt94Drbz1HeoXkIEv7O10tGxvX AVaus7wf9bTQafaKYTppQr3BSQcmOvuX9YRVhZ+25zM1wkygwASE+g5hDMoSRQN2ouHY sn3Q== X-Gm-Message-State: AOJu0Yyl10NNCvofnWl3hmH6431NfR4VpQquM25X3GcXCCO8rIT8EZVH y5e//w5CQtkyXVDt3mvpZ7hvScIkB4la/JLMnjyYEiLTjBAMxldyi6kh1eyS/SeeZdMwrUHgwyw eZQznJyRhrJ833/PIbRZKjd9sHfCYdS2e X-Gm-Gg: ASbGncsiX2BzwyQwywlc16U/dIHiFM1SGdQt/IksFMmLIBs0CL5UTyvkDkFHCCt8Fq4 DI8+C4fViKJ/rRYRs5o6fPveDi7+uUD93EI0WjjyYC3QA9lb5oFkLjg2w4YI0b+j63KhULjPs92 KJO8cDI9X84vlDXc6DXb7bPmhs+7EldDOw2DF6VdvwNroeliiFLzCVvI7rGnWStG04dLL7NLSCk XDoyOvu3p8bd0MveldCQnvTFxWSwv48ubnoN0GXOL861VAVx3u5QO1d0JurH3qB1tRF/r8C3r9y c+6BmwMUuIZinGzQ3HyZjsLbenQs4pGLtgzKdXAiICXRwTUc2kQScYAdnDc= X-Google-Smtp-Source: AGHT+IEuLyRzljFJ2PhDRxpbeQyVWkdhWpiwdHbevAqL4Qs0CptuhuGyssVZf2mar+Sm2QPvwk3PNbEgWZl+ X-Received: by 2002:a05:690c:4c02:b0:709:966c:b648 with SMTP id 00721157ae682-70c7f11c5c0mr33365767b3.10.1747202927087; Tue, 13 May 2025 23:08:47 -0700 (PDT) Received: from postal.iol.unh.edu (postal.iol.unh.edu. [132.177.123.84]) by smtp-relay.gmail.com with ESMTPS id 00721157ae682-70a3d73008esm7532637b3.7.2025.05.13.23.08.47 (version=TLS1_2 cipher=ECDHE-ECDSA-AES128-GCM-SHA256 bits=128/128); Tue, 13 May 2025 23:08:47 -0700 (PDT) X-Relaying-Domain: iol.unh.edu Date: Tue, 13 May 2025 23:08:47 -0700 (PDT) Message-ID: <6824336f.0d0a0220.4c0ed.8d77SMTPIN_ADDED_MISSING@mx.google.com> Received: from [172.21.0.6] (unknown [172.18.0.240]) by postal.iol.unh.edu (Postfix) with ESMTP id 3DBD06052471; Wed, 14 May 2025 02:08:46 -0400 (EDT) Subject: |FAILURE| [GIT MASTER] 4401486b5e30d43a134f80f9802f60b5f43e74a8 From: dpdklab@iol.unh.edu To: Test Report Cc: dpdk-test-reports@iol.unh.edu, Xueming Li , Christian Ehrhardt , Kevin Traynor , Luca Boccassi Content-Type: text/plain X-BeenThere: test-report@dpdk.org X-Mailman-Version: 2.1.29 Precedence: list List-Id: automatic DPDK test reports List-Unsubscribe: , List-Archive: List-Post: List-Help: List-Subscribe: , Errors-To: test-report-bounces@dpdk.org _Testing issues_ Branch: tags/v22.11 4401486b5e30d43a134f80f9802f60b5f43e74a8 --> testing issues Upstream job id: Generic-VM-Unit-Test-DPDK#28502 Test environment and result as below: +---------------------+----------------+ | Environment | dpdk_unit_test | +=====================+================+ | RHEL9 | PEND | +---------------------+----------------+ | Fedora 41 | PEND | +---------------------+----------------+ | Ubuntu 22.04 | PEND | +---------------------+----------------+ | Debian 12 | PEND | +---------------------+----------------+ | CentOS Stream 10 | PEND | +---------------------+----------------+ | Fedora 40 (Clang) | PEND | +---------------------+----------------+ | RHEL8 | PEND | +---------------------+----------------+ | Ubuntu 24.04 | PEND | +---------------------+----------------+ | Fedora 40 | FAIL | +---------------------+----------------+ | Fedora 41 (Clang) | PEND | +---------------------+----------------+ | CentOS Stream 9 | PEND | +---------------------+----------------+ | Ubuntu 20.04 | PASS | +---------------------+----------------+ | Windows Server 2022 | FAIL | +---------------------+----------------+ ==== Unit test summary for Windows Server 2022 (dpdk_unit_test): ==== Failed to get the unit test results. Displaying the unit test results is not supported for some environments, such as our aarch32 testing, where meson is not used to run the tests. Download the logs available on our CI site. ==== End log output ==== RHEL9 Kernel: Depends on container host Compiler: gcc 11.5.0 20240719 (Red Hat 11.5.0-2) Fedora 41 Kernel: Depends on container host Compiler: gcc 14.2.1 20240912 (Red Hat 14.2.1-3) Ubuntu 22.04 Kernel: Depends on container host Compiler: gcc (Ubuntu 11.4.0-1ubuntu1~22.04) 11.4.0 Debian 12 Kernel: Depends on container host Compiler: gcc (Debian 12.2.0-14) 12.2.0 CentOS Stream 10 Kernel: Depends on container host Compiler: gcc 14.2.1 20241104 (Red Hat 14.2.1-6) Fedora 40 (Clang) Kernel: Depends on container host Compiler: clang 18.1.8 (Fedora 18.1.8-1.fc40) RHEL8 Kernel: Depends on container host Compiler: gcc 8.5.0 20210514 (Red Hat 8.5.0-22) Ubuntu 24.04 Kernel: Depends on container host Compiler: gcc (Ubuntu 13.3.0-6ubuntu2~24.04) 13.3.0 Fedora 40 Kernel: Depends on container host Compiler: gcc 14.2.1 20240912 (Red Hat 14.2.1-3) Fedora 41 (Clang) Kernel: Depends on container host Compiler: clang 19.1.5 (Fedora 19.1.5-1.fc41) CentOS Stream 9 Kernel: Depends on container host Compiler: gcc 11.5.0 20240719 (Red Hat 11.5.0-2) Ubuntu 20.04 Kernel: Depends on container host Compiler: gcc (Ubuntu 9.4.0-1ubuntu1~20.04.2) 9.4.0 Windows Server 2022 Kernel: 10.0.20348.2031 Compiler: clang 15.0.7, gcc 14.1.0 (MinGW), and MSVC VS 19.39.33521 To view detailed results, visit: https://lab.dpdk.org/results/dashboard/tarballs/33521/ UNH-IOL DPDK Community Lab To manage your email subscriptions, visit: https://lab.dpdk.org/results/dashboard/preferences/subscriptions/