From mboxrd@z Thu Jan 1 00:00:00 1970 Return-Path: Received: from mails.dpdk.org (mails.dpdk.org [217.70.189.124]) by inbox.dpdk.org (Postfix) with ESMTP id 2866546742 for ; Wed, 14 May 2025 08:29:34 +0200 (CEST) Received: from mails.dpdk.org (localhost [127.0.0.1]) by mails.dpdk.org (Postfix) with ESMTP id 21E7A4025D; Wed, 14 May 2025 08:29:34 +0200 (CEST) Received: from mail-yw1-f225.google.com (mail-yw1-f225.google.com [209.85.128.225]) by mails.dpdk.org (Postfix) with ESMTP id ED77F40041 for ; Wed, 14 May 2025 08:29:32 +0200 (CEST) Received: by mail-yw1-f225.google.com with SMTP id 00721157ae682-6ff4faf858cso44932897b3.2 for ; Tue, 13 May 2025 23:29:32 -0700 (PDT) DKIM-Signature: v=1; a=rsa-sha256; c=relaxed/relaxed; d=iol.unh.edu; s=unh-iol; t=1747204172; x=1747808972; darn=dpdk.org; h=cc:to:from:subject:message-id:date:from:to:cc:subject:date :message-id:reply-to; bh=H9ltLl26KrposSJF5AOhhTg8Jf5V6YJb6gBQpz4Fi1g=; b=LHI9a+st8JYeNViay8VqpoAYfQVk+6nPk/5MPqiUX/RiLBqASnO37tXQZm852jJw89 vjLYACnILSSg4ssxhx9F/TV+CMGtBMk+WYhF57T+eJiJtUY9PgZYx92wgvsGP2/TJ6f/ P0fsL6IEYAMndSEwGb1VqGqMLnNW2nYSlNkyI= X-Google-DKIM-Signature: v=1; a=rsa-sha256; c=relaxed/relaxed; d=1e100.net; s=20230601; t=1747204172; x=1747808972; h=cc:to:from:subject:message-id:date:x-gm-message-state:from:to:cc :subject:date:message-id:reply-to; bh=H9ltLl26KrposSJF5AOhhTg8Jf5V6YJb6gBQpz4Fi1g=; b=jBemCtoUFGx8qZAEZh7HV19lXe8KL8lGhkhBlOOXgx/eT32MliMuiPCOSzg6ml3Ge6 99EVL6vQ1IzMHH1kktnclNhva//zD3roaejEdksV533pVrVc4ZD2iI0kCSC0BB/8XtOz Zi+7D96lyWSaH1eWYM3CzgUKbSzLkXxaXWg7l5morq4fN4qmKqzRx0lKzwwo6JAEwl+S QcwHSwPUrTTx1RYereKbjn4ZPMF1fyAEaqj5oM2DExhTGFXdU2DO+WAjMamlBHbnV9IF YFpsQZC2sWs1WFxugkJxyB+Mh+vGPqnbkz6YkLOxf8YBDzmdsWbuxddVg6BV86fGHZpt /N+w== X-Gm-Message-State: AOJu0Yz9ZRxIDGJ7i8zxwYAljevH6JhjFlsdNmJQaqADRuYvvaCjnx7q cZhJpNE2q8XcapthuZ1MDV83WBjDKoVAJ9k8WDepqVE5MFXIkPpJFG+CpdkF3hlrgAhgtZVjHWX sjksCxNG0t7FVohlbfkhuHspEOqto+NOF X-Gm-Gg: ASbGncv8qRFSS5lcby3UJ8L+0u/oNIpD9GoSEZ1jgCsvMbKCqQqfxKlbPltwf2oA/Tl ITa/M46oNPDjjZlGg7p/ukoZjTyDBEpaW33dPW4ieFs62nbQMwpavSAUdWfTsEmuLDFnVEPC7pb DjZ/xhQp4DSiwq/tIDc6/7dOKY/wp/j1rwbTNtSMWT5WmyoLSZYSz5RQ+2VfD2WbWeWSdlfIe8h LAqIe/+DHAOOX+BPFie52Ocxh2Lk0hn4PpqE+YslWnP6Ic4mXv7/OdTQT1bZwZ7nR0Syoo+k6It zoeJGviXn81u5QT4JGxOowxZBEf6yiXhtG8ZjnTjD7hAJAT2GS5h0Zl7Sjs= X-Google-Smtp-Source: AGHT+IFGN/HoCq7EIJWZG9QvWKeTbI8R/L+a/4DNIef91btOLQa5kD9Uxka+1vUGuIBb1qIs4yHEZBKd3DN+ X-Received: by 2002:a05:690c:2506:b0:705:a92d:cb7c with SMTP id 00721157ae682-70c7f224a1emr30412067b3.24.1747204172393; Tue, 13 May 2025 23:29:32 -0700 (PDT) Received: from postal.iol.unh.edu (postal.iol.unh.edu. [132.177.123.84]) by smtp-relay.gmail.com with ESMTPS id 00721157ae682-70a3d787a5bsm4274127b3.39.2025.05.13.23.29.32 (version=TLS1_2 cipher=ECDHE-ECDSA-AES128-GCM-SHA256 bits=128/128); Tue, 13 May 2025 23:29:32 -0700 (PDT) X-Relaying-Domain: iol.unh.edu Date: Tue, 13 May 2025 23:29:32 -0700 (PDT) Message-ID: <6824384c.050a0220.a7ed8.68fbSMTPIN_ADDED_MISSING@mx.google.com> Received: from [172.21.0.6] (unknown [172.18.0.240]) by postal.iol.unh.edu (Postfix) with ESMTP id 10F286052471; Wed, 14 May 2025 02:29:32 -0400 (EDT) Subject: |FAILURE| [GIT MASTER] 4401486b5e30d43a134f80f9802f60b5f43e74a8 From: dpdklab@iol.unh.edu To: Test Report Cc: dpdk-test-reports@iol.unh.edu, Xueming Li , Christian Ehrhardt , Kevin Traynor , Luca Boccassi Content-Type: text/plain X-BeenThere: test-report@dpdk.org X-Mailman-Version: 2.1.29 Precedence: list List-Id: automatic DPDK test reports List-Unsubscribe: , List-Archive: List-Post: List-Help: List-Subscribe: , Errors-To: test-report-bounces@dpdk.org _Testing issues_ Branch: tags/v22.11 4401486b5e30d43a134f80f9802f60b5f43e74a8 --> testing issues Upstream job id: Generic-Unit-Test-DPDK#337572 Test environment and result as below: +---------------------+----------------+ | Environment | dpdk_unit_test | +=====================+================+ | RHEL9 | FAIL | +---------------------+----------------+ | Fedora 41 | FAIL | +---------------------+----------------+ | Ubuntu 22.04 | FAIL | +---------------------+----------------+ | Debian 12 | FAIL | +---------------------+----------------+ | CentOS Stream 10 | PEND | +---------------------+----------------+ | Fedora 40 (Clang) | FAIL | +---------------------+----------------+ | RHEL8 | PEND | +---------------------+----------------+ | Ubuntu 24.04 | PEND | +---------------------+----------------+ | Fedora 40 | FAIL | +---------------------+----------------+ | Fedora 41 (Clang) | PEND | +---------------------+----------------+ | CentOS Stream 9 | PEND | +---------------------+----------------+ | Ubuntu 20.04 | PASS | +---------------------+----------------+ | Windows Server 2022 | FAIL | +---------------------+----------------+ ==== Unit test summary for Windows Server 2022 (dpdk_unit_test): ==== Failed to get the unit test results. Displaying the unit test results is not supported for some environments, such as our aarch32 testing, where meson is not used to run the tests. Download the logs available on our CI site. ==== End log output ==== RHEL9 Kernel: Depends on container host Compiler: gcc 11.5.0 20240719 (Red Hat 11.5.0-2) Fedora 41 Kernel: Depends on container host Compiler: gcc 14.2.1 20240912 (Red Hat 14.2.1-3) Ubuntu 22.04 Kernel: Depends on container host Compiler: gcc (Ubuntu 11.4.0-1ubuntu1~22.04) 11.4.0 Debian 12 Kernel: Depends on container host Compiler: gcc (Debian 12.2.0-14) 12.2.0 CentOS Stream 10 Kernel: Depends on container host Compiler: gcc 14.2.1 20241104 (Red Hat 14.2.1-6) Fedora 40 (Clang) Kernel: Depends on container host Compiler: clang 18.1.8 (Fedora 18.1.8-1.fc40) RHEL8 Kernel: Depends on container host Compiler: gcc 8.5.0 20210514 (Red Hat 8.5.0-22) Ubuntu 24.04 Kernel: Depends on container host Compiler: gcc (Ubuntu 13.3.0-6ubuntu2~24.04) 13.3.0 Fedora 40 Kernel: Depends on container host Compiler: gcc 14.2.1 20240912 (Red Hat 14.2.1-3) Fedora 41 (Clang) Kernel: Depends on container host Compiler: clang 19.1.5 (Fedora 19.1.5-1.fc41) CentOS Stream 9 Kernel: Depends on container host Compiler: gcc 11.5.0 20240719 (Red Hat 11.5.0-2) Ubuntu 20.04 Kernel: Depends on container host Compiler: gcc (Ubuntu 9.4.0-1ubuntu1~20.04.2) 9.4.0 Windows Server 2022 Kernel: 10.0.20348.2031 Compiler: clang 15.0.7, gcc 14.1.0 (MinGW), and MSVC VS 19.39.33521 To view detailed results, visit: https://lab.dpdk.org/results/dashboard/tarballs/33521/ UNH-IOL DPDK Community Lab To manage your email subscriptions, visit: https://lab.dpdk.org/results/dashboard/preferences/subscriptions/