From mboxrd@z Thu Jan 1 00:00:00 1970 Return-Path: Received: from mails.dpdk.org (mails.dpdk.org [217.70.189.124]) by inbox.dpdk.org (Postfix) with ESMTP id DF80746742 for ; Wed, 14 May 2025 08:36:18 +0200 (CEST) Received: from mails.dpdk.org (localhost [127.0.0.1]) by mails.dpdk.org (Postfix) with ESMTP id B44EB4025D; Wed, 14 May 2025 08:36:18 +0200 (CEST) Received: from mail-pf1-f227.google.com (mail-pf1-f227.google.com [209.85.210.227]) by mails.dpdk.org (Postfix) with ESMTP id 99F4140041 for ; Wed, 14 May 2025 08:36:16 +0200 (CEST) Received: by mail-pf1-f227.google.com with SMTP id d2e1a72fcca58-7390d21bb1cso6469326b3a.2 for ; Tue, 13 May 2025 23:36:16 -0700 (PDT) DKIM-Signature: v=1; a=rsa-sha256; c=relaxed/relaxed; d=iol.unh.edu; s=unh-iol; t=1747204575; x=1747809375; darn=dpdk.org; h=cc:to:from:subject:message-id:date:from:to:cc:subject:date :message-id:reply-to; bh=4m3nwQS8WqEfzgJXQ+yLfSDq9tLJSxv151DDbXubei4=; b=UtovmZA3Ydl8seT8PvlAtLR98oAjWbCklOKkBZQMhRzVO2oa9SPEcea+vJLLUfI0Tu OKMJS9HUiFiCcRA7GJ6pCqZWmZRrDHkHc3VUR18kn0Z0WL4pB+3p8aQzLU6IExcXp0gb hx19gb3OKdhRh+PlPGPfQR0OevoW3/LQApBrM= X-Google-DKIM-Signature: v=1; a=rsa-sha256; c=relaxed/relaxed; d=1e100.net; s=20230601; t=1747204575; x=1747809375; h=cc:to:from:subject:message-id:date:x-gm-message-state:from:to:cc :subject:date:message-id:reply-to; bh=4m3nwQS8WqEfzgJXQ+yLfSDq9tLJSxv151DDbXubei4=; b=RJ/+NKxCW/jttPEQPEVNPsZmH3TQ78tayo9aSAz3HpMWD9uCgtQGjJJ4HT06/eI4/T LsRCywnVc+q91Z71rOWfbAQ14g0lkeS+/2quRmon+VXpZGxl3SeNT97yEw3Rvc14GZfR gU/Pqi5fD/FnCQgz7DJcxnIoWRfkkuMICb0Dy3cdgDoYMK5ISqrnK8PphEebBA1fFtfU G4gKuRQ99ziST5BPu9HgE54KG0LVaA551UXMSswrYT14TIzxXm4hF7xje+mC9u/yUSyP i9nrD6N7CErcmF1a1+rrRGedmdp6FvqbjTSZDkl0RiLuddgrHRv5mMyIaGFlJ7423UQH ApKw== X-Gm-Message-State: AOJu0YxtW24Ob1UMtbG5No37GnEL3oMMEMFfTnvYrXyuIuAVa+05HdZq SrzU13BYrR9LJr8RuBjZR8H0gVb70fmtf5UXqz2zA2fB6LrJ1jbmsENWqlHJLfsA4NtyPNU/IiX bIavjoSRRolYZh1rSnsdqE+CvUb0Qqydo X-Gm-Gg: ASbGncsIKtuC4NdqDcyTCXWfPxBTp8ve2GaoF3dTsMIZRz0fYb8SLpoNb/j/P1rmZk8 NH/2az391mpDTWFeX8bzm6urzNPZiRf1x0af78K25IIafD0Bta4Zp0QsD7rnx5w5Vyq2X1cU78B YHuQ0jnQdoVZuQ/m2CAk9/xid5gwLIj/gNXU/pQKEGMqpfvRAGX1KmybdiOAKSzhykksNnc+zO9 fiTK9a8G5KpmPh2TE6rpxX3IAvNRe8k8Rnrb27+20ZQ5RLY/yjbSOZ/RjNCeT9M8b25MXTu3qZw jw/iZlydVdQKT1Yqd9AhT/a4VAyyU/zJ4hezUATJHKwiC9600Lt7B/RAWSs= X-Google-Smtp-Source: AGHT+IHD+URVEJuwm//i8qGg48yF6HxrZTwUe1AvZJ0b36NygWmVRbLfcyolvb+OcV7UrqUhwzpMIklt5joX X-Received: by 2002:a05:6a00:17a3:b0:736:65c9:9187 with SMTP id d2e1a72fcca58-742892994f3mr2912624b3a.9.1747204575501; Tue, 13 May 2025 23:36:15 -0700 (PDT) Received: from postal.iol.unh.edu (postal.iol.unh.edu. [132.177.123.84]) by smtp-relay.gmail.com with ESMTPS id d2e1a72fcca58-74237704191sm547847b3a.5.2025.05.13.23.36.15 (version=TLS1_2 cipher=ECDHE-ECDSA-AES128-GCM-SHA256 bits=128/128); Tue, 13 May 2025 23:36:15 -0700 (PDT) X-Relaying-Domain: iol.unh.edu Date: Tue, 13 May 2025 23:36:15 -0700 (PDT) Message-ID: <682439df.a70a0220.31f36c.cc93SMTPIN_ADDED_MISSING@mx.google.com> Received: from [172.21.0.6] (unknown [172.18.0.240]) by postal.iol.unh.edu (Postfix) with ESMTP id A88E56052471; Wed, 14 May 2025 02:36:14 -0400 (EDT) Subject: |FAILURE| [GIT MASTER] 4401486b5e30d43a134f80f9802f60b5f43e74a8 From: dpdklab@iol.unh.edu To: Test Report Cc: dpdk-test-reports@iol.unh.edu, Xueming Li , Christian Ehrhardt , Kevin Traynor , Luca Boccassi Content-Type: text/plain X-BeenThere: test-report@dpdk.org X-Mailman-Version: 2.1.29 Precedence: list List-Id: automatic DPDK test reports List-Unsubscribe: , List-Archive: List-Post: List-Help: List-Subscribe: , Errors-To: test-report-bounces@dpdk.org _Testing issues_ Branch: tags/v22.11 4401486b5e30d43a134f80f9802f60b5f43e74a8 --> testing issues Upstream job id: Generic-Unit-Test-DPDK#337574 Test environment and result as below: +---------------------+----------------+ | Environment | dpdk_unit_test | +=====================+================+ | RHEL9 | FAIL | +---------------------+----------------+ | Fedora 41 | FAIL | +---------------------+----------------+ | Ubuntu 22.04 | FAIL | +---------------------+----------------+ | Debian 12 | FAIL | +---------------------+----------------+ | CentOS Stream 10 | PEND | +---------------------+----------------+ | Fedora 40 (Clang) | FAIL | +---------------------+----------------+ | RHEL8 | FAIL | +---------------------+----------------+ | Ubuntu 24.04 | PEND | +---------------------+----------------+ | Fedora 40 | FAIL | +---------------------+----------------+ | Fedora 41 (Clang) | FAIL | +---------------------+----------------+ | CentOS Stream 9 | PEND | +---------------------+----------------+ | Ubuntu 20.04 | PASS | +---------------------+----------------+ | Windows Server 2022 | FAIL | +---------------------+----------------+ ==== Unit test summary for Windows Server 2022 (dpdk_unit_test): ==== Failed to get the unit test results. Displaying the unit test results is not supported for some environments, such as our aarch32 testing, where meson is not used to run the tests. Download the logs available on our CI site. ==== End log output ==== RHEL9 Kernel: Depends on container host Compiler: gcc 11.5.0 20240719 (Red Hat 11.5.0-2) Fedora 41 Kernel: Depends on container host Compiler: gcc 14.2.1 20240912 (Red Hat 14.2.1-3) Ubuntu 22.04 Kernel: Depends on container host Compiler: gcc (Ubuntu 11.4.0-1ubuntu1~22.04) 11.4.0 Debian 12 Kernel: Depends on container host Compiler: gcc (Debian 12.2.0-14) 12.2.0 CentOS Stream 10 Kernel: Depends on container host Compiler: gcc 14.2.1 20241104 (Red Hat 14.2.1-6) Fedora 40 (Clang) Kernel: Depends on container host Compiler: clang 18.1.8 (Fedora 18.1.8-1.fc40) RHEL8 Kernel: Depends on container host Compiler: gcc 8.5.0 20210514 (Red Hat 8.5.0-22) Ubuntu 24.04 Kernel: Depends on container host Compiler: gcc (Ubuntu 13.3.0-6ubuntu2~24.04) 13.3.0 Fedora 40 Kernel: Depends on container host Compiler: gcc 14.2.1 20240912 (Red Hat 14.2.1-3) Fedora 41 (Clang) Kernel: Depends on container host Compiler: clang 19.1.5 (Fedora 19.1.5-1.fc41) CentOS Stream 9 Kernel: Depends on container host Compiler: gcc 11.5.0 20240719 (Red Hat 11.5.0-2) Ubuntu 20.04 Kernel: Depends on container host Compiler: gcc (Ubuntu 9.4.0-1ubuntu1~20.04.2) 9.4.0 Windows Server 2022 Kernel: 10.0.20348.2031 Compiler: clang 15.0.7, gcc 14.1.0 (MinGW), and MSVC VS 19.39.33521 To view detailed results, visit: https://lab.dpdk.org/results/dashboard/tarballs/33521/ UNH-IOL DPDK Community Lab To manage your email subscriptions, visit: https://lab.dpdk.org/results/dashboard/preferences/subscriptions/