From mboxrd@z Thu Jan 1 00:00:00 1970 Return-Path: Received: from mails.dpdk.org (mails.dpdk.org [217.70.189.124]) by inbox.dpdk.org (Postfix) with ESMTP id 29B6446742 for ; Wed, 14 May 2025 08:39:32 +0200 (CEST) Received: from mails.dpdk.org (localhost [127.0.0.1]) by mails.dpdk.org (Postfix) with ESMTP id 115824025D; Wed, 14 May 2025 08:39:32 +0200 (CEST) Received: from mail-qv1-f98.google.com (mail-qv1-f98.google.com [209.85.219.98]) by mails.dpdk.org (Postfix) with ESMTP id 3741F40041 for ; Wed, 14 May 2025 08:39:30 +0200 (CEST) Received: by mail-qv1-f98.google.com with SMTP id 6a1803df08f44-6f6e6ec07f0so41754966d6.3 for ; Tue, 13 May 2025 23:39:30 -0700 (PDT) DKIM-Signature: v=1; a=rsa-sha256; c=relaxed/relaxed; d=iol.unh.edu; s=unh-iol; t=1747204769; x=1747809569; darn=dpdk.org; h=cc:to:from:subject:message-id:date:from:to:cc:subject:date :message-id:reply-to; bh=O/Nv4YfAObUNK9Ss/VnXQaDy18lg/VY7wkNOf28ihps=; b=GXg60ron8Wsb1+PfWRU6ZXrdW8WrQUW/5mY5vEdpI64oqRTAud3KkSoiseOlNYG+fq RBzn4ss0friNc9QMlB+sHPHrlWtX44V/WyjyAOXapuReT4nP1bNbGgAn5U95NCbsqP28 cM+z/Oo5i8ibGfUGW0BXkABidNqcY+S/gdkvc= X-Google-DKIM-Signature: v=1; a=rsa-sha256; c=relaxed/relaxed; d=1e100.net; s=20230601; t=1747204769; x=1747809569; h=cc:to:from:subject:message-id:date:x-gm-message-state:from:to:cc :subject:date:message-id:reply-to; bh=O/Nv4YfAObUNK9Ss/VnXQaDy18lg/VY7wkNOf28ihps=; b=GnAiMvW/D691ruROiSFNr6JQY3PwMWipsPqGlknwGSg+cTaj2EGem3s4WLrArB6hJb qkWMN9M6tBG6F21nmZv0ydpTYHT8kJ2ArawXNZmxMFBpat69hJLQSzm0JP6GlSc8u85Y pU2xqVmmDZra74Rk1lNwk5oBU8lUPQzAmR38Dh6MkmjeqE+OyC9ej/MIHRRutkoWirw4 dtKY3xO4o9fV1sGpGkGyug4/lE77Sp/YpR31ZRspUQhC+CQvIbbMI6HKjQF65KjSLO9i tnt0eLAuoz4M2se32bD8D/P0IXhek4qpgJv9/KRqWlEoK7xfFasota+rvKK0C+YAVMRd m2lg== X-Gm-Message-State: AOJu0Yz1nItcnbRJPzMmy8IYOUpRs7tmGbWDfPJWBlpEDEApvCAejCqh t0Bd8V737e5YsN2QWkkKk+MXJ6sfWErKY7IZLhf5YNHlhyomC26mZaoJ/1PyEiJuf5Jl668+CDy pGt6npolz6PvHuULBEDHW4m/VbbVXnl2JTNsyXpkTxaJGjC8G X-Gm-Gg: ASbGncvS+bErGW385aO3txuB0Z6duGWqS9+q9j+BFZSkwVOQFTfztmXij2G5ec7/3D3 3cZrNd2aYIKkFwDm8YSv9dCTvhGh9guxgsNuUCgp5+PEJ+7We3QamnXvZyUKVSvMNctw+FIKmAi B3+vKaR581WXYLPh/UfpQTKfdplCUdOWSoGUC+uwYrPrTWn9GgHct0dDLdm6n1Ox/JrQ7XQ1m8w 9bRFl+aQ9gT5HIpto2gMAVGJINgPULM1EG6quWmApgPTS+anLputuyskYKpFn2cOUt3zLUoiPGa GmdV9u8xpRp1DIdmdcBKFj0x45N4lvDysIcB X-Google-Smtp-Source: AGHT+IFgUFWFMLLrZYy3BepQK3xJQ8HF9CrNjmepa1FdIW08oOSONcJx9HemrOYhmcNqh7/ynXxXGtb1CII+ X-Received: by 2002:ad4:5f89:0:b0:6f5:4a84:a14b with SMTP id 6a1803df08f44-6f896eacb00mr40230326d6.34.1747204769543; Tue, 13 May 2025 23:39:29 -0700 (PDT) Received: from postal.iol.unh.edu (postal.iol.unh.edu. [2606:4100:3880:1234::84]) by smtp-relay.gmail.com with ESMTPS id 6a1803df08f44-6f6e39f8244sm6268186d6.17.2025.05.13.23.39.29 (version=TLS1_2 cipher=ECDHE-ECDSA-AES128-GCM-SHA256 bits=128/128); Tue, 13 May 2025 23:39:29 -0700 (PDT) X-Relaying-Domain: iol.unh.edu Date: Tue, 13 May 2025 23:39:29 -0700 (PDT) Message-ID: <68243aa1.050a0220.3316a.0f46SMTPIN_ADDED_MISSING@mx.google.com> Received: from [172.21.0.5] (unknown [172.18.0.240]) by postal.iol.unh.edu (Postfix) with ESMTP id 3D4006052471; Wed, 14 May 2025 02:39:29 -0400 (EDT) Subject: |FAILURE| [GIT MASTER] 4401486b5e30d43a134f80f9802f60b5f43e74a8 From: dpdklab@iol.unh.edu To: Test Report Cc: dpdk-test-reports@iol.unh.edu, Xueming Li , Christian Ehrhardt , Kevin Traynor , Luca Boccassi Content-Type: text/plain X-BeenThere: test-report@dpdk.org X-Mailman-Version: 2.1.29 Precedence: list List-Id: automatic DPDK test reports List-Unsubscribe: , List-Archive: List-Post: List-Help: List-Subscribe: , Errors-To: test-report-bounces@dpdk.org _Testing issues_ Branch: tags/v22.11 4401486b5e30d43a134f80f9802f60b5f43e74a8 --> testing issues Upstream job id: Generic-Unit-Test-DPDK#337579 Test environment and result as below: +---------------------+----------------+ | Environment | dpdk_unit_test | +=====================+================+ | RHEL9 | FAIL | +---------------------+----------------+ | Fedora 41 | FAIL | +---------------------+----------------+ | Ubuntu 22.04 | FAIL | +---------------------+----------------+ | Debian 12 | FAIL | +---------------------+----------------+ | CentOS Stream 10 | PEND | +---------------------+----------------+ | Fedora 40 (Clang) | FAIL | +---------------------+----------------+ | RHEL8 | FAIL | +---------------------+----------------+ | Ubuntu 24.04 | FAIL | +---------------------+----------------+ | Fedora 40 | FAIL | +---------------------+----------------+ | Fedora 41 (Clang) | FAIL | +---------------------+----------------+ | CentOS Stream 9 | PEND | +---------------------+----------------+ | Ubuntu 20.04 | PASS | +---------------------+----------------+ | Windows Server 2022 | FAIL | +---------------------+----------------+ ==== Unit test summary for Windows Server 2022 (dpdk_unit_test): ==== Failed to get the unit test results. Displaying the unit test results is not supported for some environments, such as our aarch32 testing, where meson is not used to run the tests. Download the logs available on our CI site. ==== End log output ==== RHEL9 Kernel: Depends on container host Compiler: gcc 11.5.0 20240719 (Red Hat 11.5.0-2) Fedora 41 Kernel: Depends on container host Compiler: gcc 14.2.1 20240912 (Red Hat 14.2.1-3) Ubuntu 22.04 Kernel: Depends on container host Compiler: gcc (Ubuntu 11.4.0-1ubuntu1~22.04) 11.4.0 Debian 12 Kernel: Depends on container host Compiler: gcc (Debian 12.2.0-14) 12.2.0 CentOS Stream 10 Kernel: Depends on container host Compiler: gcc 14.2.1 20241104 (Red Hat 14.2.1-6) Fedora 40 (Clang) Kernel: Depends on container host Compiler: clang 18.1.8 (Fedora 18.1.8-1.fc40) RHEL8 Kernel: Depends on container host Compiler: gcc 8.5.0 20210514 (Red Hat 8.5.0-22) Ubuntu 24.04 Kernel: Depends on container host Compiler: gcc (Ubuntu 13.3.0-6ubuntu2~24.04) 13.3.0 Fedora 40 Kernel: Depends on container host Compiler: gcc 14.2.1 20240912 (Red Hat 14.2.1-3) Fedora 41 (Clang) Kernel: Depends on container host Compiler: clang 19.1.5 (Fedora 19.1.5-1.fc41) CentOS Stream 9 Kernel: Depends on container host Compiler: gcc 11.5.0 20240719 (Red Hat 11.5.0-2) Ubuntu 20.04 Kernel: Depends on container host Compiler: gcc (Ubuntu 9.4.0-1ubuntu1~20.04.2) 9.4.0 Windows Server 2022 Kernel: 10.0.20348.2031 Compiler: clang 15.0.7, gcc 14.1.0 (MinGW), and MSVC VS 19.39.33521 To view detailed results, visit: https://lab.dpdk.org/results/dashboard/tarballs/33521/ UNH-IOL DPDK Community Lab To manage your email subscriptions, visit: https://lab.dpdk.org/results/dashboard/preferences/subscriptions/