From mboxrd@z Thu Jan 1 00:00:00 1970 Return-Path: Received: from mails.dpdk.org (mails.dpdk.org [217.70.189.124]) by inbox.dpdk.org (Postfix) with ESMTP id 704A246742 for ; Wed, 14 May 2025 08:42:01 +0200 (CEST) Received: from mails.dpdk.org (localhost [127.0.0.1]) by mails.dpdk.org (Postfix) with ESMTP id 4BC204025D; Wed, 14 May 2025 08:42:01 +0200 (CEST) Received: from mail-io1-f100.google.com (mail-io1-f100.google.com [209.85.166.100]) by mails.dpdk.org (Postfix) with ESMTP id 6997440041 for ; Wed, 14 May 2025 08:41:59 +0200 (CEST) Received: by mail-io1-f100.google.com with SMTP id ca18e2360f4ac-85b3f92c866so177274339f.3 for ; Tue, 13 May 2025 23:41:59 -0700 (PDT) DKIM-Signature: v=1; a=rsa-sha256; c=relaxed/relaxed; d=iol.unh.edu; s=unh-iol; t=1747204918; x=1747809718; darn=dpdk.org; h=cc:to:from:subject:message-id:date:from:to:cc:subject:date :message-id:reply-to; bh=UxmXqAxKT0gq6ZQglohY7oZ9aRv9oLBFXVsk8SK0V08=; b=aZ9oPL1D/JrK3HKNXEW9icdg/SPzwj0OkX/y1g8yYfDi3FUOT+FwYD62xU3yEwjxCv 0TrcR8eDUNRDI0JlbBVjojlHb1Q2cEYNqu9E8+ap7r2vZ2FxXe6AROBBPUhAiBcuRo/E EmljwyVdIMlvdQDwatJtFinBvJ6KCBMOkeIHw= X-Google-DKIM-Signature: v=1; a=rsa-sha256; c=relaxed/relaxed; d=1e100.net; s=20230601; t=1747204918; x=1747809718; h=cc:to:from:subject:message-id:date:x-gm-message-state:from:to:cc :subject:date:message-id:reply-to; bh=UxmXqAxKT0gq6ZQglohY7oZ9aRv9oLBFXVsk8SK0V08=; b=YTKqia6ya95+Nhp7h4ziYze/WVqT3q/TQg0bg4AcP4ZFSheBTZ2eUYJb5cUbxCcVZX 6rxiTS+vkv5jg6NtPIFnvLl/u5EGaDfRO0+dvJtjRxVuqDCLiLmZ1ekaPBQLdbjIEtZM MERO2GfftVb3dOmbI4m8Y8umxZMsJLhkbC34XqTbexVNMJJhsjmgdFQC/GgYvOUbE+M6 39pYPKwh7sOp7QqHsrqztYf0ExcyxCjFHKdR1UEdAEAoAiNoYt3HfpcsVsU8g1mfsvF8 GMvixla9ffQ4asMA+oQmlaFT25BdRwtfVIXCx/yfQzayO44UuOMpXP15OpLJoB+3K+gR H+pw== X-Gm-Message-State: AOJu0YxYRR2EvU2n5dY8hC1vrXkI1+WV1CvcRCw/rwdinqB72+WHOa0r wJgQ/OftK969f7okGUbHGpJYpET9ImfqR/SdCePhqIzPNPPzz3n0t/Sn4CpdxyAlVUtYY74duqH WL/zLFSynL+FzyrL3jfywa43o54Oo92M2 X-Gm-Gg: ASbGncutsshvdFSe+FzkE6rqWVP+9KWgFFnxGQWM2VtIIGyq0kR4FXwx1C7OgAjhCzh 8VezX2HCgVueT48pJrv+t6Ro3ZuCT1YTBAFsdGYm5a1VAZF4OtiqUYY2R7clXR+/q8P3Wi9dg4A B0oQTAw500/A9Ssn9gHKzp4UnA9jaZT4qIDly6MBC8MOID14awkN2Tc/ZM9ylgs2r2RDeVBpEpl KsweZ/4SvE+KG42+sAlJmYlHQFlYY7NDYvo6ma0f2y1x35i0yGjLAz4BK8Hfbd4jZaTXPAmEevE eZdwohdZUD9wugXLXIahobhpsgDpja7dx/Htw/MJG6pXlD5cHixkDUhnw/U= X-Google-Smtp-Source: AGHT+IF11B8OeRW5llLER04+tAcXllw5FHmItdoLoMBPphs3EwI1yPmB/s1mfoyeby3RGERh77MKblIrOE5C X-Received: by 2002:a05:6602:6a98:b0:864:740a:e81f with SMTP id ca18e2360f4ac-86a08e35dd5mr214633039f.11.1747204918578; Tue, 13 May 2025 23:41:58 -0700 (PDT) Received: from postal.iol.unh.edu (postal.iol.unh.edu. [132.177.123.84]) by smtp-relay.gmail.com with ESMTPS id ca18e2360f4ac-86763620b24sm53055339f.1.2025.05.13.23.41.58 (version=TLS1_2 cipher=ECDHE-ECDSA-AES128-GCM-SHA256 bits=128/128); Tue, 13 May 2025 23:41:58 -0700 (PDT) X-Relaying-Domain: iol.unh.edu Date: Tue, 13 May 2025 23:41:58 -0700 (PDT) Message-ID: <68243b36.050a0220.2ab236.bd13SMTPIN_ADDED_MISSING@mx.google.com> Received: from [172.21.0.5] (unknown [172.18.0.240]) by postal.iol.unh.edu (Postfix) with ESMTP id 10E746052471; Wed, 14 May 2025 02:41:58 -0400 (EDT) Subject: |FAILURE| [GIT MASTER] 4401486b5e30d43a134f80f9802f60b5f43e74a8 From: dpdklab@iol.unh.edu To: Test Report Cc: dpdk-test-reports@iol.unh.edu, Xueming Li , Christian Ehrhardt , Kevin Traynor , Luca Boccassi Content-Type: text/plain X-BeenThere: test-report@dpdk.org X-Mailman-Version: 2.1.29 Precedence: list List-Id: automatic DPDK test reports List-Unsubscribe: , List-Archive: List-Post: List-Help: List-Subscribe: , Errors-To: test-report-bounces@dpdk.org _Testing issues_ Branch: tags/v22.11 4401486b5e30d43a134f80f9802f60b5f43e74a8 --> testing issues Upstream job id: Generic-Unit-Test-DPDK#337568 Test environment and result as below: +---------------------+----------------+ | Environment | dpdk_unit_test | +=====================+================+ | RHEL9 | FAIL | +---------------------+----------------+ | Fedora 41 | FAIL | +---------------------+----------------+ | Ubuntu 22.04 | FAIL | +---------------------+----------------+ | Debian 12 | FAIL | +---------------------+----------------+ | CentOS Stream 10 | PEND | +---------------------+----------------+ | Fedora 40 (Clang) | FAIL | +---------------------+----------------+ | RHEL8 | FAIL | +---------------------+----------------+ | Ubuntu 24.04 | FAIL | +---------------------+----------------+ | Fedora 40 | FAIL | +---------------------+----------------+ | Fedora 41 (Clang) | FAIL | +---------------------+----------------+ | CentOS Stream 9 | FAIL | +---------------------+----------------+ | Ubuntu 20.04 | PASS | +---------------------+----------------+ | Windows Server 2022 | FAIL | +---------------------+----------------+ ==== Unit test summary for Windows Server 2022 (dpdk_unit_test): ==== Failed to get the unit test results. Displaying the unit test results is not supported for some environments, such as our aarch32 testing, where meson is not used to run the tests. Download the logs available on our CI site. ==== End log output ==== RHEL9 Kernel: Depends on container host Compiler: gcc 11.5.0 20240719 (Red Hat 11.5.0-2) Fedora 41 Kernel: Depends on container host Compiler: gcc 14.2.1 20240912 (Red Hat 14.2.1-3) Ubuntu 22.04 Kernel: Depends on container host Compiler: gcc (Ubuntu 11.4.0-1ubuntu1~22.04) 11.4.0 Debian 12 Kernel: Depends on container host Compiler: gcc (Debian 12.2.0-14) 12.2.0 CentOS Stream 10 Kernel: Depends on container host Compiler: gcc 14.2.1 20241104 (Red Hat 14.2.1-6) Fedora 40 (Clang) Kernel: Depends on container host Compiler: clang 18.1.8 (Fedora 18.1.8-1.fc40) RHEL8 Kernel: Depends on container host Compiler: gcc 8.5.0 20210514 (Red Hat 8.5.0-22) Ubuntu 24.04 Kernel: Depends on container host Compiler: gcc (Ubuntu 13.3.0-6ubuntu2~24.04) 13.3.0 Fedora 40 Kernel: Depends on container host Compiler: gcc 14.2.1 20240912 (Red Hat 14.2.1-3) Fedora 41 (Clang) Kernel: Depends on container host Compiler: clang 19.1.5 (Fedora 19.1.5-1.fc41) CentOS Stream 9 Kernel: Depends on container host Compiler: gcc 11.5.0 20240719 (Red Hat 11.5.0-2) Ubuntu 20.04 Kernel: Depends on container host Compiler: gcc (Ubuntu 9.4.0-1ubuntu1~20.04.2) 9.4.0 Windows Server 2022 Kernel: 10.0.20348.2031 Compiler: clang 15.0.7, gcc 14.1.0 (MinGW), and MSVC VS 19.39.33521 To view detailed results, visit: https://lab.dpdk.org/results/dashboard/tarballs/33521/ UNH-IOL DPDK Community Lab To manage your email subscriptions, visit: https://lab.dpdk.org/results/dashboard/preferences/subscriptions/