From mboxrd@z Thu Jan 1 00:00:00 1970 Return-Path: Received: from mails.dpdk.org (mails.dpdk.org [217.70.189.124]) by inbox.dpdk.org (Postfix) with ESMTP id 74B3246742 for ; Wed, 14 May 2025 09:00:21 +0200 (CEST) Received: from mails.dpdk.org (localhost [127.0.0.1]) by mails.dpdk.org (Postfix) with ESMTP id 566094025D; Wed, 14 May 2025 09:00:21 +0200 (CEST) Received: from mail-io1-f98.google.com (mail-io1-f98.google.com [209.85.166.98]) by mails.dpdk.org (Postfix) with ESMTP id 90C3F40041 for ; Wed, 14 May 2025 09:00:20 +0200 (CEST) Received: by mail-io1-f98.google.com with SMTP id ca18e2360f4ac-85b3f92c8f8so717594039f.1 for ; Wed, 14 May 2025 00:00:20 -0700 (PDT) DKIM-Signature: v=1; a=rsa-sha256; c=relaxed/relaxed; d=iol.unh.edu; s=unh-iol; t=1747206020; x=1747810820; darn=dpdk.org; h=cc:to:from:subject:message-id:date:from:to:cc:subject:date :message-id:reply-to; bh=pdn7RIDaSFJAv6YqN8s7FDJdVetKOBjZucMMmixMYLQ=; b=OpHMn6G5sgfW+Wgz43hbqIwJZ/wm5wvzu5sz8E79wuT3JHoHtbx90HJyeQgeZdi3uw fPCCGPNfMWpI9uVBPbAjFsnRo0CMSV3kyfWeOcsDrEjuJdEn67vDFL9J4WjXhsdkKD9J 6vJaqHUNZKb238Hgj9G4e0Qj7v+NDlQhExu1U= X-Google-DKIM-Signature: v=1; a=rsa-sha256; c=relaxed/relaxed; d=1e100.net; s=20230601; t=1747206020; x=1747810820; h=cc:to:from:subject:message-id:date:x-gm-message-state:from:to:cc :subject:date:message-id:reply-to; bh=pdn7RIDaSFJAv6YqN8s7FDJdVetKOBjZucMMmixMYLQ=; b=k9sWjnQm8WlOtVYALaRcCM1xX9rg5Ksdx8WcCmRfpFYIFVZT7YX3Ey0PjOZs2BTzdX sh37qlApqA6yaLeztCSxZs2QdsALNHe0byDdpri3XLdW4ZRPVbP3IJOtuJCVl7xcfToi g8uFxUlu6IPnPfKl1WvBpbxIdBlM+lwli6bOYyDCdnmzsDz2ZXu56DybEPe2f63w73eY 0Kg3qZWeSPrL2famvh31WMYqkDB7uc9t3U4ROwmjX7f6wmxbycDzdQoMzneIWKLfGlbG E9HQGllwrnnz1hG2DNAVZ+dl1tEIHLaeVVl7YO6TB2TyM2XL4XwDfvYG5WZAf1kLbhV+ NzjA== X-Gm-Message-State: AOJu0YzWTJ1CRqgj/XaSLveP0BNR+yTFnw8TgZWbZ8cX4JdAjB/H/xPv fkcANJu17Mz0AeWEpWWeK7rFzyUhiddufxea/1pBpw9xJrGK98i5Ebi+TyT6Ca31g4v43CAms8J UsRsPgvr05vqi1lsbFEtakvr8fldWMtQ4 X-Gm-Gg: ASbGncs54R5n4nqlPK7w6sHNytmH3xZaEkPNjYW8vvokNkCTdn5Iq/mzI0+c60C24LC AtfBaV3F3ABUzt48OXotUETD6WPmYULEAGS7bOSirVpEcIJXP0LtJ869Akh3n4kiwp7InHlyFM7 oaSiaYvMM/ueIfS6MUmIdr1v7wFcb5fni+pLn3JSglt+dl2f7Y/8WFrjaUgz3yzYRscVjCXVmrM QBLq9SUZFQPfS+j3zkFTEhdHylAMQqMgxbojGa/1rYkbVW6wWBWBbYsN1epOEGFLsXMmZV1eTIV 6uEtQd6WF/IY2uxfeMG3y1Wr9L9yZArwmmVg8ERvsgdsG7OoUPP0yZbmuqo= X-Google-Smtp-Source: AGHT+IFpXsW5pZ74svPm2nbZvo5NV+RGU9WBzWY+LE5Zmhg7JoZ90pyzfoDfzR5lK1nm8/PZomH33kBgm8jP X-Received: by 2002:a05:6214:27cb:b0:6f5:437a:dd5d with SMTP id 6a1803df08f44-6f896d8ae80mr38745056d6.0.1747206009440; Wed, 14 May 2025 00:00:09 -0700 (PDT) Received: from postal.iol.unh.edu (postal.iol.unh.edu. [132.177.123.84]) by smtp-relay.gmail.com with ESMTPS id 6a1803df08f44-6f6e39f87b4sm6525816d6.25.2025.05.14.00.00.09 (version=TLS1_2 cipher=ECDHE-ECDSA-AES128-GCM-SHA256 bits=128/128); Wed, 14 May 2025 00:00:09 -0700 (PDT) X-Relaying-Domain: iol.unh.edu Date: Wed, 14 May 2025 00:00:09 -0700 (PDT) Message-ID: <68243f79.050a0220.205fae.271aSMTPIN_ADDED_MISSING@mx.google.com> Received: from [172.21.0.5] (unknown [172.18.0.240]) by postal.iol.unh.edu (Postfix) with ESMTP id 1970D6052471; Wed, 14 May 2025 03:00:08 -0400 (EDT) Subject: |FAILURE| [GIT MASTER] 4401486b5e30d43a134f80f9802f60b5f43e74a8 From: dpdklab@iol.unh.edu To: Test Report Cc: dpdk-test-reports@iol.unh.edu, Xueming Li , Christian Ehrhardt , Kevin Traynor , Luca Boccassi Content-Type: text/plain X-BeenThere: test-report@dpdk.org X-Mailman-Version: 2.1.29 Precedence: list List-Id: automatic DPDK test reports List-Unsubscribe: , List-Archive: List-Post: List-Help: List-Subscribe: , Errors-To: test-report-bounces@dpdk.org _Testing issues_ Branch: tags/v22.11 4401486b5e30d43a134f80f9802f60b5f43e74a8 --> testing issues Upstream job id: Generic-Unit-Test-DPDK#337577 Test environment and result as below: +---------------------+----------------+ | Environment | dpdk_unit_test | +=====================+================+ | RHEL9 | FAIL | +---------------------+----------------+ | Fedora 41 | FAIL | +---------------------+----------------+ | Ubuntu 22.04 | FAIL | +---------------------+----------------+ | Debian 12 | FAIL | +---------------------+----------------+ | CentOS Stream 10 | FAIL | +---------------------+----------------+ | Fedora 40 (Clang) | FAIL | +---------------------+----------------+ | RHEL8 | FAIL | +---------------------+----------------+ | Ubuntu 24.04 | FAIL | +---------------------+----------------+ | Fedora 40 | FAIL | +---------------------+----------------+ | Fedora 41 (Clang) | FAIL | +---------------------+----------------+ | CentOS Stream 9 | FAIL | +---------------------+----------------+ | Ubuntu 20.04 | PASS | +---------------------+----------------+ | Windows Server 2022 | FAIL | +---------------------+----------------+ ==== Unit test summary for Windows Server 2022 (dpdk_unit_test): ==== Failed to get the unit test results. Displaying the unit test results is not supported for some environments, such as our aarch32 testing, where meson is not used to run the tests. Download the logs available on our CI site. ==== End log output ==== RHEL9 Kernel: Depends on container host Compiler: gcc 11.5.0 20240719 (Red Hat 11.5.0-2) Fedora 41 Kernel: Depends on container host Compiler: gcc 14.2.1 20240912 (Red Hat 14.2.1-3) Ubuntu 22.04 Kernel: Depends on container host Compiler: gcc (Ubuntu 11.4.0-1ubuntu1~22.04) 11.4.0 Debian 12 Kernel: Depends on container host Compiler: gcc (Debian 12.2.0-14) 12.2.0 CentOS Stream 10 Kernel: Depends on container host Compiler: gcc 14.2.1 20241104 (Red Hat 14.2.1-6) Fedora 40 (Clang) Kernel: Depends on container host Compiler: clang 18.1.8 (Fedora 18.1.8-1.fc40) RHEL8 Kernel: Depends on container host Compiler: gcc 8.5.0 20210514 (Red Hat 8.5.0-22) Ubuntu 24.04 Kernel: Depends on container host Compiler: gcc (Ubuntu 13.3.0-6ubuntu2~24.04) 13.3.0 Fedora 40 Kernel: Depends on container host Compiler: gcc 14.2.1 20240912 (Red Hat 14.2.1-3) Fedora 41 (Clang) Kernel: Depends on container host Compiler: clang 19.1.5 (Fedora 19.1.5-1.fc41) CentOS Stream 9 Kernel: Depends on container host Compiler: gcc 11.5.0 20240719 (Red Hat 11.5.0-2) Ubuntu 20.04 Kernel: Depends on container host Compiler: gcc (Ubuntu 9.4.0-1ubuntu1~20.04.2) 9.4.0 Windows Server 2022 Kernel: 10.0.20348.2031 Compiler: clang 15.0.7, gcc 14.1.0 (MinGW), and MSVC VS 19.39.33521 To view detailed results, visit: https://lab.dpdk.org/results/dashboard/tarballs/33521/ UNH-IOL DPDK Community Lab To manage your email subscriptions, visit: https://lab.dpdk.org/results/dashboard/preferences/subscriptions/