From mboxrd@z Thu Jan 1 00:00:00 1970 Return-Path: Received: from mails.dpdk.org (mails.dpdk.org [217.70.189.124]) by inbox.dpdk.org (Postfix) with ESMTP id 72C4F46746 for ; Wed, 14 May 2025 14:02:25 +0200 (CEST) Received: from mails.dpdk.org (localhost [127.0.0.1]) by mails.dpdk.org (Postfix) with ESMTP id 6A450402E5; Wed, 14 May 2025 14:02:25 +0200 (CEST) Received: from mail-qv1-f99.google.com (mail-qv1-f99.google.com [209.85.219.99]) by mails.dpdk.org (Postfix) with ESMTP id CF411402C8 for ; Wed, 14 May 2025 14:02:23 +0200 (CEST) Received: by mail-qv1-f99.google.com with SMTP id 6a1803df08f44-6f2b04a6169so79547976d6.1 for ; Wed, 14 May 2025 05:02:23 -0700 (PDT) DKIM-Signature: v=1; a=rsa-sha256; c=relaxed/relaxed; d=iol.unh.edu; s=unh-iol; t=1747224143; x=1747828943; darn=dpdk.org; h=references:in-reply-to:cc:to:from:subject:message-id:date:from:to :cc:subject:date:message-id:reply-to; bh=/GjbOZDIXe65Yy8dignnB4mjlssgoCaDnA6ZsD3eZ8A=; b=RVCcGoJDf3iv+0hEF65kqhz5R9y1s0TAbYgreBjh4fyQUTrb/7wSZWscAbBRn09RMf Fj1mjjCLM4nL/gk7ANMvCiXulMWUGVnU5K5+h9T1IrhZB2YALqnvHhSExr9tWwCvWj3M 1flr/3APwLL6JpTsQ3yF7hnYu/GqbTTPYnRUg= X-Google-DKIM-Signature: v=1; a=rsa-sha256; c=relaxed/relaxed; d=1e100.net; s=20230601; t=1747224143; x=1747828943; h=references:in-reply-to:cc:to:from:subject:message-id:date :x-gm-message-state:from:to:cc:subject:date:message-id:reply-to; bh=/GjbOZDIXe65Yy8dignnB4mjlssgoCaDnA6ZsD3eZ8A=; b=iyryGf65B1j8rJO1h1cpIQIsTikPUpSVaJ98evIb0favfWLk17uh8XhkVngFKA00/D 7K6PxqwKX0VSSXcRZAgVLK+gyd8Pv183vXW6jGnLXpkAcx7AJnoRUuP0eHvf0OedNwfl QUxIptzp7x683YRo4Y3vCt6S+VWF/yClWvsTsPEJ4Tk4FUTPwgNqnRbTjN8lIQgMCPth scsZ5D6TLs8n1VsQ/jSrEIPpa4VkXgD0yDMDarJegfl8IDo5rcfxqLYdFyg3mbF2ynXW vNkZxoxBahe6ycf5kbp09KI/UwVxxq/SWMdHkEcQ1LYUsw8D9K5fT8vEQ3mouTxS17d4 PKZg== X-Gm-Message-State: AOJu0YxZckZKbJuKePEuxwSGZtl0+ihGwAY9RYP3MutA0ehIKolmWYsx caACgYS9DgyAj0rx7KO+cyASWUuDcxuskZ3DkDGa3IuuSobeFPrERgv0NcDUyK/gCnxuJLJXSMu 5SKADhsAYpN5lNsao3Mqi6UVE1ohacCNatPHvRcA6 X-Gm-Gg: ASbGncvzGe3xDXNCt2O7qe5MgzhLZlB8vYjAsTUEy62oji/h/cdMUQx3KWbsgpjXpnI 2WyzleimfoaQxwBXmwtun6kRLdl5kshtJcP6vUJVnIq4ZNSLuXsAkNMBoly/lQdD5fF6cPKcl3O BXWToQpFHUCl/J01Y7IA8mQrfIVskKY4D6QPIfnkqhGB32L7W+7p5tObt9bGEVkmCKIbU0JICR0 RDjecpTfkDRGmiVJ2iM9cCgP+SDnkJRCkY0XfiPxejCG7KvYzGRfFE+vcQQmInHyIqSmnAbisa9 PDZVBBwFaLkjgKXsXGrFET4JAk9I/bkhAzyezkMQGk9QgW/I8Eybc+zGd5I= X-Google-Smtp-Source: AGHT+IFocF3zRHFnGVIS2aIc7RTcliT9XCHhKYKJ4Lze8coYID5mw8RL6A0MnxTxHhodiChBnDmxl5RKEFYb X-Received: by 2002:a05:6214:2a87:b0:6e4:2dcb:33c8 with SMTP id 6a1803df08f44-6f896eeb220mr40495956d6.29.1747224143164; Wed, 14 May 2025 05:02:23 -0700 (PDT) Received: from postal.iol.unh.edu (postal.iol.unh.edu. [132.177.123.84]) by smtp-relay.gmail.com with ESMTPS id 6a1803df08f44-6f6e3a0dbe1sm6701346d6.29.2025.05.14.05.02.23 (version=TLS1_2 cipher=ECDHE-ECDSA-AES128-GCM-SHA256 bits=128/128); Wed, 14 May 2025 05:02:23 -0700 (PDT) X-Relaying-Domain: iol.unh.edu Date: Wed, 14 May 2025 05:02:23 -0700 (PDT) Message-ID: <6824864f.050a0220.ca67f.48a4SMTPIN_ADDED_MISSING@mx.google.com> Received: from [172.17.0.5] (unknown [172.18.0.74]) by postal.iol.unh.edu (Postfix) with ESMTP id D3CDB6052471; Wed, 14 May 2025 08:02:22 -0400 (EDT) Subject: |FAILURE| pw153438 [PATCH] examples: remove check for old broken pkg From: dpdklab@iol.unh.edu To: Test Report Cc: dpdk-test-reports@iol.unh.edu, Bruce Richardson In-Reply-To: <20250514100306.11717-1-bruce.richardson@intel.com> References: <20250514100306.11717-1-bruce.richardson@intel.com> Content-Type: text/plain X-BeenThere: test-report@dpdk.org X-Mailman-Version: 2.1.29 Precedence: list List-Id: automatic DPDK test reports List-Unsubscribe: , List-Archive: List-Post: List-Help: List-Subscribe: , Errors-To: test-report-bounces@dpdk.org Test-Label: iol-unit-amd64-testing Test-Status: FAILURE http://dpdk.org/patch/153438 _Testing issues_ Submitter: Bruce Richardson Date: Wednesday, May 14 2025 10:03:06 DPDK git baseline: Repo:dpdk Branch: master CommitID:2bf836de46d36a81f9321f947fbfce52b3180782 153438 --> testing issues Upstream job id: Generic-VM-Unit-Test-DPDK#28508 Test environment and result as below: +---------------------+----------------+ | Environment | dpdk_unit_test | +=====================+================+ | CentOS Stream 9 | PASS | +---------------------+----------------+ | Debian 12 | PASS | +---------------------+----------------+ | CentOS Stream 10 | PASS | +---------------------+----------------+ | Fedora 40 | PASS | +---------------------+----------------+ | RHEL8 | PASS | +---------------------+----------------+ | Ubuntu 22.04 | PASS | +---------------------+----------------+ | Fedora 40 (Clang) | PASS | +---------------------+----------------+ | Fedora 41 (Clang) | PASS | +---------------------+----------------+ | RHEL9 | PASS | +---------------------+----------------+ | Fedora 41 | FAIL | +---------------------+----------------+ | Ubuntu 24.04 | PASS | +---------------------+----------------+ | Ubuntu 20.04 | PASS | +---------------------+----------------+ | Windows Server 2022 | PASS | +---------------------+----------------+ ==== Unit test summary for Fedora 41 (dpdk_unit_test): ==== ninja: Entering directory `/root/workspace/Generic-Unit-Test-DPDK/dpdk/build' ninja: no work to do. 1/119 DPDK:fast-tests / acl_autotest OK 3.69s 2/119 DPDK:fast-tests / alarm_autotest OK 1.19s 3/119 DPDK:fast-tests / argparse_autotest OK 0.18s 4/119 DPDK:fast-tests / atomic_autotest OK 0.36s 5/119 DPDK:fast-tests / bitcount_autotest OK 0.18s 6/119 DPDK:fast-tests / bitmap_autotest OK 0.17s 7/119 DPDK:fast-tests / bitops_autotest OK 1.89s 8/119 DPDK:fast-tests / bitratestats_autotest OK 0.18s 9/119 DPDK:fast-tests / bitset_autotest OK 2.09s 10/119 DPDK:fast-tests / bpf_autotest OK 0.19s 11/119 DPDK:fast-tests / bpf_convert_autotest OK 0.39s 12/119 DPDK:fast-tests / byteorder_autotest OK 0.17s 13/119 DPDK:fast-tests / cfgfile_autotest OK 0.17s 14/119 DPDK:fast-tests / cksum_autotest OK 0.18s 15/119 DPDK:fast-tests / cmdline_autotest OK 0.18s 16/119 DPDK:fast-tests / common_autotest OK 0.55s 17/119 DPDK:fast-tests / compressdev_autotest SKIP 0.15s exit status 77 18/119 DPDK:fast-tests / cpuflags_autotest OK 0.19s 19/119 DPDK:fast-tests / crc_autotest OK 0.40s 20/119 DPDK:fast-tests / user_delay_us OK 0.26s 21/119 DPDK:fast-tests / debug_autotest OK 0.93s 22/119 DPDK:fast-tests / devargs_autotest OK 0.18s 23/119 DPDK:fast-tests / dispatcher_autotest SKIP 0.15s exit status 77 24/119 DPDK:fast-tests / distributor_autotest OK 1.52s 25/119 DPDK:fast-tests / eal_flags_c_opt_autotest OK 1.46s 26/119 DPDK:fast-tests / eal_flags_main_opt_autotest OK 0.94s 27/119 DPDK:fast-tests / eal_flags_n_opt_autotest OK 1.17s 28/119 DPDK:fast-tests / eal_flags_hpet_autotest OK 0.50s 29/119 DPDK:fast-tests / eal_flags_no_huge_autotest OK 0.50s 30/119 DPDK:fast-tests / eal_flags_a_opt_autotest OK 1.13s 31/119 DPDK:fast-tests / eal_flags_b_opt_autotest OK 0.50s 32/119 DPDK:fast-tests / eal_flags_vdev_opt_autotest OK 0.72s 33/119 DPDK:fast-tests / eal_flags_r_opt_autotest OK 0.30s 34/119 DPDK:fast-tests / eal_flags_mem_autotest OK 0.68s 35/119 DPDK:fast-tests / eal_flags_file_prefix_autotest OK 3.68s 36/119 DPDK:fast-tests / eal_flags_misc_autotest OK 4.50s 37/119 DPDK:fast-tests / eal_fs_autotest OK 0.17s 38/119 DPDK:fast-tests / errno_autotest OK 0.17s 39/119 DPDK:fast-tests / ethdev_link_status OK 0.20s 40/119 DPDK:fast-tests / event_eth_tx_adapter_autotest OK 1.95s 41/119 DPDK:fast-tests / event_ring_autotest OK 0.30s 42/119 DPDK:fast-tests / eventdev_common_autotest OK 0.23s 43/119 DPDK:fast-tests / eventdev_selftest_sw OK 0.22s 44/119 DPDK:fast-tests / fbarray_autotest OK 0.18s 45/119 DPDK:fast-tests / fib_autotest OK 2.11s 46/119 DPDK:fast-tests / fib6_autotest OK 0.81s 47/119 DPDK:fast-tests / func_reentrancy_autotest OK 1.96s 48/119 DPDK:fast-tests / graph_autotest OK 0.24s 49/119 DPDK:fast-tests / node_list_dump OK 0.16s 50/119 DPDK:fast-tests / hash_autotest OK 0.25s 51/119 DPDK:fast-tests / hash_readwrite_func_autotest SKIP 0.13s exit status 77 52/119 DPDK:fast-tests / interrupt_autotest OK 1.43s 53/119 DPDK:fast-tests / ipfrag_autotest OK 0.16s 54/119 DPDK:fast-tests / ipsec_autotest SKIP 0.29s exit status 77 55/119 DPDK:fast-tests / kvargs_autotest OK 0.18s 56/119 DPDK:fast-tests / latencystats_autotest OK 0.82s 57/119 DPDK:fast-tests / lcore_var_autotest OK 0.32s 58/119 DPDK:fast-tests / lcores_autotest OK 0.88s 59/119 DPDK:fast-tests / logs_autotest OK 0.18s 60/119 DPDK:fast-tests / lpm_autotest OK 1.94s 61/119 DPDK:fast-tests / lpm6_autotest OK 3.62s 62/119 DPDK:fast-tests / malloc_autotest OK 0.37s 63/119 DPDK:fast-tests / mbuf_autotest OK 0.48s 64/119 DPDK:fast-tests / mcslock_autotest OK 0.47s 65/119 DPDK:fast-tests / member_autotest OK 1.80s 66/119 DPDK:fast-tests / memcpy_autotest OK 2.28s 67/119 DPDK:fast-tests / memory_autotest OK 0.14s 68/119 DPDK:fast-tests / mempool_autotest OK 0.42s 69/119 DPDK:fast-tests / memzone_autotest OK 0.19s 70/119 DPDK:fast-tests / meter_autotest OK 0.17s 71/119 DPDK:fast-tests / metrics_autotest OK 0.16s 72/119 DPDK:fast-tests / multiprocess_autotest OK 0.25s 73/119 DPDK:fast-tests / net_ether_autotest OK 0.47s 74/119 DPDK:fast-tests / net_ipv6_autotest OK 0.17s 75/119 DPDK:fast-tests / pcapng_autotest FAIL 7.14s (exit status 255 or signal 127 SIGinvalid) >>> DPDK_TEST=pcapng_autotest MALLOC_PERTURB_=249 /root/workspace/Generic-Unit-Test-DPDK/dpdk/build/app/dpdk-test --no-huge -m 2048 76/119 DPDK:fast-tests / pdcp_autotest SKIP 0.15s exit status 77 77/119 DPDK:fast-tests / pdump_autotest OK 0.33s 78/119 DPDK:fast-tests / per_lcore_autotest OK 0.26s 79/119 DPDK:fast-tests / pflock_autotest OK 0.28s 80/119 DPDK:fast-tests / pie_autotest OK 0.18s 81/119 DPDK:fast-tests / ring_pmd_autotest OK 0.17s 82/119 DPDK:fast-tests / power_autotest OK 0.16s 83/119 DPDK:fast-tests / power_cpufreq_autotest SKIP 0.14s exit status 77 84/119 DPDK:fast-tests / power_intel_uncore_autotest SKIP 0.19s exit status 77 85/119 DPDK:fast-tests / power_kvm_vm_autotest SKIP 0.15s exit status 77 86/119 DPDK:fast-tests / prefetch_autotest OK 0.19s 87/119 DPDK:fast-tests / ptr_compress_autotest OK 0.18s 88/119 DPDK:fast-tests / rawdev_autotest OK 0.18s 89/119 DPDK:fast-tests / rcu_qsbr_autotest OK 0.29s 90/119 DPDK:fast-tests / reorder_autotest OK 0.32s 91/119 DPDK:fast-tests / rib_autotest OK 3.44s 92/119 DPDK:fast-tests / rib6_autotest OK 5.08s 93/119 DPDK:fast-tests / ring_autotest OK 0.18s 94/119 DPDK:fast-tests / rwlock_test1_autotest OK 0.41s 95/119 DPDK:fast-tests / rwlock_rda_autotest OK 5.20s 96/119 DPDK:fast-tests / rwlock_rds_wrm_autotest OK 5.47s 97/119 DPDK:fast-tests / rwlock_rde_wro_autotest OK 5.52s 98/119 DPDK:fast-tests / sched_autotest OK 0.65s 99/119 DPDK:fast-tests / security_autotest OK 0.15s 100/119 DPDK:fast-tests / seqlock_autotest SKIP 0.19s exit status 77 101/119 DPDK:fast-tests / service_autotest OK 0.29s 102/119 DPDK:fast-tests / soring_autotest OK 0.18s 103/119 DPDK:fast-tests / spinlock_autotest OK 0.20s 104/119 DPDK:fast-tests / stack_autotest OK 0.20s 105/119 DPDK:fast-tests / stack_lf_autotest OK 0.59s 106/119 DPDK:fast-tests / string_autotest OK 0.96s 107/119 DPDK:fast-tests / table_autotest OK 7.55s 108/119 DPDK:fast-tests / tailq_autotest OK 0.36s 109/119 DPDK:fast-tests / telemetry_data_autotest OK 0.35s 110/119 DPDK:fast-tests / telemetry_json_autotest OK 0.42s 111/119 DPDK:fast-tests / thash_autotest OK 0.24s 112/119 DPDK:fast-tests / threads_autotest OK 0.35s 113/119 DPDK:fast-tests / ticketlock_autotest OK 0.18s 114/119 DPDK:fast-tests / timer_autotest OK 3.80s 115/119 DPDK:fast-tests / trace_autotest OK 0.65s 116/119 DPDK:fast-tests / trace_autotest_with_traces OK 0.17s 117/119 DPDK:fast-tests / vdev_autotest OK 0.16s 118/119 DPDK:fast-tests / version_autotest OK 0.16s 119/119 DPDK:fast-tests / telemetry_all SKIP 0.01s exit status 77 Ok: 108 Expected Fail: 0 Fail: 1 Unexpected Pass: 0 Skipped: 10 Timeout: 0 Full log written to /root/workspace/Generic-Unit-Test-DPDK/dpdk/build/meson-logs/testlog.txt Test log output from the failed test pcapng_autotest: Sorry, we were not able to find the logs for this test. Download the log output from the CI site for this test run. ==== End log output ==== CentOS Stream 9 Kernel: Depends on container host Compiler: gcc 11.5.0 20240719 (Red Hat 11.5.0-2) Debian 12 Kernel: Depends on container host Compiler: gcc (Debian 12.2.0-14) 12.2.0 CentOS Stream 10 Kernel: Depends on container host Compiler: gcc 14.2.1 20241104 (Red Hat 14.2.1-6) Fedora 40 Kernel: Depends on container host Compiler: gcc 14.2.1 20240912 (Red Hat 14.2.1-3) RHEL8 Kernel: Depends on container host Compiler: gcc 8.5.0 20210514 (Red Hat 8.5.0-22) Ubuntu 22.04 Kernel: Depends on container host Compiler: gcc (Ubuntu 11.4.0-1ubuntu1~22.04) 11.4.0 Fedora 40 (Clang) Kernel: Depends on container host Compiler: clang 18.1.8 (Fedora 18.1.8-1.fc40) Fedora 41 (Clang) Kernel: Depends on container host Compiler: clang 19.1.5 (Fedora 19.1.5-1.fc41) RHEL9 Kernel: Depends on container host Compiler: gcc 11.5.0 20240719 (Red Hat 11.5.0-2) Fedora 41 Kernel: Depends on container host Compiler: gcc 14.2.1 20240912 (Red Hat 14.2.1-3) Ubuntu 24.04 Kernel: Depends on container host Compiler: gcc (Ubuntu 13.3.0-6ubuntu2~24.04) 13.3.0 Ubuntu 20.04 Kernel: Depends on container host Compiler: gcc (Ubuntu 9.4.0-1ubuntu1~20.04.2) 9.4.0 Windows Server 2022 Kernel: 10.0.20348.2031 Compiler: clang 15.0.7, gcc 14.1.0 (MinGW), and MSVC VS 19.39.33521 To view detailed results, visit: https://lab.dpdk.org/results/dashboard/patchsets/33170/ UNH-IOL DPDK Community Lab To manage your email subscriptions, visit: https://lab.dpdk.org/results/dashboard/preferences/subscriptions/