automatic DPDK test reports
 help / color / mirror / Atom feed
From: dpdklab@iol.unh.edu
To: Test Report <test-report@dpdk.org>
Cc: dpdk-test-reports@iol.unh.edu
Subject: |PENDING| pw153439 [PATCH] net/intel: reduce size of common Tx queue
Date: Wed, 14 May 2025 08:51:15 -0700 (PDT)	[thread overview]
Message-ID: <6824bbf3.050a0220.203a17.b35dSMTPIN_ADDED_MISSING@mx.google.com> (raw)
In-Reply-To: <20250514125733.1364644-1-shaiq.wani@intel.com>

Test-Label: iol-compile-amd64-testing
Test-Status: PENDING
http://dpdk.org/patch/153439

_Testing pending_

Submitter: Shaiq Wani <shaiq.wani@intel.com>
Date: Wednesday, May 14 2025 12:57:33 
DPDK git baseline: Repo:dpdk
  Branch: master
  CommitID:5b3328195d3c7cc013eb0d7a0b99ab6791d46a77

153439 --> testing pending

Upstream job id: Generic-DPDK-Compile-Meson#387921

Test environment and result as below:

+-------------------+--------------------+-------------------+------------------+
|    Environment    | dpdk_meson_compile | dpdk_compile_spdk | dpdk_compile_ovs |
+===================+====================+===================+==================+
| CentOS Stream 9   | PEND               | PEND              | SKIPPED          |
+-------------------+--------------------+-------------------+------------------+
| CentOS Stream 10  | PASS               | SKIPPED           | SKIPPED          |
+-------------------+--------------------+-------------------+------------------+
| Debian 12         | PEND               | PEND              | SKIPPED          |
+-------------------+--------------------+-------------------+------------------+
| Fedora 40 (Clang) | PEND               | PEND              | SKIPPED          |
+-------------------+--------------------+-------------------+------------------+
| Fedora 41 (Clang) | PEND               | PEND              | PEND             |
+-------------------+--------------------+-------------------+------------------+
| openSUSE Leap 15  | PEND               | SKIPPED           | SKIPPED          |
+-------------------+--------------------+-------------------+------------------+
| RHEL8             | PEND               | SKIPPED           | SKIPPED          |
+-------------------+--------------------+-------------------+------------------+
| RHEL9             | PEND               | SKIPPED           | SKIPPED          |
+-------------------+--------------------+-------------------+------------------+


CentOS Stream 9
	Kernel: Depends on container host
	Compiler: gcc 11.5.0 20240719 (Red Hat 11.5.0-2)

CentOS Stream 10
	Kernel: Depends on container host
	Compiler: gcc 14.2.1 20241104 (Red Hat 14.2.1-6)

Debian 12
	Kernel: Depends on container host
	Compiler: gcc (Debian 12.2.0-14) 12.2.0

Fedora 40 (Clang)
	Kernel: Depends on container host
	Compiler: clang 18.1.8 (Fedora 18.1.8-1.fc40)

Fedora 41 (Clang)
	Kernel: Depends on container host
	Compiler: clang 19.1.5 (Fedora 19.1.5-1.fc41)

openSUSE Leap 15
	Kernel: Depends on container host
	Compiler: gcc (SUSE Linux) 7.5.0

RHEL8
	Kernel: Depends on container host
	Compiler: gcc 8.5.0 20210514 (Red Hat 8.5.0-22)

RHEL9
	Kernel: Depends on container host
	Compiler: gcc 11.5.0 20240719 (Red Hat 11.5.0-2)

To view detailed results, visit:
https://lab.dpdk.org/results/dashboard/patchsets/33172/

UNH-IOL DPDK Community Lab

To manage your email subscriptions, visit: 
https://lab.dpdk.org/results/dashboard/preferences/subscriptions/

  parent reply	other threads:[~2025-05-14 15:51 UTC|newest]

Thread overview: 30+ messages / expand[flat|nested]  mbox.gz  Atom feed  top
     [not found] <20250514125733.1364644-1-shaiq.wani@intel.com>
2025-05-14 12:23 ` |SUCCESS| pw153439 [PATCH] net/intel: reduce size of common Tx queue struct qemudev
2025-05-14 12:27 ` qemudev
2025-05-14 12:57 ` checkpatch
2025-05-14 15:11 ` |SUCCESS| pw153439 [PATCH] net/intel: reduce size of common Tx queue dpdklab
2025-05-14 15:13 ` dpdklab
2025-05-14 15:21 ` dpdklab
2025-05-14 15:21 ` dpdklab
2025-05-14 15:29 ` dpdklab
2025-05-14 15:30 ` dpdklab
2025-05-14 15:31 ` |PENDING| " dpdklab
2025-05-14 15:33 ` |SUCCESS| " dpdklab
2025-05-14 15:36 ` |PENDING| " dpdklab
2025-05-14 15:37 ` |SUCCESS| " dpdklab
2025-05-14 15:37 ` |FAILURE| " dpdklab
2025-05-14 15:38 ` dpdklab
2025-05-14 15:51 ` |SUCCESS| " dpdklab
2025-05-14 15:51 ` dpdklab [this message]
2025-05-14 15:54 ` |FAILURE| " dpdklab
2025-05-14 15:54 ` dpdklab
2025-05-14 15:58 ` dpdklab
2025-05-14 16:03 ` |PENDING| " dpdklab
2025-05-14 16:04 ` |WARNING| " dpdklab
2025-05-14 16:28 ` |SUCCESS| " dpdklab
2025-05-14 16:33 ` dpdklab
2025-05-14 16:49 ` |FAILURE| " dpdklab
2025-05-14 16:50 ` dpdklab
2025-05-14 16:57 ` |SUCCESS| " dpdklab
2025-05-14 17:01 ` |WARNING| " dpdklab
2025-05-14 17:09 ` dpdklab
2025-05-14 17:36 ` |SUCCESS| " dpdklab

Reply instructions:

You may reply publicly to this message via plain-text email
using any one of the following methods:

* Save the following mbox file, import it into your mail client,
  and reply-to-all from there: mbox

  Avoid top-posting and favor interleaved quoting:
  https://en.wikipedia.org/wiki/Posting_style#Interleaved_style

* Reply using the --to, --cc, and --in-reply-to
  switches of git-send-email(1):

  git send-email \
    --in-reply-to=6824bbf3.050a0220.203a17.b35dSMTPIN_ADDED_MISSING@mx.google.com \
    --to=dpdklab@iol.unh.edu \
    --cc=dpdk-test-reports@iol.unh.edu \
    --cc=test-report@dpdk.org \
    /path/to/YOUR_REPLY

  https://kernel.org/pub/software/scm/git/docs/git-send-email.html

* If your mail client supports setting the In-Reply-To header
  via mailto: links, try the mailto: link
Be sure your reply has a Subject: header at the top and a blank line before the message body.
This is a public inbox, see mirroring instructions
for how to clone and mirror all data and code used for this inbox;
as well as URLs for NNTP newsgroup(s).