From mboxrd@z Thu Jan 1 00:00:00 1970 Return-Path: Received: from mails.dpdk.org (mails.dpdk.org [217.70.189.124]) by inbox.dpdk.org (Postfix) with ESMTP id 1FD6146747 for ; Wed, 14 May 2025 17:54:30 +0200 (CEST) Received: from mails.dpdk.org (localhost [127.0.0.1]) by mails.dpdk.org (Postfix) with ESMTP id 1AF22402DC; Wed, 14 May 2025 17:54:30 +0200 (CEST) Received: from mail-il1-f225.google.com (mail-il1-f225.google.com [209.85.166.225]) by mails.dpdk.org (Postfix) with ESMTP id 99A0E402C8 for ; Wed, 14 May 2025 17:54:28 +0200 (CEST) Received: by mail-il1-f225.google.com with SMTP id e9e14a558f8ab-3d948ce7d9dso27333945ab.2 for ; Wed, 14 May 2025 08:54:28 -0700 (PDT) DKIM-Signature: v=1; a=rsa-sha256; c=relaxed/relaxed; d=iol.unh.edu; s=unh-iol; t=1747238068; x=1747842868; darn=dpdk.org; h=references:in-reply-to:cc:to:from:subject:message-id:date:from:to :cc:subject:date:message-id:reply-to; bh=/e5FpfuOTZf7yK5xtMB8mew73ZDSVe+EMCns+U0mxAU=; b=cGLpV61plKPPuyYy/YzygCp93MYKMEV7YmCCj+4s+Fvu+mGGXqTgx7JWOQTmuHzmrk 4Q0kpCdsGoA091OpJ8SbWUBKqH/CPX0gl0UMgJORdxhuwnYFusSXtUJSZXPwNpaYWL2y 0Bbj+x903S99BeHCC41Nm8yXcexnuO5QNbdD0= X-Google-DKIM-Signature: v=1; a=rsa-sha256; c=relaxed/relaxed; d=1e100.net; s=20230601; t=1747238068; x=1747842868; h=references:in-reply-to:cc:to:from:subject:message-id:date :x-gm-message-state:from:to:cc:subject:date:message-id:reply-to; bh=/e5FpfuOTZf7yK5xtMB8mew73ZDSVe+EMCns+U0mxAU=; b=frwisNSulyiXFEIAd6q9TWhlqfa+lzRsCf/WFQ2zDOkm6hb0PXyxMcnTg457jfWcYx CPlZswrpahnoG5oK6lDUXqDUTOkJVSegGSRKSBhNU9Z63oqGP01it3sBY8kO6kX2WsxL c+rk/x6FOVWsMaRvg7h729yeEvCUV54ZB1QGb3Wx2h3y7aOwcyvFI1KJVoChpxQ/c29F gJ+dqwH0guX0D7IXtX668s6MBl8Zwzs41C5YjPaKIU8vW/YU5z1EQ8OBg0+2RPXBMrtj jMiGwa+A+edQgGsoeUsDRTEy4Xc6LZeRTFqUxQzz0Fxd/IOxucPhRM7nBt62DMaqs0Nt sl3g== X-Gm-Message-State: AOJu0YwGkw+FuJKv6Bf+89Vu8EYrI8ej3Eg7NgjmbUrWDCMaD9s0fTTh 2EqXt4W/EviMYm7tZokAaAb1qCROJm7Hh7Cm5xw4916B/TpNSqjSc6KZ4w+ICyWI1lVz7O4Jdor a9iIim2Tq4Uu6zKTAv4nGjjX69ENGVMuj5dsSJtZt X-Gm-Gg: ASbGncssd4mDBaFt72W47PwNkjmaqaHG8NLw03elpiS/3282HeuCp0ifG9ooN87m5pP x5Bf7/B2u0FxYubhabwc94IY4DMJQQPk1e223uuizT5YnHqFZyG4WQGSmq3xyI3/d86Mf8ntM2C dKteVSYfjTE4kXBZQzT1yC1xoItpNIKDOjd5DadylbO7p58Eo2nLvopMj0Liry27AHlqPMuVlIZ Q1jLjZBRKIb08KM6KQ/+DHmhq0358KHSz+3Xkx/DDL48ox9xtPn/N4qEjHhSaQMv8V675nmnuj7 Bz3o64WnQXOtQFkilllGiGGeoqqPxRGs10GX3X82mFjVPtGplhVwoj4yPmQ= X-Google-Smtp-Source: AGHT+IF5JXOpIxm7MvNRIUOJ+crot+ZefLQh80Kh7RVK7IhzBhOMkBtt5z2qz4J9EzISffnOoP/+5JyU9wRz X-Received: by 2002:a05:6e02:1582:b0:3d8:1d7c:e180 with SMTP id e9e14a558f8ab-3db6f7a882amr41235115ab.6.1747238067782; Wed, 14 May 2025 08:54:27 -0700 (PDT) Received: from postal.iol.unh.edu (postal.iol.unh.edu. [132.177.123.84]) by smtp-relay.gmail.com with ESMTPS id e9e14a558f8ab-3da7e15bc98sm7458305ab.51.2025.05.14.08.54.27 (version=TLS1_2 cipher=ECDHE-ECDSA-AES128-GCM-SHA256 bits=128/128); Wed, 14 May 2025 08:54:27 -0700 (PDT) X-Relaying-Domain: iol.unh.edu Date: Wed, 14 May 2025 08:54:27 -0700 (PDT) Message-ID: <6824bcb3.050a0220.3b2150.7df6SMTPIN_ADDED_MISSING@mx.google.com> Received: from [172.21.0.6] (unknown [172.18.0.240]) by postal.iol.unh.edu (Postfix) with ESMTP id 487626052471; Wed, 14 May 2025 11:54:27 -0400 (EDT) Subject: |FAILURE| pw153439 [PATCH] net/intel: reduce size of common Tx queue From: dpdklab@iol.unh.edu To: Test Report Cc: dpdk-test-reports@iol.unh.edu, Shaiq Wani In-Reply-To: <20250514125733.1364644-1-shaiq.wani@intel.com> References: <20250514125733.1364644-1-shaiq.wani@intel.com> Content-Type: text/plain X-BeenThere: test-report@dpdk.org X-Mailman-Version: 2.1.29 Precedence: list List-Id: automatic DPDK test reports List-Unsubscribe: , List-Archive: List-Post: List-Help: List-Subscribe: , Errors-To: test-report-bounces@dpdk.org Test-Label: iol-compile-amd64-testing Test-Status: FAILURE http://dpdk.org/patch/153439 _Testing issues_ Submitter: Shaiq Wani Date: Wednesday, May 14 2025 12:57:33 DPDK git baseline: Repo:dpdk Branch: master CommitID:5b3328195d3c7cc013eb0d7a0b99ab6791d46a77 153439 --> testing issues Upstream job id: Generic-VM-DPDK-Compile-Meson#35412 Test environment and result as below: +-----------------------------------+--------------------+-------------------+------------------+-------------------+ | Environment | dpdk_meson_compile | dpdk_compile_spdk | dpdk_compile_ovs | dpdk_msvc_compile | +===================================+====================+===================+==================+===================+ | CentOS Stream 9 | PASS | PASS | SKIPPED | SKIPPED | +-----------------------------------+--------------------+-------------------+------------------+-------------------+ | CentOS Stream 10 | PASS | SKIPPED | SKIPPED | SKIPPED | +-----------------------------------+--------------------+-------------------+------------------+-------------------+ | Debian 12 | PEND | PEND | SKIPPED | SKIPPED | +-----------------------------------+--------------------+-------------------+------------------+-------------------+ | Fedora 40 (Clang) | PEND | PEND | SKIPPED | SKIPPED | +-----------------------------------+--------------------+-------------------+------------------+-------------------+ | Fedora 41 (Clang) | PEND | PEND | PEND | SKIPPED | +-----------------------------------+--------------------+-------------------+------------------+-------------------+ | openSUSE Leap 15 | PEND | SKIPPED | SKIPPED | SKIPPED | +-----------------------------------+--------------------+-------------------+------------------+-------------------+ | RHEL8 | PEND | SKIPPED | SKIPPED | SKIPPED | +-----------------------------------+--------------------+-------------------+------------------+-------------------+ | RHEL9 | PEND | SKIPPED | SKIPPED | SKIPPED | +-----------------------------------+--------------------+-------------------+------------------+-------------------+ | Ubuntu 20.04 | PASS | SKIPPED | SKIPPED | SKIPPED | +-----------------------------------+--------------------+-------------------+------------------+-------------------+ | Ubuntu 24.04 | PEND | PEND | PEND | SKIPPED | +-----------------------------------+--------------------+-------------------+------------------+-------------------+ | Ubuntu 22.04 | PEND | PEND | SKIPPED | SKIPPED | +-----------------------------------+--------------------+-------------------+------------------+-------------------+ | Alpine | PEND | SKIPPED | SKIPPED | SKIPPED | +-----------------------------------+--------------------+-------------------+------------------+-------------------+ | Ubuntu 24.04 32 Bit Cross Compile | PEND | SKIPPED | SKIPPED | SKIPPED | +-----------------------------------+--------------------+-------------------+------------------+-------------------+ | FreeBSD 13.5 | FAIL | SKIPPED | SKIPPED | SKIPPED | +-----------------------------------+--------------------+-------------------+------------------+-------------------+ | Windows Server 2022 | SKIPPED | SKIPPED | SKIPPED | PEND | +-----------------------------------+--------------------+-------------------+------------------+-------------------+ ==== 20 line log output for FreeBSD 13.5 (dpdk_meson_compile): ==== [1243/2102] Compiling C object drivers/libtmp_rte_net_ice.a.p/net_intel_ice_ice_tm.c.o [1244/2102] Compiling C object drivers/libtmp_rte_net_ice.a.p/net_intel_ice_ice_dcf_parent.c.o [1245/2102] Compiling C object drivers/libtmp_rte_net_ice.a.p/net_intel_ice_ice_dcf.c.o [1246/2102] Compiling C object drivers/libtmp_rte_net_ice.a.p/net_intel_ice_ice_dcf_sched.c.o [1247/2102] Generating drivers/rte_net_ice_map with a custom command [1248/2102] Compiling C object drivers/libtmp_rte_net_ice.a.p/net_intel_ice_ice_dcf_vf_representor.c.o [1249/2102] Compiling C object drivers/libtmp_rte_net_ice.a.p/net_intel_ice_ice_rxtx_vec_sse.c.o [1250/2102] Compiling C object drivers/librte_net_idpf_avx512_lib.a.p/net_intel_idpf_idpf_common_rxtx_avx512.c.o FAILED: drivers/librte_net_idpf_avx512_lib.a.p/net_intel_idpf_idpf_common_rxtx_avx512.c.o ccache cc -Idrivers/librte_net_idpf_avx512_lib.a.p -Idrivers -I../drivers -Idrivers/net/intel/idpf -I../drivers/net/intel/idpf -Idrivers/net/intel/idpf/base -I../drivers/net/intel/idpf/base -I../drivers/net/intel/iavf/base -Ilib/ethdev -I../lib/ethdev -Ilib/eal/common -I../lib/eal/common -I. -I.. -Iconfig -I../config -Ilib/eal/include -I../lib/eal/include -Ilib/eal/freebsd/include -I../lib/eal/freebsd/include -Ilib/eal/x86/include -I../lib/eal/x86/include -Ilib/eal -I../lib/eal -Ilib/kvargs -I../lib/kvargs -Ilib/log -I../lib/log -Ilib/metrics -I../lib/metrics -Ilib/telemetry -I../lib/telemetry -Ilib/net -I../lib/net -Ilib/mbuf -I../lib/mbuf -Ilib/mempool -I../lib/mempool -Ilib/ring -I../lib/ring -Ilib/meter -I../lib/meter -Idrivers/bus/pci -I../drivers/bus/pci -I../drivers/bus/pci/bsd -Ilib/pci -I../lib/pci -Idrivers/bus/vdev -I../drivers/bus/vdev -I/usr/local/include -fdiagnostics-color=always -D_FILE_OFFSET_BITS=64 -Wall -Winvalid-pch -Wextra -Werror -std=c11 -O3 -include rte_confi g.h -Wvla -Wcast-qual -Wdeprecated -Wformat -Wformat-nonliteral -Wformat-security -Wmissing-declarations -Wmissing-prototypes -Wnested-externs -Wold-style-definition -Wpointer-arith -Wsign-compare -Wstrict-prototypes -Wundef -Wwrite-strings -Wno-missing-field-initializers -D_GNU_SOURCE -D__BSD_VISIBLE -fPIC -march=native -mrtm -DALLOW_EXPERIMENTAL_API -DALLOW_INTERNAL_API -Wno-format-truncation -Wno-address-of-packed-member -DRTE_LOG_DEFAULT_LOGTYPE=pmd.net.idpf -DRTE_ANNOTATE_LOCKS -Wthread-safety -DCC_AVX512_SUPPORT -mavx512f -mavx512vl -mavx512dq -mavx512bw -mavx512cd -MD -MQ drivers/librte_net_idpf_avx512_lib.a.p/net_intel_idpf_idpf_common_rxtx_avx512.c.o -MF drivers/librte_net_idpf_avx512_lib.a.p/net_intel_idpf_idpf_common_rxtx_avx512.c.o.d -o drivers/librte_net_idpf_avx512_lib.a.p/net_intel_idpf_idpf_common_rxtx_avx512.c.o -c ../drivers/net/intel/idpf/idpf_common_rxtx_avx512.c ../drivers/net/intel/idpf/idpf_common_rxtx_avx512.c:1373:1: error: unused function 'idpf_tx_release_mbufs_avx512' [-Werror,-Wunused-function] 1373 | idpf_tx_release_mbufs_avx512(struct ci_tx_queue *txq) | ^~~~~~~~~~~~~~~~~~~~~~~~~~~~ 1 error generated. [1251/2102] Compiling C object drivers/libtmp_rte_net_ice.a.p/net_intel_ice_ice_rxtx.c.o [1252/2102] Compiling C object drivers/libtmp_rte_net_idpf.a.p/net_intel_idpf_idpf_common_device.c.o [1253/2102] Compiling C object drivers/libtmp_rte_net_ice.a.p/net_intel_ice_ice_dcf_ethdev.c.o [1254/2102] Compiling C object drivers/librte_net_idpf_avx2_lib.a.p/net_intel_idpf_idpf_common_rxtx_avx2.c.o [1255/2102] Compiling C object drivers/libtmp_rte_net_idpf.a.p/net_intel_idpf_idpf_common_rxtx.c.o ninja: build stopped: subcommand failed. ==== End log output ==== CentOS Stream 9 Kernel: Depends on container host Compiler: gcc 11.5.0 20240719 (Red Hat 11.5.0-2) CentOS Stream 10 Kernel: Depends on container host Compiler: gcc 14.2.1 20241104 (Red Hat 14.2.1-6) Debian 12 Kernel: Depends on container host Compiler: gcc (Debian 12.2.0-14) 12.2.0 Fedora 40 (Clang) Kernel: Depends on container host Compiler: clang 18.1.8 (Fedora 18.1.8-1.fc40) Fedora 41 (Clang) Kernel: Depends on container host Compiler: clang 19.1.5 (Fedora 19.1.5-1.fc41) openSUSE Leap 15 Kernel: Depends on container host Compiler: gcc (SUSE Linux) 7.5.0 RHEL8 Kernel: Depends on container host Compiler: gcc 8.5.0 20210514 (Red Hat 8.5.0-22) RHEL9 Kernel: Depends on container host Compiler: gcc 11.5.0 20240719 (Red Hat 11.5.0-2) Ubuntu 20.04 Kernel: Depends on container host Compiler: gcc (Ubuntu 9.4.0-1ubuntu1~20.04.2) 9.4.0 Ubuntu 24.04 Kernel: Depends on container host Compiler: gcc (Ubuntu 13.3.0-6ubuntu2~24.04) 13.3.0 Ubuntu 22.04 Kernel: Depends on container host Compiler: gcc (Ubuntu 11.4.0-1ubuntu1~22.04) 11.4.0 Alpine Kernel: Depends on container host Compiler: gcc (Alpine 14.2.0) 14.2.0 Ubuntu 24.04 32 Bit Cross Compile Kernel: Depends on container host Compiler: gcc (Ubuntu 13.3.0-6ubuntu2~24.04) 13.3.0 FreeBSD 13.5 Kernel: 13.5-RELEASE Compiler: clang 19.1.7 Windows Server 2022 Kernel: 10.0.20348.2031 Compiler: clang 15.0.7, gcc 14.1.0 (MinGW), and MSVC VS 19.39.33521 To view detailed results, visit: https://lab.dpdk.org/results/dashboard/patchsets/33172/ UNH-IOL DPDK Community Lab To manage your email subscriptions, visit: https://lab.dpdk.org/results/dashboard/preferences/subscriptions/