automatic DPDK test reports
 help / color / mirror / Atom feed
From: dpdklab@iol.unh.edu
To: Test Report <test-report@dpdk.org>
Cc: dpdk-test-reports@iol.unh.edu
Subject: |WARNING| pw153439 [PATCH] net/intel: reduce size of common Tx queue
Date: Wed, 14 May 2025 09:04:28 -0700 (PDT)	[thread overview]
Message-ID: <6824bf0c.050a0220.3aa7de.0a10SMTPIN_ADDED_MISSING@mx.google.com> (raw)
In-Reply-To: <20250514125733.1364644-1-shaiq.wani@intel.com>

Test-Label: iol-unit-amd64-testing
Test-Status: WARNING
http://dpdk.org/patch/153439

_Testing issues_

Submitter: Shaiq Wani <shaiq.wani@intel.com>
Date: Wednesday, May 14 2025 12:57:33 
DPDK git baseline: Repo:dpdk
  Branch: master
  CommitID:5b3328195d3c7cc013eb0d7a0b99ab6791d46a77

153439 --> testing issues

Upstream job id: Generic-Unit-Test-DPDK#337761

Test environment and result as below:

+-------------------+----------------+
|    Environment    | dpdk_unit_test |
+===================+================+
| Debian 12         | PASS           |
+-------------------+----------------+
| Fedora 41         | PASS           |
+-------------------+----------------+
| CentOS Stream 10  | PASS           |
+-------------------+----------------+
| CentOS Stream 9   | PASS           |
+-------------------+----------------+
| Fedora 40         | PASS           |
+-------------------+----------------+
| Fedora 41 (Clang) | WARN           |
+-------------------+----------------+
| Fedora 40 (Clang) | WARN           |
+-------------------+----------------+
| RHEL8             | PASS           |
+-------------------+----------------+
| RHEL9             | PASS           |
+-------------------+----------------+
| Ubuntu 22.04      | PASS           |
+-------------------+----------------+
| Ubuntu 20.04      | PASS           |
+-------------------+----------------+
| Ubuntu 24.04      | PASS           |
+-------------------+----------------+

==== 20 line log output for Fedora 40 (Clang) (dpdk_unit_test): ====
[1805/3481] Compiling C object drivers/libtmp_rte_net_ice.a.p/net_intel_ice_ice_rxtx.c.o
[1806/3481] Compiling C object drivers/libtmp_rte_net_ice.a.p/net_intel_ice_ice_rxtx_vec_sse.c.o
[1807/3481] Compiling C object drivers/libtmp_rte_net_ice.a.p/net_intel_ice_ice_dcf.c.o
[1808/3481] Compiling C object drivers/libtmp_rte_net_ice.a.p/net_intel_ice_ice_dcf_vf_representor.c.o
[1809/3481] Generating rte_net_ice_map with a custom command
[1810/3481] Compiling C object drivers/libtmp_rte_net_ice.a.p/net_intel_ice_ice_dcf_parent.c.o
[1811/3481] Compiling C object drivers/libtmp_rte_net_ice.a.p/net_intel_ice_ice_dcf_sched.c.o
[1812/3481] Compiling C object drivers/libtmp_rte_net_ice.a.p/net_intel_ice_ice_dcf_ethdev.c.o
[1813/3481] Linking static target drivers/libtmp_rte_net_ice.a
[1814/3481] Compiling C object drivers/librte_net_idpf_avx512_lib.a.p/net_intel_idpf_idpf_common_rxtx_avx512.c.o
FAILED: drivers/librte_net_idpf_avx512_lib.a.p/net_intel_idpf_idpf_common_rxtx_avx512.c.o
clang -Idrivers/librte_net_idpf_avx512_lib.a.p -Idrivers -I../drivers -Idrivers/net/intel/idpf -I../drivers/net/intel/idpf -Idrivers/net/intel/idpf/base -I../drivers/net/intel/idpf/base -I../drivers/net/intel/iavf/base -Ilib/ethdev -I../lib/ethdev -Ilib/eal/common -I../lib/eal/common -I. -I.. -Iconfig -I../config -Ilib/eal/include -I../lib/eal/include -Ilib/eal/linux/include -I../lib/eal/linux/include -Ilib/eal/x86/include -I../lib/eal/x86/include -I../kernel/linux -Ilib/eal -I../lib/eal -Ilib/kvargs -I../lib/kvargs -Ilib/log -I../lib/log -Ilib/metrics -I../lib/metrics -Ilib/telemetry -I../lib/telemetry -Ilib/net -I../lib/net -Ilib/mbuf -I../lib/mbuf -Ilib/mempool -I../lib/mempool -Ilib/ring -I../lib/ring -Ilib/meter -I../lib/meter -Idrivers/bus/pci -I../drivers/bus/pci -I../drivers/bus/pci/linux -Ilib/pci -I../lib/pci -Idrivers/bus/vdev -I../drivers/bus/vdev -Xclang -fcolor-diagnostics -pipe -D_FILE_OFFSET_BITS=64 -Wall -Winvalid-pch -Wextra -Werror -std=c11 -O3 -include rte_config.
 h -Wvla -Wcast-qual -Wdeprecated -Wformat -Wformat-nonliteral -Wformat-security -Wmissing-declarations -Wmissing-prototypes -Wnested-externs -Wold-style-definition -Wpointer-arith -Wsign-compare -Wstrict-prototypes -Wundef -Wwrite-strings -Wno-missing-field-initializers -D_GNU_SOURCE -fPIC -march=native -mrtm -DALLOW_EXPERIMENTAL_API -DALLOW_INTERNAL_API -Wno-format-truncation -Wno-address-of-packed-member -DRTE_LOG_DEFAULT_LOGTYPE=pmd.net.idpf -DRTE_ANNOTATE_LOCKS -Wthread-safety -DCC_AVX512_SUPPORT -mavx512f -mavx512vl -mavx512dq -mavx512bw -mavx512cd -MD -MQ drivers/librte_net_idpf_avx512_lib.a.p/net_intel_idpf_idpf_common_rxtx_avx512.c.o -MF drivers/librte_net_idpf_avx512_lib.a.p/net_intel_idpf_idpf_common_rxtx_avx512.c.o.d -o drivers/librte_net_idpf_avx512_lib.a.p/net_intel_idpf_idpf_common_rxtx_avx512.c.o -c ../drivers/net/intel/idpf/idpf_common_rxtx_avx512.c
../drivers/net/intel/idpf/idpf_common_rxtx_avx512.c:1373:1: error: unused function 'idpf_tx_release_mbufs_avx512' [-Werror,-Wunused-function]
1373 | idpf_tx_release_mbufs_avx512(struct ci_tx_queue *txq)
| ^~~~~~~~~~~~~~~~~~~~~~~~~~~~
1 error generated.
[1815/3481] Compiling C object drivers/librte_net_idpf_avx2_lib.a.p/net_intel_idpf_idpf_common_rxtx_avx2.c.o
[1816/3481] Compiling C object drivers/libtmp_rte_net_idpf.a.p/net_intel_idpf_idpf_common_device.c.o
[1817/3481] Generating rte_net_ice.pmd.c with a custom command
ninja: build stopped: subcommand failed.
==== End log output ====

Debian 12
	Kernel: Depends on container host
	Compiler: gcc (Debian 12.2.0-14) 12.2.0

Fedora 41
	Kernel: Depends on container host
	Compiler: gcc 14.2.1 20240912 (Red Hat 14.2.1-3)

CentOS Stream 10
	Kernel: Depends on container host
	Compiler: gcc 14.2.1 20241104 (Red Hat 14.2.1-6)

CentOS Stream 9
	Kernel: Depends on container host
	Compiler: gcc 11.5.0 20240719 (Red Hat 11.5.0-2)

Fedora 40
	Kernel: Depends on container host
	Compiler: gcc 14.2.1 20240912 (Red Hat 14.2.1-3)

Fedora 41 (Clang)
	Kernel: Depends on container host
	Compiler: clang 19.1.5 (Fedora 19.1.5-1.fc41)

Fedora 40 (Clang)
	Kernel: Depends on container host
	Compiler: clang 18.1.8 (Fedora 18.1.8-1.fc40)

RHEL8
	Kernel: Depends on container host
	Compiler: gcc 8.5.0 20210514 (Red Hat 8.5.0-22)

RHEL9
	Kernel: Depends on container host
	Compiler: gcc 11.5.0 20240719 (Red Hat 11.5.0-2)

Ubuntu 22.04
	Kernel: Depends on container host
	Compiler: gcc (Ubuntu 11.4.0-1ubuntu1~22.04) 11.4.0

Ubuntu 20.04
	Kernel: Depends on container host
	Compiler: gcc (Ubuntu 9.4.0-1ubuntu1~20.04.2) 9.4.0

Ubuntu 24.04
	Kernel: Depends on container host
	Compiler: gcc (Ubuntu 13.3.0-6ubuntu2~24.04) 13.3.0

To view detailed results, visit:
https://lab.dpdk.org/results/dashboard/patchsets/33172/

UNH-IOL DPDK Community Lab

To manage your email subscriptions, visit: 
https://lab.dpdk.org/results/dashboard/preferences/subscriptions/

  parent reply	other threads:[~2025-05-14 16:04 UTC|newest]

Thread overview: 30+ messages / expand[flat|nested]  mbox.gz  Atom feed  top
     [not found] <20250514125733.1364644-1-shaiq.wani@intel.com>
2025-05-14 12:23 ` |SUCCESS| pw153439 [PATCH] net/intel: reduce size of common Tx queue struct qemudev
2025-05-14 12:27 ` qemudev
2025-05-14 12:57 ` checkpatch
2025-05-14 15:11 ` |SUCCESS| pw153439 [PATCH] net/intel: reduce size of common Tx queue dpdklab
2025-05-14 15:13 ` dpdklab
2025-05-14 15:21 ` dpdklab
2025-05-14 15:21 ` dpdklab
2025-05-14 15:29 ` dpdklab
2025-05-14 15:30 ` dpdklab
2025-05-14 15:31 ` |PENDING| " dpdklab
2025-05-14 15:33 ` |SUCCESS| " dpdklab
2025-05-14 15:36 ` |PENDING| " dpdklab
2025-05-14 15:37 ` |SUCCESS| " dpdklab
2025-05-14 15:37 ` |FAILURE| " dpdklab
2025-05-14 15:38 ` dpdklab
2025-05-14 15:51 ` |SUCCESS| " dpdklab
2025-05-14 15:51 ` |PENDING| " dpdklab
2025-05-14 15:54 ` |FAILURE| " dpdklab
2025-05-14 15:54 ` dpdklab
2025-05-14 15:58 ` dpdklab
2025-05-14 16:03 ` |PENDING| " dpdklab
2025-05-14 16:04 ` dpdklab [this message]
2025-05-14 16:28 ` |SUCCESS| " dpdklab
2025-05-14 16:33 ` dpdklab
2025-05-14 16:49 ` |FAILURE| " dpdklab
2025-05-14 16:50 ` dpdklab
2025-05-14 16:57 ` |SUCCESS| " dpdklab
2025-05-14 17:01 ` |WARNING| " dpdklab
2025-05-14 17:09 ` dpdklab
2025-05-14 17:36 ` |SUCCESS| " dpdklab

Reply instructions:

You may reply publicly to this message via plain-text email
using any one of the following methods:

* Save the following mbox file, import it into your mail client,
  and reply-to-all from there: mbox

  Avoid top-posting and favor interleaved quoting:
  https://en.wikipedia.org/wiki/Posting_style#Interleaved_style

* Reply using the --to, --cc, and --in-reply-to
  switches of git-send-email(1):

  git send-email \
    --in-reply-to=6824bf0c.050a0220.3aa7de.0a10SMTPIN_ADDED_MISSING@mx.google.com \
    --to=dpdklab@iol.unh.edu \
    --cc=dpdk-test-reports@iol.unh.edu \
    --cc=test-report@dpdk.org \
    /path/to/YOUR_REPLY

  https://kernel.org/pub/software/scm/git/docs/git-send-email.html

* If your mail client supports setting the In-Reply-To header
  via mailto: links, try the mailto: link
Be sure your reply has a Subject: header at the top and a blank line before the message body.
This is a public inbox, see mirroring instructions
for how to clone and mirror all data and code used for this inbox;
as well as URLs for NNTP newsgroup(s).