From mboxrd@z Thu Jan 1 00:00:00 1970 Return-Path: Received: from mails.dpdk.org (mails.dpdk.org [217.70.189.124]) by inbox.dpdk.org (Postfix) with ESMTP id 1619046748 for ; Wed, 14 May 2025 18:04:31 +0200 (CEST) Received: from mails.dpdk.org (localhost [127.0.0.1]) by mails.dpdk.org (Postfix) with ESMTP id 11B32402DC; Wed, 14 May 2025 18:04:31 +0200 (CEST) Received: from mail-qt1-f227.google.com (mail-qt1-f227.google.com [209.85.160.227]) by mails.dpdk.org (Postfix) with ESMTP id 9E7A7402C8 for ; Wed, 14 May 2025 18:04:29 +0200 (CEST) Received: by mail-qt1-f227.google.com with SMTP id d75a77b69052e-47698757053so34631cf.0 for ; Wed, 14 May 2025 09:04:29 -0700 (PDT) DKIM-Signature: v=1; a=rsa-sha256; c=relaxed/relaxed; d=iol.unh.edu; s=unh-iol; t=1747238669; x=1747843469; darn=dpdk.org; h=references:in-reply-to:cc:to:from:subject:message-id:date:from:to :cc:subject:date:message-id:reply-to; bh=FClWosOnLM3TxILgTSmH82KAhNb5WvhIwzpMPGhJCHY=; b=jfA1skkSO2C5XD3EHfoKnZRUkDVqzKzG5TTVWqEpRNW0P5TfYi7GUzZqiLW646lp/0 RE37DhSdzW+m83WWgpW6cBv6Kpi6XKlKTPdZ9xTD82hLzncoC29ttjWojhtcyYv5caKw LaIa+AigWDuEPIvGqdtnxwEJHsNks38qbUkGc= X-Google-DKIM-Signature: v=1; a=rsa-sha256; c=relaxed/relaxed; d=1e100.net; s=20230601; t=1747238669; x=1747843469; h=references:in-reply-to:cc:to:from:subject:message-id:date :x-gm-message-state:from:to:cc:subject:date:message-id:reply-to; bh=FClWosOnLM3TxILgTSmH82KAhNb5WvhIwzpMPGhJCHY=; b=W6r9niTP+tOEjZeTnP0ZL/UNGSofWoyeSPnvTNLyjaXCBGLzLOqRmZkJfGwD4EdmwS enpGSmm6+TfaLryxviO6RvcLvoonmVuK12G2yDTBAQrgwmguzl+CfEj2Kt0t3O6+R5Pq OGweGmMATP6xRJd0Oa+2L/MEMqWuobMg16m3Obi7AqGlez0w+PDrweBgYKoyo1XNI7dV j0ioi7YozL/yrjAo1I8B0WR4WzloysB/wiBEQ1VdAYtCPM7uQHiVBZXqGY79tgqHJHxh dg18e4hfkuEW7xShOSHZlPRSc4DfnbCqywgVxqQrFfMreUcH/vYu3xr76s3rXz9nSeS7 9jxQ== X-Gm-Message-State: AOJu0YwStoDPHiK5IOulSf4tHpvWvCnQIxgFiUSvm5CAncS7215Vc4IH DDCjD9clsfoCZ10z/cCxvz7GvJdv7T4eDtI3BNkm4gXel8REk2IYn5roi+ql8oUBjLYaXWsVhrM dIuEfX/SD7xDHlbbIDkxNDREx3gYv5Hax8bRbxMc2 X-Gm-Gg: ASbGncuS5rHh+jLQG8BcNd1o7Nl1saxilzk7sQ3+/aM05zrW2Tfdb9My61P3KJej+FH LrVGsIsWoeeTiay9QOYBXLDLompQZovhpfFlpbNHkmqr6Nn1AX6HcV7w2zUjyRoSQw9hkezL/k3 /i3OgvSP3Zo/61+xV6O9omWfTVpX5Ety35qJm4JbZGdO+KugnPg5R0O4KZej/nw06JoTPNqbjns RTqeTid2B2izsps43PVPeed/R25DUMVPuEEe8JiX7rGjSLpZDUO9qL+m/CzzkhfR4IdPkhYcHdc kfgmF0QH0U1B30y2ZeieVxfQvVThur4+wdM9f1zSi0c61TX5yDVimGaRNQA= X-Google-Smtp-Source: AGHT+IE3GM570LtZnd2oUaE/86LHZKKg6Delvbn8kUv0UNwRNtpkz+m/TMhTZcKRZLpwWR1zyyhkR8iR5Cfz X-Received: by 2002:a05:622a:1f99:b0:494:7e24:4ef2 with SMTP id d75a77b69052e-49495c91008mr76331511cf.23.1747238668658; Wed, 14 May 2025 09:04:28 -0700 (PDT) Received: from postal.iol.unh.edu (postal.iol.unh.edu. [132.177.123.84]) by smtp-relay.gmail.com with ESMTPS id d75a77b69052e-49452466ab8sm3144031cf.8.2025.05.14.09.04.28 (version=TLS1_2 cipher=ECDHE-ECDSA-AES128-GCM-SHA256 bits=128/128); Wed, 14 May 2025 09:04:28 -0700 (PDT) X-Relaying-Domain: iol.unh.edu Date: Wed, 14 May 2025 09:04:28 -0700 (PDT) Message-ID: <6824bf0c.050a0220.3aa7de.0a10SMTPIN_ADDED_MISSING@mx.google.com> Received: from [172.21.0.6] (unknown [172.18.0.240]) by postal.iol.unh.edu (Postfix) with ESMTP id 4E87C6052471; Wed, 14 May 2025 12:04:28 -0400 (EDT) Subject: |WARNING| pw153439 [PATCH] net/intel: reduce size of common Tx queue From: dpdklab@iol.unh.edu To: Test Report Cc: dpdk-test-reports@iol.unh.edu In-Reply-To: <20250514125733.1364644-1-shaiq.wani@intel.com> References: <20250514125733.1364644-1-shaiq.wani@intel.com> Content-Type: text/plain X-BeenThere: test-report@dpdk.org X-Mailman-Version: 2.1.29 Precedence: list List-Id: automatic DPDK test reports List-Unsubscribe: , List-Archive: List-Post: List-Help: List-Subscribe: , Errors-To: test-report-bounces@dpdk.org Test-Label: iol-unit-amd64-testing Test-Status: WARNING http://dpdk.org/patch/153439 _Testing issues_ Submitter: Shaiq Wani Date: Wednesday, May 14 2025 12:57:33 DPDK git baseline: Repo:dpdk Branch: master CommitID:5b3328195d3c7cc013eb0d7a0b99ab6791d46a77 153439 --> testing issues Upstream job id: Generic-Unit-Test-DPDK#337761 Test environment and result as below: +-------------------+----------------+ | Environment | dpdk_unit_test | +===================+================+ | Debian 12 | PASS | +-------------------+----------------+ | Fedora 41 | PASS | +-------------------+----------------+ | CentOS Stream 10 | PASS | +-------------------+----------------+ | CentOS Stream 9 | PASS | +-------------------+----------------+ | Fedora 40 | PASS | +-------------------+----------------+ | Fedora 41 (Clang) | WARN | +-------------------+----------------+ | Fedora 40 (Clang) | WARN | +-------------------+----------------+ | RHEL8 | PASS | +-------------------+----------------+ | RHEL9 | PASS | +-------------------+----------------+ | Ubuntu 22.04 | PASS | +-------------------+----------------+ | Ubuntu 20.04 | PASS | +-------------------+----------------+ | Ubuntu 24.04 | PASS | +-------------------+----------------+ ==== 20 line log output for Fedora 40 (Clang) (dpdk_unit_test): ==== [1805/3481] Compiling C object drivers/libtmp_rte_net_ice.a.p/net_intel_ice_ice_rxtx.c.o [1806/3481] Compiling C object drivers/libtmp_rte_net_ice.a.p/net_intel_ice_ice_rxtx_vec_sse.c.o [1807/3481] Compiling C object drivers/libtmp_rte_net_ice.a.p/net_intel_ice_ice_dcf.c.o [1808/3481] Compiling C object drivers/libtmp_rte_net_ice.a.p/net_intel_ice_ice_dcf_vf_representor.c.o [1809/3481] Generating rte_net_ice_map with a custom command [1810/3481] Compiling C object drivers/libtmp_rte_net_ice.a.p/net_intel_ice_ice_dcf_parent.c.o [1811/3481] Compiling C object drivers/libtmp_rte_net_ice.a.p/net_intel_ice_ice_dcf_sched.c.o [1812/3481] Compiling C object drivers/libtmp_rte_net_ice.a.p/net_intel_ice_ice_dcf_ethdev.c.o [1813/3481] Linking static target drivers/libtmp_rte_net_ice.a [1814/3481] Compiling C object drivers/librte_net_idpf_avx512_lib.a.p/net_intel_idpf_idpf_common_rxtx_avx512.c.o FAILED: drivers/librte_net_idpf_avx512_lib.a.p/net_intel_idpf_idpf_common_rxtx_avx512.c.o clang -Idrivers/librte_net_idpf_avx512_lib.a.p -Idrivers -I../drivers -Idrivers/net/intel/idpf -I../drivers/net/intel/idpf -Idrivers/net/intel/idpf/base -I../drivers/net/intel/idpf/base -I../drivers/net/intel/iavf/base -Ilib/ethdev -I../lib/ethdev -Ilib/eal/common -I../lib/eal/common -I. -I.. -Iconfig -I../config -Ilib/eal/include -I../lib/eal/include -Ilib/eal/linux/include -I../lib/eal/linux/include -Ilib/eal/x86/include -I../lib/eal/x86/include -I../kernel/linux -Ilib/eal -I../lib/eal -Ilib/kvargs -I../lib/kvargs -Ilib/log -I../lib/log -Ilib/metrics -I../lib/metrics -Ilib/telemetry -I../lib/telemetry -Ilib/net -I../lib/net -Ilib/mbuf -I../lib/mbuf -Ilib/mempool -I../lib/mempool -Ilib/ring -I../lib/ring -Ilib/meter -I../lib/meter -Idrivers/bus/pci -I../drivers/bus/pci -I../drivers/bus/pci/linux -Ilib/pci -I../lib/pci -Idrivers/bus/vdev -I../drivers/bus/vdev -Xclang -fcolor-diagnostics -pipe -D_FILE_OFFSET_BITS=64 -Wall -Winvalid-pch -Wextra -Werror -std=c11 -O3 -include rte_config. h -Wvla -Wcast-qual -Wdeprecated -Wformat -Wformat-nonliteral -Wformat-security -Wmissing-declarations -Wmissing-prototypes -Wnested-externs -Wold-style-definition -Wpointer-arith -Wsign-compare -Wstrict-prototypes -Wundef -Wwrite-strings -Wno-missing-field-initializers -D_GNU_SOURCE -fPIC -march=native -mrtm -DALLOW_EXPERIMENTAL_API -DALLOW_INTERNAL_API -Wno-format-truncation -Wno-address-of-packed-member -DRTE_LOG_DEFAULT_LOGTYPE=pmd.net.idpf -DRTE_ANNOTATE_LOCKS -Wthread-safety -DCC_AVX512_SUPPORT -mavx512f -mavx512vl -mavx512dq -mavx512bw -mavx512cd -MD -MQ drivers/librte_net_idpf_avx512_lib.a.p/net_intel_idpf_idpf_common_rxtx_avx512.c.o -MF drivers/librte_net_idpf_avx512_lib.a.p/net_intel_idpf_idpf_common_rxtx_avx512.c.o.d -o drivers/librte_net_idpf_avx512_lib.a.p/net_intel_idpf_idpf_common_rxtx_avx512.c.o -c ../drivers/net/intel/idpf/idpf_common_rxtx_avx512.c ../drivers/net/intel/idpf/idpf_common_rxtx_avx512.c:1373:1: error: unused function 'idpf_tx_release_mbufs_avx512' [-Werror,-Wunused-function] 1373 | idpf_tx_release_mbufs_avx512(struct ci_tx_queue *txq) | ^~~~~~~~~~~~~~~~~~~~~~~~~~~~ 1 error generated. [1815/3481] Compiling C object drivers/librte_net_idpf_avx2_lib.a.p/net_intel_idpf_idpf_common_rxtx_avx2.c.o [1816/3481] Compiling C object drivers/libtmp_rte_net_idpf.a.p/net_intel_idpf_idpf_common_device.c.o [1817/3481] Generating rte_net_ice.pmd.c with a custom command ninja: build stopped: subcommand failed. ==== End log output ==== Debian 12 Kernel: Depends on container host Compiler: gcc (Debian 12.2.0-14) 12.2.0 Fedora 41 Kernel: Depends on container host Compiler: gcc 14.2.1 20240912 (Red Hat 14.2.1-3) CentOS Stream 10 Kernel: Depends on container host Compiler: gcc 14.2.1 20241104 (Red Hat 14.2.1-6) CentOS Stream 9 Kernel: Depends on container host Compiler: gcc 11.5.0 20240719 (Red Hat 11.5.0-2) Fedora 40 Kernel: Depends on container host Compiler: gcc 14.2.1 20240912 (Red Hat 14.2.1-3) Fedora 41 (Clang) Kernel: Depends on container host Compiler: clang 19.1.5 (Fedora 19.1.5-1.fc41) Fedora 40 (Clang) Kernel: Depends on container host Compiler: clang 18.1.8 (Fedora 18.1.8-1.fc40) RHEL8 Kernel: Depends on container host Compiler: gcc 8.5.0 20210514 (Red Hat 8.5.0-22) RHEL9 Kernel: Depends on container host Compiler: gcc 11.5.0 20240719 (Red Hat 11.5.0-2) Ubuntu 22.04 Kernel: Depends on container host Compiler: gcc (Ubuntu 11.4.0-1ubuntu1~22.04) 11.4.0 Ubuntu 20.04 Kernel: Depends on container host Compiler: gcc (Ubuntu 9.4.0-1ubuntu1~20.04.2) 9.4.0 Ubuntu 24.04 Kernel: Depends on container host Compiler: gcc (Ubuntu 13.3.0-6ubuntu2~24.04) 13.3.0 To view detailed results, visit: https://lab.dpdk.org/results/dashboard/patchsets/33172/ UNH-IOL DPDK Community Lab To manage your email subscriptions, visit: https://lab.dpdk.org/results/dashboard/preferences/subscriptions/