From mboxrd@z Thu Jan 1 00:00:00 1970 Return-Path: Received: from mails.dpdk.org (mails.dpdk.org [217.70.189.124]) by inbox.dpdk.org (Postfix) with ESMTP id 78FA946748 for ; Wed, 14 May 2025 18:49:59 +0200 (CEST) Received: from mails.dpdk.org (localhost [127.0.0.1]) by mails.dpdk.org (Postfix) with ESMTP id 50650402DC; Wed, 14 May 2025 18:49:59 +0200 (CEST) Received: from mail-pl1-f228.google.com (mail-pl1-f228.google.com [209.85.214.228]) by mails.dpdk.org (Postfix) with ESMTP id 76971402C8 for ; Wed, 14 May 2025 18:49:57 +0200 (CEST) Received: by mail-pl1-f228.google.com with SMTP id d9443c01a7336-22fb33898bbso435045ad.3 for ; Wed, 14 May 2025 09:49:57 -0700 (PDT) DKIM-Signature: v=1; a=rsa-sha256; c=relaxed/relaxed; d=iol.unh.edu; s=unh-iol; t=1747241396; x=1747846196; darn=dpdk.org; h=references:in-reply-to:cc:to:from:subject:message-id:date:from:to :cc:subject:date:message-id:reply-to; bh=MdrQ9gVqhqhGhOYwzJQF3yC/XWJy099R4nYIsSh4b64=; b=KO96dMsdTVpXWnhEJ5Z6zjZ6t0ihrxzCDMU/+Pb6XRorK6XwyXxw8UjONuO5xBjBD5 ajGYyTzqGGF4+K4VhTM0qaWYcqGT2RDgMbK0B3Gj/3xDBmIjl8P0Ky0D2Dd7mxZ+uw+r 4udModBoAgTtF7b8Xq0il+8Sum7SV8/dBQJJQ= X-Google-DKIM-Signature: v=1; a=rsa-sha256; c=relaxed/relaxed; d=1e100.net; s=20230601; t=1747241396; x=1747846196; h=references:in-reply-to:cc:to:from:subject:message-id:date :x-gm-message-state:from:to:cc:subject:date:message-id:reply-to; bh=MdrQ9gVqhqhGhOYwzJQF3yC/XWJy099R4nYIsSh4b64=; b=vUxNtBsuPZwNVN4kYgJ+LqSAssCQWUqGnax5ke06nwgM7QhMOEIdSuNPduQtIQWPLm Fy6suD/4bXHPwqkDaDqIKhoW1qs6T9LyGC2Dz7QYTgOSSwB0c6hm3WckZGZT6a9XAU/o medcR/bVlxqAnwg+ZcnbsXHIvbf0c/5lDvho6WkDeDYdidO2f3FLnfaKVwy3bQ61nInO cANCXIIysrtPRDr9GAaYsDPCqLCAh5KlMMS1pbChm7YSbTtWu5Jw4+ND+FmLVFK96a/3 SjyvtkcyleujBuliCgOkYtpXcjr4dxCbeMLI7aQHfl9byU1o/29q5ufgSixz5zXuyQBq pI5Q== X-Gm-Message-State: AOJu0YzPMZksbuzdvHdEkLbOSt6nQeKwm+nQs77eEXLXX55iEjxyYF6H cjkyzDKarZcslIDj3qVXzGR/ToBgzAyokeoZ34XB6bcyfhQ48dq0ImLxVcsGwrKU1BN/HHVsbT5 Rh4C7weOwnmw4sWB+Yirb0Fhnw64fPrFaN/UDtQes X-Gm-Gg: ASbGncsVVxMgleNVSRjS3i+vSkA5nboxRQAkxvEHiFVx0lYRDe2w5UlK4579Y1ppU5S j3M72oQ8m4vYqrtl2rArotxh5YVVqAqTFWS2dA9bMjrt0v86quA/dpoLlvYn2Bg1/IKd8g7RUvn EQVkVgCHkeoZHKmmSKaiQs3bHJFMLRr0u1P/lU5LG5d2g3NTb7mDCpLLDGoBcRrM4EQ1DZdmsXL D+CBe4+aBb71Hmy1Uc+5IeJ5Z3YSyBOpwZQGD1JTYsKpuMOWFUWAoumLsBFtxbmGp9OIaZ38taW 87I+XawK6VFIIkljiuVW/bcNh15vA0wqOoqfpspuBkaJDtuRRbjYwAJPywM= X-Google-Smtp-Source: AGHT+IHpyoOu4AiQF+QpjMtuTDoiqJsWrFfnaGFO4T5SBY+EVIYT/sGsxCGQ7kqm6WOeiiqyXSlydm3UBfpQ X-Received: by 2002:a17:902:e552:b0:224:de2:7fd6 with SMTP id d9443c01a7336-231981477b5mr58360565ad.25.1747241396597; Wed, 14 May 2025 09:49:56 -0700 (PDT) Received: from postal.iol.unh.edu (postal.iol.unh.edu. [132.177.123.84]) by smtp-relay.gmail.com with ESMTPS id d9443c01a7336-22fc581fd72sm6946415ad.19.2025.05.14.09.49.56 (version=TLS1_2 cipher=ECDHE-ECDSA-AES128-GCM-SHA256 bits=128/128); Wed, 14 May 2025 09:49:56 -0700 (PDT) X-Relaying-Domain: iol.unh.edu Date: Wed, 14 May 2025 09:49:56 -0700 (PDT) Message-ID: <6824c9b4.170a0220.18a6fc.5f70SMTPIN_ADDED_MISSING@mx.google.com> Received: from [172.17.0.2] (unknown [172.18.0.76]) by postal.iol.unh.edu (Postfix) with ESMTP id C28CB6052471; Wed, 14 May 2025 12:49:55 -0400 (EDT) Subject: |FAILURE| pw153439 [PATCH] net/intel: reduce size of common Tx queue From: dpdklab@iol.unh.edu To: Test Report Cc: dpdk-test-reports@iol.unh.edu, Shaiq Wani In-Reply-To: <20250514125733.1364644-1-shaiq.wani@intel.com> References: <20250514125733.1364644-1-shaiq.wani@intel.com> Content-Type: text/plain X-BeenThere: test-report@dpdk.org X-Mailman-Version: 2.1.29 Precedence: list List-Id: automatic DPDK test reports List-Unsubscribe: , List-Archive: List-Post: List-Help: List-Subscribe: , Errors-To: test-report-bounces@dpdk.org Test-Label: iol-compile-amd64-testing Test-Status: FAILURE http://dpdk.org/patch/153439 _Testing issues_ Submitter: Shaiq Wani Date: Wednesday, May 14 2025 12:57:33 DPDK git baseline: Repo:dpdk Branch: master CommitID:5b3328195d3c7cc013eb0d7a0b99ab6791d46a77 153439 --> testing issues Upstream job id: Windows-Compile-DPDK-Native#28395 Test environment and result as below: +-----------------------------------+--------------------+-------------------+------------------+-------------------+-------------------------+----------------------+ | Environment | dpdk_meson_compile | dpdk_compile_spdk | dpdk_compile_ovs | dpdk_msvc_compile | dpdk_llvm_clang_compile | dpdk_mingw64_compile | +===================================+====================+===================+==================+===================+=========================+======================+ | CentOS Stream 9 | PASS | PASS | SKIPPED | SKIPPED | SKIPPED | SKIPPED | +-----------------------------------+--------------------+-------------------+------------------+-------------------+-------------------------+----------------------+ | CentOS Stream 10 | PASS | SKIPPED | SKIPPED | SKIPPED | SKIPPED | SKIPPED | +-----------------------------------+--------------------+-------------------+------------------+-------------------+-------------------------+----------------------+ | Debian 12 | PASS | PASS | SKIPPED | SKIPPED | SKIPPED | SKIPPED | +-----------------------------------+--------------------+-------------------+------------------+-------------------+-------------------------+----------------------+ | Fedora 40 (Clang) | FAIL | WARN | SKIPPED | SKIPPED | SKIPPED | SKIPPED | +-----------------------------------+--------------------+-------------------+------------------+-------------------+-------------------------+----------------------+ | Fedora 41 (Clang) | FAIL | WARN | WARN | SKIPPED | SKIPPED | SKIPPED | +-----------------------------------+--------------------+-------------------+------------------+-------------------+-------------------------+----------------------+ | openSUSE Leap 15 | PASS | SKIPPED | SKIPPED | SKIPPED | SKIPPED | SKIPPED | +-----------------------------------+--------------------+-------------------+------------------+-------------------+-------------------------+----------------------+ | RHEL8 | PASS | SKIPPED | SKIPPED | SKIPPED | SKIPPED | SKIPPED | +-----------------------------------+--------------------+-------------------+------------------+-------------------+-------------------------+----------------------+ | RHEL9 | PASS | SKIPPED | SKIPPED | SKIPPED | SKIPPED | SKIPPED | +-----------------------------------+--------------------+-------------------+------------------+-------------------+-------------------------+----------------------+ | Ubuntu 20.04 | PASS | SKIPPED | SKIPPED | SKIPPED | SKIPPED | SKIPPED | +-----------------------------------+--------------------+-------------------+------------------+-------------------+-------------------------+----------------------+ | Ubuntu 24.04 | PASS | PASS | PASS | SKIPPED | SKIPPED | SKIPPED | +-----------------------------------+--------------------+-------------------+------------------+-------------------+-------------------------+----------------------+ | Ubuntu 22.04 | PASS | PASS | SKIPPED | SKIPPED | SKIPPED | SKIPPED | +-----------------------------------+--------------------+-------------------+------------------+-------------------+-------------------------+----------------------+ | Alpine | PASS | SKIPPED | SKIPPED | SKIPPED | SKIPPED | SKIPPED | +-----------------------------------+--------------------+-------------------+------------------+-------------------+-------------------------+----------------------+ | Ubuntu 24.04 32 Bit Cross Compile | PASS | SKIPPED | SKIPPED | SKIPPED | SKIPPED | SKIPPED | +-----------------------------------+--------------------+-------------------+------------------+-------------------+-------------------------+----------------------+ | FreeBSD 13.5 | FAIL | SKIPPED | SKIPPED | SKIPPED | SKIPPED | SKIPPED | +-----------------------------------+--------------------+-------------------+------------------+-------------------+-------------------------+----------------------+ | FreeBSD 14.2 | FAIL | SKIPPED | SKIPPED | SKIPPED | SKIPPED | SKIPPED | +-----------------------------------+--------------------+-------------------+------------------+-------------------+-------------------------+----------------------+ | Fedora 40 | PASS | PASS | SKIPPED | SKIPPED | SKIPPED | SKIPPED | +-----------------------------------+--------------------+-------------------+------------------+-------------------+-------------------------+----------------------+ | Fedora 41 | PASS | PASS | PASS | SKIPPED | SKIPPED | SKIPPED | +-----------------------------------+--------------------+-------------------+------------------+-------------------+-------------------------+----------------------+ | Windows Server 2022 | SKIPPED | SKIPPED | SKIPPED | PASS | PASS | PASS | +-----------------------------------+--------------------+-------------------+------------------+-------------------+-------------------------+----------------------+ ==== 20 line log output for FreeBSD 14.2 (dpdk_meson_compile): ==== [1243/2096] Compiling C object drivers/libtmp_rte_net_ice.a.p/net_intel_ice_ice_dcf.c.o [1244/2096] Compiling C object drivers/libtmp_rte_net_ice.a.p/net_intel_ice_ice_switch_filter.c.o [1245/2096] Compiling C object drivers/libtmp_rte_net_ice.a.p/net_intel_ice_ice_dcf_vf_representor.c.o [1246/2096] Generating rte_net_ice_map with a custom command [1247/2096] Compiling C object drivers/libtmp_rte_net_ice.a.p/net_intel_ice_ice_rxtx.c.o [1248/2096] Compiling C object drivers/libtmp_rte_net_ice.a.p/net_intel_ice_ice_dcf_parent.c.o [1249/2096] Compiling C object drivers/libtmp_rte_net_ice.a.p/net_intel_ice_ice_dcf_ethdev.c.o [1250/2096] Compiling C object drivers/librte_net_idpf_avx512_lib.a.p/net_intel_idpf_idpf_common_rxtx_avx512.c.o FAILED: drivers/librte_net_idpf_avx512_lib.a.p/net_intel_idpf_idpf_common_rxtx_avx512.c.o cc -Idrivers/librte_net_idpf_avx512_lib.a.p -Idrivers -I../drivers -Idrivers/net/intel/idpf -I../drivers/net/intel/idpf -Idrivers/net/intel/idpf/base -I../drivers/net/intel/idpf/base -I../drivers/net/intel/iavf/base -Ilib/ethdev -I../lib/ethdev -Ilib/eal/common -I../lib/eal/common -I. -I.. -Iconfig -I../config -Ilib/eal/include -I../lib/eal/include -Ilib/eal/freebsd/include -I../lib/eal/freebsd/include -Ilib/eal/x86/include -I../lib/eal/x86/include -Ilib/eal -I../lib/eal -Ilib/kvargs -I../lib/kvargs -Ilib/log -I../lib/log -Ilib/metrics -I../lib/metrics -Ilib/telemetry -I../lib/telemetry -Ilib/net -I../lib/net -Ilib/mbuf -I../lib/mbuf -Ilib/mempool -I../lib/mempool -Ilib/ring -I../lib/ring -Ilib/meter -I../lib/meter -Idrivers/bus/pci -I../drivers/bus/pci -I../drivers/bus/pci/bsd -Ilib/pci -I../lib/pci -Idrivers/bus/vdev -I../drivers/bus/vdev -Xclang -fcolor-diagnostics -pipe -D_FILE_OFFSET_BITS=64 -Wall -Winvalid-pch -Wextra -Werror -std=c11 -O3 -include rte_config.h -Wvla -Wcast-qual -Wdeprecated -Wformat -Wformat-nonliteral -Wformat-security -Wmissing-declarations -Wmissing-prototypes -Wnested-externs -Wold-style-definition -Wpointer-arith -Wsign-compare -Wstrict-prototypes -Wundef -Wwrite-strings -Wno-missing-field-initializers -D_GNU_SOURCE -D__BSD_VISIBLE -fPIC -march=native -mrtm -DALLOW_EXPERIMENTAL_API -DALLOW_INTERNAL_API -Wno-format-truncation -Wno-address-of-packed-member -DRTE_LOG_DEFAULT_LOGTYPE=pmd.net.idpf -DRTE_ANNOTATE_LOCKS -Wthread-safety -DCC_AVX512_SUPPORT -mavx512f -mavx512vl -mavx512dq -mavx512bw -mavx512cd -MD -MQ drivers/librte_net_idpf_avx512_lib.a.p/net_intel_idpf_idpf_common_rxtx_avx512.c.o -MF drivers/librte_net_idpf_avx512_lib.a.p/net_intel_idpf_idpf_common_rxtx_avx512.c.o.d -o drivers/librte_net_idpf_avx512_lib.a.p/net_intel_idpf_idpf_common_rxtx_avx512.c.o -c ../drivers/net/intel/idpf/idpf_common_rxtx_avx512.c ../drivers/net/intel/idpf/idpf_common_rxtx_avx512.c:1373:1: error: unused function 'idpf_tx_release_mbufs_avx512' [-Werror,-Wunused-function] 1373 | idpf_tx_release_mbufs_avx512(struct ci_tx_queue *txq) | ^~~~~~~~~~~~~~~~~~~~~~~~~~~~ 1 error generated. [1251/2096] Compiling C object drivers/libtmp_rte_net_ice.a.p/net_intel_ice_ice_dcf_sched.c.o [1252/2096] Compiling C object drivers/librte_net_idpf_avx2_lib.a.p/net_intel_idpf_idpf_common_rxtx_avx2.c.o [1253/2096] Compiling C object drivers/libtmp_rte_net_idpf.a.p/net_intel_idpf_idpf_common_device.c.o [1254/2096] Compiling C object drivers/libtmp_rte_net_idpf.a.p/net_intel_idpf_idpf_common_rxtx.c.o [1255/2096] Compiling C object drivers/libtmp_rte_net_idpf.a.p/net_intel_idpf_idpf_common_virtchnl.c.o ninja: build stopped: subcommand failed. ==== End log output ==== CentOS Stream 9 Kernel: Depends on container host Compiler: gcc 11.5.0 20240719 (Red Hat 11.5.0-2) CentOS Stream 10 Kernel: Depends on container host Compiler: gcc 14.2.1 20241104 (Red Hat 14.2.1-6) Debian 12 Kernel: Depends on container host Compiler: gcc (Debian 12.2.0-14) 12.2.0 Fedora 40 (Clang) Kernel: Depends on container host Compiler: clang 18.1.8 (Fedora 18.1.8-1.fc40) Fedora 41 (Clang) Kernel: Depends on container host Compiler: clang 19.1.5 (Fedora 19.1.5-1.fc41) openSUSE Leap 15 Kernel: Depends on container host Compiler: gcc (SUSE Linux) 7.5.0 RHEL8 Kernel: Depends on container host Compiler: gcc 8.5.0 20210514 (Red Hat 8.5.0-22) RHEL9 Kernel: Depends on container host Compiler: gcc 11.5.0 20240719 (Red Hat 11.5.0-2) Ubuntu 20.04 Kernel: Depends on container host Compiler: gcc (Ubuntu 9.4.0-1ubuntu1~20.04.2) 9.4.0 Ubuntu 24.04 Kernel: Depends on container host Compiler: gcc (Ubuntu 13.3.0-6ubuntu2~24.04) 13.3.0 Ubuntu 22.04 Kernel: Depends on container host Compiler: gcc (Ubuntu 11.4.0-1ubuntu1~22.04) 11.4.0 Alpine Kernel: Depends on container host Compiler: gcc (Alpine 14.2.0) 14.2.0 Ubuntu 24.04 32 Bit Cross Compile Kernel: Depends on container host Compiler: gcc (Ubuntu 13.3.0-6ubuntu2~24.04) 13.3.0 FreeBSD 13.5 Kernel: 13.5-RELEASE Compiler: clang 19.1.7 FreeBSD 14.2 Kernel: 14.2-RELEASE Compiler: clang 18.1.6 Fedora 40 Kernel: Depends on container host Compiler: gcc 14.2.1 20240912 (Red Hat 14.2.1-3) Fedora 41 Kernel: Depends on container host Compiler: gcc 14.2.1 20240912 (Red Hat 14.2.1-3) Windows Server 2022 Kernel: 10.0.20348.2031 Compiler: clang 15.0.7, gcc 14.1.0 (MinGW), and MSVC VS 19.39.33521 To view detailed results, visit: https://lab.dpdk.org/results/dashboard/patchsets/33172/ UNH-IOL DPDK Community Lab To manage your email subscriptions, visit: https://lab.dpdk.org/results/dashboard/preferences/subscriptions/