From: dpdklab@iol.unh.edu
To: Test Report <test-report@dpdk.org>
Cc: dpdk-test-reports@iol.unh.edu
Subject: |SUCCESS| pw153439 [PATCH] net/intel: reduce size of common Tx queue
Date: Wed, 14 May 2025 09:57:23 -0700 (PDT) [thread overview]
Message-ID: <6824cb73.170a0220.a2d0e.46dcSMTPIN_ADDED_MISSING@mx.google.com> (raw)
In-Reply-To: <20250514125733.1364644-1-shaiq.wani@intel.com>
Test-Label: iol-sample-apps-testing
Test-Status: SUCCESS
http://dpdk.org/patch/153439
_Testing PASS_
Submitter: Shaiq Wani <shaiq.wani@intel.com>
Date: Wednesday, May 14 2025 12:57:33
DPDK git baseline: Repo:dpdk
Branch: master
CommitID:5b3328195d3c7cc013eb0d7a0b99ab6791d46a77
153439 --> testing pass
Upstream job id: ACVP-FIPS-testing#9808
Test environment and result as below:
+--------------------+----------------------+----------------------+
| Environment | compressdev_zlib_pmd | dpdk_fips_validation |
+====================+======================+======================+
| Ubuntu 22.04 (ARM) | PASS | SKIPPED |
+--------------------+----------------------+----------------------+
| Ubuntu 22.04 | PASS | SKIPPED |
+--------------------+----------------------+----------------------+
| Ubuntu 20.04 | SKIPPED | PASS |
+--------------------+----------------------+----------------------+
Ubuntu 22.04 (ARM)
Kernel: 5.15.0-97-generic
Compiler: gcc gcc (Ubuntu 11.4.0-1ubuntu1~22.04) 11.4.0
Ubuntu 22.04
Kernel: 5.15.0-100-generic
Compiler: gcc gcc (Ubuntu 11.4.0-1ubuntu1~22.04) 11.4.0
Ubuntu 20.04
Kernel: Depends on container host
Compiler: gcc (Ubuntu 9.4.0-1ubuntu1~20.04.2) 9.4.0
To view detailed results, visit:
https://lab.dpdk.org/results/dashboard/patchsets/33172/
UNH-IOL DPDK Community Lab
To manage your email subscriptions, visit:
https://lab.dpdk.org/results/dashboard/preferences/subscriptions/
next prev parent reply other threads:[~2025-05-14 16:57 UTC|newest]
Thread overview: 30+ messages / expand[flat|nested] mbox.gz Atom feed top
[not found] <20250514125733.1364644-1-shaiq.wani@intel.com>
2025-05-14 12:23 ` |SUCCESS| pw153439 [PATCH] net/intel: reduce size of common Tx queue struct qemudev
2025-05-14 12:27 ` qemudev
2025-05-14 12:57 ` checkpatch
2025-05-14 15:11 ` |SUCCESS| pw153439 [PATCH] net/intel: reduce size of common Tx queue dpdklab
2025-05-14 15:13 ` dpdklab
2025-05-14 15:21 ` dpdklab
2025-05-14 15:21 ` dpdklab
2025-05-14 15:29 ` dpdklab
2025-05-14 15:30 ` dpdklab
2025-05-14 15:31 ` |PENDING| " dpdklab
2025-05-14 15:33 ` |SUCCESS| " dpdklab
2025-05-14 15:36 ` |PENDING| " dpdklab
2025-05-14 15:37 ` |SUCCESS| " dpdklab
2025-05-14 15:37 ` |FAILURE| " dpdklab
2025-05-14 15:38 ` dpdklab
2025-05-14 15:51 ` |SUCCESS| " dpdklab
2025-05-14 15:51 ` |PENDING| " dpdklab
2025-05-14 15:54 ` |FAILURE| " dpdklab
2025-05-14 15:54 ` dpdklab
2025-05-14 15:58 ` dpdklab
2025-05-14 16:03 ` |PENDING| " dpdklab
2025-05-14 16:04 ` |WARNING| " dpdklab
2025-05-14 16:28 ` |SUCCESS| " dpdklab
2025-05-14 16:33 ` dpdklab
2025-05-14 16:49 ` |FAILURE| " dpdklab
2025-05-14 16:50 ` dpdklab
2025-05-14 16:57 ` dpdklab [this message]
2025-05-14 17:01 ` |WARNING| " dpdklab
2025-05-14 17:09 ` dpdklab
2025-05-14 17:36 ` |SUCCESS| " dpdklab
Reply instructions:
You may reply publicly to this message via plain-text email
using any one of the following methods:
* Save the following mbox file, import it into your mail client,
and reply-to-all from there: mbox
Avoid top-posting and favor interleaved quoting:
https://en.wikipedia.org/wiki/Posting_style#Interleaved_style
* Reply using the --to, --cc, and --in-reply-to
switches of git-send-email(1):
git send-email \
--in-reply-to=6824cb73.170a0220.a2d0e.46dcSMTPIN_ADDED_MISSING@mx.google.com \
--to=dpdklab@iol.unh.edu \
--cc=dpdk-test-reports@iol.unh.edu \
--cc=test-report@dpdk.org \
/path/to/YOUR_REPLY
https://kernel.org/pub/software/scm/git/docs/git-send-email.html
* If your mail client supports setting the In-Reply-To header
via mailto: links, try the mailto: link
Be sure your reply has a Subject: header at the top and a blank line
before the message body.
This is a public inbox, see mirroring instructions
for how to clone and mirror all data and code used for this inbox;
as well as URLs for NNTP newsgroup(s).