From mboxrd@z Thu Jan 1 00:00:00 1970 Return-Path: Received: from mails.dpdk.org (mails.dpdk.org [217.70.189.124]) by inbox.dpdk.org (Postfix) with ESMTP id DB02646748 for ; Wed, 14 May 2025 19:01:29 +0200 (CEST) Received: from mails.dpdk.org (localhost [127.0.0.1]) by mails.dpdk.org (Postfix) with ESMTP id B8604402DC; Wed, 14 May 2025 19:01:29 +0200 (CEST) Received: from mail-il1-f225.google.com (mail-il1-f225.google.com [209.85.166.225]) by mails.dpdk.org (Postfix) with ESMTP id 76C89402C8 for ; Wed, 14 May 2025 19:01:28 +0200 (CEST) Received: by mail-il1-f225.google.com with SMTP id e9e14a558f8ab-3d940c7ea71so102155ab.0 for ; Wed, 14 May 2025 10:01:28 -0700 (PDT) DKIM-Signature: v=1; a=rsa-sha256; c=relaxed/relaxed; d=iol.unh.edu; s=unh-iol; t=1747242088; x=1747846888; darn=dpdk.org; h=references:in-reply-to:cc:to:from:subject:message-id:date:from:to :cc:subject:date:message-id:reply-to; bh=fusgceb2+nbJaYpudODxYa6lQ/4LfiJw/vpFP9iRS/g=; b=X575UQ/WusE5YHWzfIR0QSYtgmPNjd3oBsPRy2mPYzpjIuL+kfJcHDNeO/yQEQa+H3 FPtkiqUAFj14RQoPBgCPMShrlJTVH0n2gLQ9Js+BZ0mRdPgN9fA7x987kuSXiRxGTSjt 8yo3QUm+9z7ArMhhprHsrG85kuvEC6reohQcE= X-Google-DKIM-Signature: v=1; a=rsa-sha256; c=relaxed/relaxed; d=1e100.net; s=20230601; t=1747242088; x=1747846888; h=references:in-reply-to:cc:to:from:subject:message-id:date :x-gm-message-state:from:to:cc:subject:date:message-id:reply-to; bh=fusgceb2+nbJaYpudODxYa6lQ/4LfiJw/vpFP9iRS/g=; b=sX/6J+9uOROJO1c0TGjk+jJ9wa+i5ozhOCRC9sRbNGFxa2Rtet8jsg7jQR0SQeGPOl g9nYpWVT6PztpSASEUmvo+Sb2xaPmTc9gWLaOrvqzdLLLnsxq97lkNijnIfIvS2rHqQn nA39Bm9OgeCYof/aa/blboo53LWXiLJq3+o0jiXDg4y/ZRAY2Dx0PJUYpv3ltQ6h5TVY po+ATCL7ppHfuYOQJTdgYsoyU1EteeiKtqBFXfpbsPpm6Z0rfOreYGIaOee7UeupU0aP JIShl9vDiTrimwasWk0lgReZuMhyyQ7QwrEDe5Ee0KKCPyD86HmTxgzubGNTYPwutBjl S/sQ== X-Gm-Message-State: AOJu0YygnTLmpnwkII42DORyxceM3H28uYyCooXor6sZo2S8pLem1XyA eO3Aad/9j2dfy8FPkbMEyHRl+QUvCT3TTf6Dl5aXE0dcP7YODD4ckn4eJ7Vwc/AZQxFQEyahLAO 3gqEA1eXfMVaFR5QF453cVqE+/xRfkeB8tVJuDIIe X-Gm-Gg: ASbGnctuUZT66Um282pIeZl/1flAoZQMO1RqUyHvGMQPjCQGhFco/+4F0MDK5pmNwUI q+vLLnaiN8T0PHOcJhw+/991p7KSP6seCt49/jUKVJsW/z36i+1bq6v2IpMQSYiLAFoHCvAB99M 0251XOreCB65+KOK22xXz1Wg2KcfNRuY7kY5elptyJ+uyTnRzIVVQ+7XzypoB2+TM/xnxYG2HbA egYjZD2OBWrEEqi0vrd0CkTHPVruMu0JSc6klvV37Pl09r8awYUopV6dtwaWdApznfIvIZZGe0r X+hYG4RLRs2WwaZ0OcwMelD4oBLD2CaNkRyx3KMciYNYDIxJSmmc+jog0P0= X-Google-Smtp-Source: AGHT+IGW5dpklnN4ixOU+4B7xTSyqDva1Th2QQfMVNgPrlkzN4h2z9ZexQZBjBYGZclJBjTNuttMofln4HY8 X-Received: by 2002:a05:6e02:178d:b0:3d3:fdcc:8fb8 with SMTP id e9e14a558f8ab-3db6f7a04c9mr36524505ab.10.1747242087596; Wed, 14 May 2025 10:01:27 -0700 (PDT) Received: from postal.iol.unh.edu (postal.iol.unh.edu. [132.177.123.84]) by smtp-relay.gmail.com with ESMTPS id e9e14a558f8ab-3da7e1637ddsm7779685ab.68.2025.05.14.10.01.27 (version=TLS1_2 cipher=ECDHE-ECDSA-AES128-GCM-SHA256 bits=128/128); Wed, 14 May 2025 10:01:27 -0700 (PDT) X-Relaying-Domain: iol.unh.edu Date: Wed, 14 May 2025 10:01:27 -0700 (PDT) Message-ID: <6824cc67.050a0220.120d82.9532SMTPIN_ADDED_MISSING@mx.google.com> Received: from [172.17.0.2] (unknown [172.18.0.76]) by postal.iol.unh.edu (Postfix) with ESMTP id 196496052471; Wed, 14 May 2025 13:01:27 -0400 (EDT) Subject: |WARNING| pw153439 [PATCH] net/intel: reduce size of common Tx queue From: dpdklab@iol.unh.edu To: Test Report Cc: dpdk-test-reports@iol.unh.edu In-Reply-To: <20250514125733.1364644-1-shaiq.wani@intel.com> References: <20250514125733.1364644-1-shaiq.wani@intel.com> Content-Type: text/plain X-BeenThere: test-report@dpdk.org X-Mailman-Version: 2.1.29 Precedence: list List-Id: automatic DPDK test reports List-Unsubscribe: , List-Archive: List-Post: List-Help: List-Subscribe: , Errors-To: test-report-bounces@dpdk.org Test-Label: iol-unit-amd64-testing Test-Status: WARNING http://dpdk.org/patch/153439 _Testing issues_ Submitter: Shaiq Wani Date: Wednesday, May 14 2025 12:57:33 DPDK git baseline: Repo:dpdk Branch: master CommitID:5b3328195d3c7cc013eb0d7a0b99ab6791d46a77 153439 --> testing issues Upstream job id: Generic-VM-Unit-Test-DPDK#28515 Test environment and result as below: +---------------------+----------------+ | Environment | dpdk_unit_test | +=====================+================+ | Debian 12 | PASS | +---------------------+----------------+ | Fedora 41 | PASS | +---------------------+----------------+ | CentOS Stream 10 | PASS | +---------------------+----------------+ | CentOS Stream 9 | PASS | +---------------------+----------------+ | Fedora 40 | PASS | +---------------------+----------------+ | Fedora 41 (Clang) | WARN | +---------------------+----------------+ | Fedora 40 (Clang) | WARN | +---------------------+----------------+ | RHEL8 | PASS | +---------------------+----------------+ | RHEL9 | PASS | +---------------------+----------------+ | Ubuntu 22.04 | PASS | +---------------------+----------------+ | Ubuntu 20.04 | PASS | +---------------------+----------------+ | Ubuntu 24.04 | PASS | +---------------------+----------------+ | Windows Server 2022 | PASS | +---------------------+----------------+ ==== 20 line log output for Fedora 40 (Clang) (dpdk_unit_test): ==== [1805/3481] Compiling C object drivers/libtmp_rte_net_ice.a.p/net_intel_ice_ice_rxtx.c.o [1806/3481] Compiling C object drivers/libtmp_rte_net_ice.a.p/net_intel_ice_ice_rxtx_vec_sse.c.o [1807/3481] Compiling C object drivers/libtmp_rte_net_ice.a.p/net_intel_ice_ice_dcf.c.o [1808/3481] Compiling C object drivers/libtmp_rte_net_ice.a.p/net_intel_ice_ice_dcf_vf_representor.c.o [1809/3481] Generating rte_net_ice_map with a custom command [1810/3481] Compiling C object drivers/libtmp_rte_net_ice.a.p/net_intel_ice_ice_dcf_parent.c.o [1811/3481] Compiling C object drivers/libtmp_rte_net_ice.a.p/net_intel_ice_ice_dcf_sched.c.o [1812/3481] Compiling C object drivers/libtmp_rte_net_ice.a.p/net_intel_ice_ice_dcf_ethdev.c.o [1813/3481] Linking static target drivers/libtmp_rte_net_ice.a [1814/3481] Compiling C object drivers/librte_net_idpf_avx512_lib.a.p/net_intel_idpf_idpf_common_rxtx_avx512.c.o FAILED: drivers/librte_net_idpf_avx512_lib.a.p/net_intel_idpf_idpf_common_rxtx_avx512.c.o clang -Idrivers/librte_net_idpf_avx512_lib.a.p -Idrivers -I../drivers -Idrivers/net/intel/idpf -I../drivers/net/intel/idpf -Idrivers/net/intel/idpf/base -I../drivers/net/intel/idpf/base -I../drivers/net/intel/iavf/base -Ilib/ethdev -I../lib/ethdev -Ilib/eal/common -I../lib/eal/common -I. -I.. -Iconfig -I../config -Ilib/eal/include -I../lib/eal/include -Ilib/eal/linux/include -I../lib/eal/linux/include -Ilib/eal/x86/include -I../lib/eal/x86/include -I../kernel/linux -Ilib/eal -I../lib/eal -Ilib/kvargs -I../lib/kvargs -Ilib/log -I../lib/log -Ilib/metrics -I../lib/metrics -Ilib/telemetry -I../lib/telemetry -Ilib/net -I../lib/net -Ilib/mbuf -I../lib/mbuf -Ilib/mempool -I../lib/mempool -Ilib/ring -I../lib/ring -Ilib/meter -I../lib/meter -Idrivers/bus/pci -I../drivers/bus/pci -I../drivers/bus/pci/linux -Ilib/pci -I../lib/pci -Idrivers/bus/vdev -I../drivers/bus/vdev -Xclang -fcolor-diagnostics -pipe -D_FILE_OFFSET_BITS=64 -Wall -Winvalid-pch -Wextra -Werror -std=c11 -O3 -include rte_config. h -Wvla -Wcast-qual -Wdeprecated -Wformat -Wformat-nonliteral -Wformat-security -Wmissing-declarations -Wmissing-prototypes -Wnested-externs -Wold-style-definition -Wpointer-arith -Wsign-compare -Wstrict-prototypes -Wundef -Wwrite-strings -Wno-missing-field-initializers -D_GNU_SOURCE -fPIC -march=native -mrtm -DALLOW_EXPERIMENTAL_API -DALLOW_INTERNAL_API -Wno-format-truncation -Wno-address-of-packed-member -DRTE_LOG_DEFAULT_LOGTYPE=pmd.net.idpf -DRTE_ANNOTATE_LOCKS -Wthread-safety -DCC_AVX512_SUPPORT -mavx512f -mavx512vl -mavx512dq -mavx512bw -mavx512cd -MD -MQ drivers/librte_net_idpf_avx512_lib.a.p/net_intel_idpf_idpf_common_rxtx_avx512.c.o -MF drivers/librte_net_idpf_avx512_lib.a.p/net_intel_idpf_idpf_common_rxtx_avx512.c.o.d -o drivers/librte_net_idpf_avx512_lib.a.p/net_intel_idpf_idpf_common_rxtx_avx512.c.o -c ../drivers/net/intel/idpf/idpf_common_rxtx_avx512.c ../drivers/net/intel/idpf/idpf_common_rxtx_avx512.c:1373:1: error: unused function 'idpf_tx_release_mbufs_avx512' [-Werror,-Wunused-function] 1373 | idpf_tx_release_mbufs_avx512(struct ci_tx_queue *txq) | ^~~~~~~~~~~~~~~~~~~~~~~~~~~~ 1 error generated. [1815/3481] Compiling C object drivers/librte_net_idpf_avx2_lib.a.p/net_intel_idpf_idpf_common_rxtx_avx2.c.o [1816/3481] Compiling C object drivers/libtmp_rte_net_idpf.a.p/net_intel_idpf_idpf_common_device.c.o [1817/3481] Generating rte_net_ice.pmd.c with a custom command ninja: build stopped: subcommand failed. ==== End log output ==== Debian 12 Kernel: Depends on container host Compiler: gcc (Debian 12.2.0-14) 12.2.0 Fedora 41 Kernel: Depends on container host Compiler: gcc 14.2.1 20240912 (Red Hat 14.2.1-3) CentOS Stream 10 Kernel: Depends on container host Compiler: gcc 14.2.1 20241104 (Red Hat 14.2.1-6) CentOS Stream 9 Kernel: Depends on container host Compiler: gcc 11.5.0 20240719 (Red Hat 11.5.0-2) Fedora 40 Kernel: Depends on container host Compiler: gcc 14.2.1 20240912 (Red Hat 14.2.1-3) Fedora 41 (Clang) Kernel: Depends on container host Compiler: clang 19.1.5 (Fedora 19.1.5-1.fc41) Fedora 40 (Clang) Kernel: Depends on container host Compiler: clang 18.1.8 (Fedora 18.1.8-1.fc40) RHEL8 Kernel: Depends on container host Compiler: gcc 8.5.0 20210514 (Red Hat 8.5.0-22) RHEL9 Kernel: Depends on container host Compiler: gcc 11.5.0 20240719 (Red Hat 11.5.0-2) Ubuntu 22.04 Kernel: Depends on container host Compiler: gcc (Ubuntu 11.4.0-1ubuntu1~22.04) 11.4.0 Ubuntu 20.04 Kernel: Depends on container host Compiler: gcc (Ubuntu 9.4.0-1ubuntu1~20.04.2) 9.4.0 Ubuntu 24.04 Kernel: Depends on container host Compiler: gcc (Ubuntu 13.3.0-6ubuntu2~24.04) 13.3.0 Windows Server 2022 Kernel: 10.0.20348.2031 Compiler: clang 15.0.7, gcc 14.1.0 (MinGW), and MSVC VS 19.39.33521 To view detailed results, visit: https://lab.dpdk.org/results/dashboard/patchsets/33172/ UNH-IOL DPDK Community Lab To manage your email subscriptions, visit: https://lab.dpdk.org/results/dashboard/preferences/subscriptions/