From mboxrd@z Thu Jan 1 00:00:00 1970 Return-Path: Received: from mails.dpdk.org (mails.dpdk.org [217.70.189.124]) by inbox.dpdk.org (Postfix) with ESMTP id A8D294674F for ; Thu, 15 May 2025 07:28:56 +0200 (CEST) Received: from mails.dpdk.org (localhost [127.0.0.1]) by mails.dpdk.org (Postfix) with ESMTP id A35B0402C2; Thu, 15 May 2025 07:28:56 +0200 (CEST) Received: from mail-pf1-f227.google.com (mail-pf1-f227.google.com [209.85.210.227]) by mails.dpdk.org (Postfix) with ESMTP id 97A3B402B3 for ; Thu, 15 May 2025 07:28:55 +0200 (CEST) Received: by mail-pf1-f227.google.com with SMTP id d2e1a72fcca58-72d3b48d2ffso520102b3a.2 for ; Wed, 14 May 2025 22:28:55 -0700 (PDT) DKIM-Signature: v=1; a=rsa-sha256; c=relaxed/relaxed; d=iol.unh.edu; s=unh-iol; t=1747286935; x=1747891735; darn=dpdk.org; h=cc:to:from:subject:message-id:date:from:to:cc:subject:date :message-id:reply-to; bh=QJST4umdld5lQtIoBEyUu2u0dCdeW65mn9i7QLuRJKw=; b=QVTaNssankuOX2kB2FcRh+y95idKt9z5H1a4udV2WfL99iEA9nxncUdxO+AvhbO1yU QQOvAQlcrj/OP465JVjmuUxhDk/ib109WbhPQ2zyxpiMUviXXF6hTCozjkxxGxDd5/IA EKerwz9QbaDqq6KhZ14OYCYwo2cOqa4XKzwCM= X-Google-DKIM-Signature: v=1; a=rsa-sha256; c=relaxed/relaxed; d=1e100.net; s=20230601; t=1747286935; x=1747891735; h=cc:to:from:subject:message-id:date:x-gm-message-state:from:to:cc :subject:date:message-id:reply-to; bh=QJST4umdld5lQtIoBEyUu2u0dCdeW65mn9i7QLuRJKw=; b=RgIsnE97MZFVftBte4d9Ecr8U3hxBFJP0r3AGL6IX5ZPoCLAXLhorJvLMOwEQUz0Ns Mf2r/XXOe9Xg9569Is7Xw9hG2Y24iyNi/zn1PxogkhQiYF1a2OHwtvZ6lzRoPqqFLRdj IFJ4vaX1dBWKNe9domkqzeDlrnS27TAmTmgQkYQ65/bbgUTUIsha3kP8VJMCNspYsKDJ sk7fIdljHrQviQeBS8WAMI5Mex1q2OMhMpCQx51atlFoJTdNNFFcYwhP+kjuGAfV1YGu dkNKF7chY+yRoFbuDqfRirJbO/ovKlefvcxaYqbR5TTpd/wvRMXAMsexTZ1TtR8uQbS2 y+qg== X-Gm-Message-State: AOJu0YzznWi9vukrXyaVGJrjjeTO6GfrARMM5QbH99KV6JzULyYQlLnb z/y8IXrF//73idiHkWZZ3UWoO8RxA00uqQkjh7orVPhWwpdUy0R9oQiGYngxw9QwKhral2jaylt croZmUV0Ns1oVnprp88YKpXlQIbhxp/xQ X-Gm-Gg: ASbGnctWnQw0CWjGreqJfgZ5Ru5P1AvObu3p0oXKBh7KQscGjrH5TGVRmbkS1egVIci H+r3Z86LCq0wKFLgy4StAUVDLsGzAhBOmnwN8fLwf0d7Az/Tqc6x8MCZjiYtCSXOpmHOnq68vPe 8SfI1mtCWF9dxL/g4shyStaIWS2uKyXXfFRO5OapE5aAYNTgoEDJK6LAyQ7LAZElHR4SxcVBD9b 6xTOBdGEKhYI+T8CcF5iGaxVBZPJgaKzWdmb7TDSC6sYgPYFmHZI8ufAcaA+9loJD5nlwL/Zd3V 3SS/Fv6COsnwFfDlgSA1hRX+Hmu5F20rsbc5Mz6BfwGeLCstNq708DxOLe8= X-Google-Smtp-Source: AGHT+IH5EH6KsoGoTiO7JjvoySilzsKoCXRWlU5xyDzsPfOmWH77kTRMGNL/z8Fvb1lHd+93G3YbiYkGqOQy X-Received: by 2002:a17:902:f68e:b0:223:f408:c3f8 with SMTP id d9443c01a7336-231b5e6848emr15551175ad.14.1747286934619; Wed, 14 May 2025 22:28:54 -0700 (PDT) Received: from postal.iol.unh.edu (postal.iol.unh.edu. [132.177.123.84]) by smtp-relay.gmail.com with ESMTPS id d9443c01a7336-22fc6f11222sm7468325ad.74.2025.05.14.22.28.54 (version=TLS1_2 cipher=ECDHE-ECDSA-AES128-GCM-SHA256 bits=128/128); Wed, 14 May 2025 22:28:54 -0700 (PDT) X-Relaying-Domain: iol.unh.edu Date: Wed, 14 May 2025 22:28:54 -0700 (PDT) Message-ID: <68257b96.170a0220.296379.74e2SMTPIN_ADDED_MISSING@mx.google.com> Received: from [172.21.0.5] (unknown [172.18.0.240]) by postal.iol.unh.edu (Postfix) with ESMTP id 155EC6052471; Thu, 15 May 2025 01:28:54 -0400 (EDT) Subject: |WARNING| [GIT MASTER] 4401486b5e30d43a134f80f9802f60b5f43e74a8 From: dpdklab@iol.unh.edu To: Test Report Cc: dpdk-test-reports@iol.unh.edu, Xueming Li , Christian Ehrhardt , Kevin Traynor , Luca Boccassi Content-Type: text/plain X-BeenThere: test-report@dpdk.org X-Mailman-Version: 2.1.29 Precedence: list List-Id: automatic DPDK test reports List-Unsubscribe: , List-Archive: List-Post: List-Help: List-Subscribe: , Errors-To: test-report-bounces@dpdk.org _Testing issues_ Branch: tags/v22.11 4401486b5e30d43a134f80f9802f60b5f43e74a8 --> testing issues Upstream job id: Generic-DPDK-Compile-ABI#126403 Test environment and result as below: +-------------------+----------+ | Environment | abi_test | +===================+==========+ | CentOS Stream 9 | FAIL | +-------------------+----------+ | CentOS Stream 10 | PEND | +-------------------+----------+ | Debian 12 | PEND | +-------------------+----------+ | Fedora 40 | PEND | +-------------------+----------+ | RHEL8 | PEND | +-------------------+----------+ | Fedora 41 (Clang) | FAIL | +-------------------+----------+ | Fedora 40 (Clang) | PASS | +-------------------+----------+ | Fedora 41 | PEND | +-------------------+----------+ | openSUSE Leap 15 | PEND | +-------------------+----------+ | RHEL9 | PEND | +-------------------+----------+ | Ubuntu 24.04 | PEND | +-------------------+----------+ | Ubuntu 22.04 | PEND | +-------------------+----------+ ==== 20 line log output for Fedora 41 (Clang) (abi_test): ==== './librte_regex_cn9k.so.23.0' -> 'dpdk/pmds-23.0/librte_regex_cn9k.so.23.0' './librte_regex_mlx5.so' -> 'dpdk/pmds-23.0/librte_regex_mlx5.so' './librte_regex_mlx5.so.23' -> 'dpdk/pmds-23.0/librte_regex_mlx5.so.23' './librte_regex_mlx5.so.23.0' -> 'dpdk/pmds-23.0/librte_regex_mlx5.so.23.0' './librte_vdpa_ifc.so' -> 'dpdk/pmds-23.0/librte_vdpa_ifc.so' './librte_vdpa_ifc.so.23' -> 'dpdk/pmds-23.0/librte_vdpa_ifc.so.23' './librte_vdpa_ifc.so.23.0' -> 'dpdk/pmds-23.0/librte_vdpa_ifc.so.23.0' './librte_vdpa_mlx5.so' -> 'dpdk/pmds-23.0/librte_vdpa_mlx5.so' './librte_vdpa_mlx5.so.23' -> 'dpdk/pmds-23.0/librte_vdpa_mlx5.so.23' './librte_vdpa_mlx5.so.23.0' -> 'dpdk/pmds-23.0/librte_vdpa_mlx5.so.23.0' './librte_vdpa_sfc.so' -> 'dpdk/pmds-23.0/librte_vdpa_sfc.so' './librte_vdpa_sfc.so.23' -> 'dpdk/pmds-23.0/librte_vdpa_sfc.so.23' './librte_vdpa_sfc.so.23.0' -> 'dpdk/pmds-23.0/librte_vdpa_sfc.so.23.0' Installing /root/workspace/Generic-DPDK-Compile-ABI@3/dpdk/usertools/dpdk-hugepages.py to /root/workspace/Generic-DPDK-Compile-ABI@3/build_install/usr/local/bin Installing /root/workspace/Generic-DPDK-Compile-ABI@3/dpdk/build/rte_build_config.h to /root/workspace/Generic-DPDK-Compile-ABI@3/build_install/usr/local/include Installing /root/workspace/Generic-DPDK-Compile-ABI@3/dpdk/build/meson-private/libdpdk-libs.pc to /root/workspace/Generic-DPDK-Compile-ABI@3/build_install/usr/local/lib64/pkgconfig Installing /root/workspace/Generic-DPDK-Compile-ABI@3/dpdk/build/meson-private/libdpdk.pc to /root/workspace/Generic-DPDK-Compile-ABI@3/build_install/usr/local/lib64/pkgconfig Running custom install script '/bin/sh /root/workspace/Generic-DPDK-Compile-ABI@3/dpdk/config/../buildtools/symlink-drivers-solibs.sh lib64 dpdk/pmds-23.0' ==== Compiled DPDK with debugoptimized bash: /scripts/generate_abi.sh: No such file or directory ==== End log output ==== CentOS Stream 9 Kernel: Depends on container host Compiler: gcc 11.5.0 20240719 (Red Hat 11.5.0-2) CentOS Stream 10 Kernel: Depends on container host Compiler: gcc 14.2.1 20241104 (Red Hat 14.2.1-6) Debian 12 Kernel: Depends on container host Compiler: gcc (Debian 12.2.0-14) 12.2.0 Fedora 40 Kernel: Depends on container host Compiler: gcc 14.2.1 20240912 (Red Hat 14.2.1-3) RHEL8 Kernel: Depends on container host Compiler: gcc 8.5.0 20210514 (Red Hat 8.5.0-22) Fedora 41 (Clang) Kernel: Depends on container host Compiler: clang 19.1.5 (Fedora 19.1.5-1.fc41) Fedora 40 (Clang) Kernel: Depends on container host Compiler: clang 18.1.8 (Fedora 18.1.8-1.fc40) Fedora 41 Kernel: Depends on container host Compiler: gcc 14.2.1 20240912 (Red Hat 14.2.1-3) openSUSE Leap 15 Kernel: Depends on container host Compiler: gcc (SUSE Linux) 7.5.0 RHEL9 Kernel: Depends on container host Compiler: gcc 11.5.0 20240719 (Red Hat 11.5.0-2) Ubuntu 24.04 Kernel: Depends on container host Compiler: gcc (Ubuntu 13.3.0-6ubuntu2~24.04) 13.3.0 Ubuntu 22.04 Kernel: Depends on container host Compiler: gcc (Ubuntu 11.4.0-1ubuntu1~22.04) 11.4.0 To view detailed results, visit: https://lab.dpdk.org/results/dashboard/tarballs/33533/ UNH-IOL DPDK Community Lab To manage your email subscriptions, visit: https://lab.dpdk.org/results/dashboard/preferences/subscriptions/