From mboxrd@z Thu Jan 1 00:00:00 1970 Return-Path: Received: from mails.dpdk.org (mails.dpdk.org [217.70.189.124]) by inbox.dpdk.org (Postfix) with ESMTP id 6CDD04674F for ; Thu, 15 May 2025 07:33:39 +0200 (CEST) Received: from mails.dpdk.org (localhost [127.0.0.1]) by mails.dpdk.org (Postfix) with ESMTP id 69F83402C2; Thu, 15 May 2025 07:33:39 +0200 (CEST) Received: from mail-pg1-f226.google.com (mail-pg1-f226.google.com [209.85.215.226]) by mails.dpdk.org (Postfix) with ESMTP id 0F04F402B3 for ; Thu, 15 May 2025 07:33:38 +0200 (CEST) Received: by mail-pg1-f226.google.com with SMTP id 41be03b00d2f7-b1fd59851baso278717a12.0 for ; Wed, 14 May 2025 22:33:37 -0700 (PDT) DKIM-Signature: v=1; a=rsa-sha256; c=relaxed/relaxed; d=iol.unh.edu; s=unh-iol; t=1747287217; x=1747892017; darn=dpdk.org; h=cc:to:from:subject:message-id:date:from:to:cc:subject:date :message-id:reply-to; bh=VjIKP8BqiEUcsObJ8Js/o1cH6JHgFV4teCyBynShpOU=; b=Zcy/C8XNh4tWCyF5HYQS0bf3Mh81xIp/nkA8ONp2l+LTTYx+0KTMMbODsawYPrivxG sC6aPu5gPIvz5+Xo9bO3B9iwEdelx+cLDz1Tglj3tdCw+eFV99hZEVDhQIBlAPYsAe7g so3exzQhurXaeHKTlieG+j2L50dPdaHLWWxiE= X-Google-DKIM-Signature: v=1; a=rsa-sha256; c=relaxed/relaxed; d=1e100.net; s=20230601; t=1747287217; x=1747892017; h=cc:to:from:subject:message-id:date:x-gm-message-state:from:to:cc :subject:date:message-id:reply-to; bh=VjIKP8BqiEUcsObJ8Js/o1cH6JHgFV4teCyBynShpOU=; b=AYAThHMOLqeK6TvcBuPe0QrQj8cu5QcqPN0Zh+qLauhQs0834VS6jiZpP/h1OXb3GN QW4D1sTxNuw04GJoN1wlhY5BO0+O3n3rNvVN4LFgyIf59yIHWK9iavgHFbO3FYvVF+v8 3jZGE71LHFiyON1g2zJs1YY+rietiG+h2qK24kWEVlYQ8DaLsa327SqEv0e9bgz8S3vk BgxxYN7YkRrinIsXH69/fYMeHvO3rXfYo6yiduN3S8uuPoHAZyCtwKGADTOp5hZHuENh jBB5LRxAR4JwmCNsOqWZ0pIEQj1x6wMcHn28TZrxjl0ammNXlXt4rApLCqeGVR2bxevA O4Bg== X-Gm-Message-State: AOJu0YwlETeHN9WFKCPRlfpjCucaldSQSxP7G1hgP31y6GP2RaMil3JW lcdTpIKEq2O6yE4NRVoVppydclyBxKCMh/HdmMPUU/AtgFKWQ5toCpF3vzq6tN3pFB+gv2yVC3g /l9/0ls5i0gffm6p5aSUPtKJtl52Y6IZ6 X-Gm-Gg: ASbGncttZPhijIYXycuG82REdlWvyE8zouN48K89qJBjFwvPuELd10D4XshC+cCzQPa +qbeiI1rfvu+XahxdrguETYv1Mb606Mc4ZeRsXbS7lWA29Ki9SGjdh9ASaJ21f17qsZpXCIL4ZA 9QnorS/TIINYw2/gWGa+gta69exeYPkbA27jyB+l7qWQYs7Vix9v8kugejeMqBTgSXMrXwUYIMs EltSkr7XT23TUk/DTr1PnlN0elvWBJoAM0LrJaLeoyyfvahzIzQoWPqxnDikbxIzvfIszPn0CHN 5nejFelDDT8BCAQpLmcUq9ymcOVDUYe1bjHPypIVmC/8Qe/oZ/phTk2aWOM= X-Google-Smtp-Source: AGHT+IGHdJDQBsLrnw7KGbSzGIJWqnDfc1ydm7xDqt2AuK4LWeUS5VvlrIWBvhF3s37piU205t6l/ScW/o6W X-Received: by 2002:a17:903:191:b0:215:b473:1dc9 with SMTP id d9443c01a7336-231b601e84fmr16995175ad.46.1747287217106; Wed, 14 May 2025 22:33:37 -0700 (PDT) Received: from postal.iol.unh.edu (postal.iol.unh.edu. [132.177.123.84]) by smtp-relay.gmail.com with ESMTPS id d9443c01a7336-22fc5a26f2fsm7182225ad.34.2025.05.14.22.33.36 (version=TLS1_2 cipher=ECDHE-ECDSA-AES128-GCM-SHA256 bits=128/128); Wed, 14 May 2025 22:33:37 -0700 (PDT) X-Relaying-Domain: iol.unh.edu Date: Wed, 14 May 2025 22:33:37 -0700 (PDT) Message-ID: <68257cb1.170a0220.3cbc0.6010SMTPIN_ADDED_MISSING@mx.google.com> Received: from [172.21.0.7] (unknown [172.18.0.240]) by postal.iol.unh.edu (Postfix) with ESMTP id 4626C6052471; Thu, 15 May 2025 01:33:36 -0400 (EDT) Subject: |WARNING| [GIT MASTER] 4401486b5e30d43a134f80f9802f60b5f43e74a8 From: dpdklab@iol.unh.edu To: Test Report Cc: dpdk-test-reports@iol.unh.edu, Xueming Li , Christian Ehrhardt , Kevin Traynor , Luca Boccassi Content-Type: text/plain X-BeenThere: test-report@dpdk.org X-Mailman-Version: 2.1.29 Precedence: list List-Id: automatic DPDK test reports List-Unsubscribe: , List-Archive: List-Post: List-Help: List-Subscribe: , Errors-To: test-report-bounces@dpdk.org _Testing issues_ Branch: tags/v22.11 4401486b5e30d43a134f80f9802f60b5f43e74a8 --> testing issues Upstream job id: Generic-DPDK-Compile-ABI#126408 Test environment and result as below: +-------------------+----------+ | Environment | abi_test | +===================+==========+ | CentOS Stream 9 | FAIL | +-------------------+----------+ | CentOS Stream 10 | PEND | +-------------------+----------+ | Debian 12 | PEND | +-------------------+----------+ | Fedora 40 | PEND | +-------------------+----------+ | RHEL8 | FAIL | +-------------------+----------+ | Fedora 41 (Clang) | FAIL | +-------------------+----------+ | Fedora 40 (Clang) | PASS | +-------------------+----------+ | Fedora 41 | PEND | +-------------------+----------+ | openSUSE Leap 15 | PEND | +-------------------+----------+ | RHEL9 | PEND | +-------------------+----------+ | Ubuntu 24.04 | PEND | +-------------------+----------+ | Ubuntu 22.04 | PEND | +-------------------+----------+ ==== 20 line log output for Fedora 41 (Clang) (abi_test): ==== './librte_regex_cn9k.so.23.0' -> 'dpdk/pmds-23.0/librte_regex_cn9k.so.23.0' './librte_regex_mlx5.so' -> 'dpdk/pmds-23.0/librte_regex_mlx5.so' './librte_regex_mlx5.so.23' -> 'dpdk/pmds-23.0/librte_regex_mlx5.so.23' './librte_regex_mlx5.so.23.0' -> 'dpdk/pmds-23.0/librte_regex_mlx5.so.23.0' './librte_vdpa_ifc.so' -> 'dpdk/pmds-23.0/librte_vdpa_ifc.so' './librte_vdpa_ifc.so.23' -> 'dpdk/pmds-23.0/librte_vdpa_ifc.so.23' './librte_vdpa_ifc.so.23.0' -> 'dpdk/pmds-23.0/librte_vdpa_ifc.so.23.0' './librte_vdpa_mlx5.so' -> 'dpdk/pmds-23.0/librte_vdpa_mlx5.so' './librte_vdpa_mlx5.so.23' -> 'dpdk/pmds-23.0/librte_vdpa_mlx5.so.23' './librte_vdpa_mlx5.so.23.0' -> 'dpdk/pmds-23.0/librte_vdpa_mlx5.so.23.0' './librte_vdpa_sfc.so' -> 'dpdk/pmds-23.0/librte_vdpa_sfc.so' './librte_vdpa_sfc.so.23' -> 'dpdk/pmds-23.0/librte_vdpa_sfc.so.23' './librte_vdpa_sfc.so.23.0' -> 'dpdk/pmds-23.0/librte_vdpa_sfc.so.23.0' Installing /root/workspace/Generic-DPDK-Compile-ABI@3/dpdk/usertools/dpdk-hugepages.py to /root/workspace/Generic-DPDK-Compile-ABI@3/build_install/usr/local/bin Installing /root/workspace/Generic-DPDK-Compile-ABI@3/dpdk/build/rte_build_config.h to /root/workspace/Generic-DPDK-Compile-ABI@3/build_install/usr/local/include Installing /root/workspace/Generic-DPDK-Compile-ABI@3/dpdk/build/meson-private/libdpdk-libs.pc to /root/workspace/Generic-DPDK-Compile-ABI@3/build_install/usr/local/lib64/pkgconfig Installing /root/workspace/Generic-DPDK-Compile-ABI@3/dpdk/build/meson-private/libdpdk.pc to /root/workspace/Generic-DPDK-Compile-ABI@3/build_install/usr/local/lib64/pkgconfig Running custom install script '/bin/sh /root/workspace/Generic-DPDK-Compile-ABI@3/dpdk/config/../buildtools/symlink-drivers-solibs.sh lib64 dpdk/pmds-23.0' ==== Compiled DPDK with debugoptimized bash: /scripts/generate_abi.sh: No such file or directory ==== End log output ==== CentOS Stream 9 Kernel: Depends on container host Compiler: gcc 11.5.0 20240719 (Red Hat 11.5.0-2) CentOS Stream 10 Kernel: Depends on container host Compiler: gcc 14.2.1 20241104 (Red Hat 14.2.1-6) Debian 12 Kernel: Depends on container host Compiler: gcc (Debian 12.2.0-14) 12.2.0 Fedora 40 Kernel: Depends on container host Compiler: gcc 14.2.1 20240912 (Red Hat 14.2.1-3) RHEL8 Kernel: Depends on container host Compiler: gcc 8.5.0 20210514 (Red Hat 8.5.0-22) Fedora 41 (Clang) Kernel: Depends on container host Compiler: clang 19.1.5 (Fedora 19.1.5-1.fc41) Fedora 40 (Clang) Kernel: Depends on container host Compiler: clang 18.1.8 (Fedora 18.1.8-1.fc40) Fedora 41 Kernel: Depends on container host Compiler: gcc 14.2.1 20240912 (Red Hat 14.2.1-3) openSUSE Leap 15 Kernel: Depends on container host Compiler: gcc (SUSE Linux) 7.5.0 RHEL9 Kernel: Depends on container host Compiler: gcc 11.5.0 20240719 (Red Hat 11.5.0-2) Ubuntu 24.04 Kernel: Depends on container host Compiler: gcc (Ubuntu 13.3.0-6ubuntu2~24.04) 13.3.0 Ubuntu 22.04 Kernel: Depends on container host Compiler: gcc (Ubuntu 11.4.0-1ubuntu1~22.04) 11.4.0 To view detailed results, visit: https://lab.dpdk.org/results/dashboard/tarballs/33533/ UNH-IOL DPDK Community Lab To manage your email subscriptions, visit: https://lab.dpdk.org/results/dashboard/preferences/subscriptions/