From mboxrd@z Thu Jan  1 00:00:00 1970
Return-Path: <test-report-bounces@dpdk.org>
Received: from mails.dpdk.org (mails.dpdk.org [217.70.189.124])
	by inbox.dpdk.org (Postfix) with ESMTP id 481884674F
	for <public@inbox.dpdk.org>; Thu, 15 May 2025 07:51:26 +0200 (CEST)
Received: from mails.dpdk.org (localhost [127.0.0.1])
	by mails.dpdk.org (Postfix) with ESMTP id 256EA402C2;
	Thu, 15 May 2025 07:51:26 +0200 (CEST)
Received: from mail-yb1-f225.google.com (mail-yb1-f225.google.com
 [209.85.219.225])
 by mails.dpdk.org (Postfix) with ESMTP id 265F0402B3
 for <test-report@dpdk.org>; Thu, 15 May 2025 07:51:25 +0200 (CEST)
Received: by mail-yb1-f225.google.com with SMTP id
 3f1490d57ef6-e78fc91f30dso584956276.3
 for <test-report@dpdk.org>; Wed, 14 May 2025 22:51:25 -0700 (PDT)
DKIM-Signature: v=1; a=rsa-sha256; c=relaxed/relaxed;
 d=iol.unh.edu; s=unh-iol; t=1747288284; x=1747893084; darn=dpdk.org;
 h=cc:to:from:subject:message-id:date:from:to:cc:subject:date
 :message-id:reply-to;
 bh=DjCH2TU1Cyb0XfK/SzsJcCnefwR0rQoE+sNDBo31umY=;
 b=M1+jm9Tb5UhRpb2YNP76tGwhACykJ31dHqVSOm2NcBUNXjO7e+/dts7Jj1Bc4wmiVU
 hTFw6HNlxxFc6Yoh5jfH9ZvTcckvGFw1cEbGor0o6CUuixl3KCTys5QHkaHwtJcWlSDH
 UPcMHV+nVFLb2xdPUwCTlUgxKFZHalmGm3ox0=
X-Google-DKIM-Signature: v=1; a=rsa-sha256; c=relaxed/relaxed;
 d=1e100.net; s=20230601; t=1747288284; x=1747893084;
 h=cc:to:from:subject:message-id:date:x-gm-message-state:from:to:cc
 :subject:date:message-id:reply-to;
 bh=DjCH2TU1Cyb0XfK/SzsJcCnefwR0rQoE+sNDBo31umY=;
 b=mJRwHkZqasy0c9hiT+H0uF356ECLC2CmzQFSMRdcMzabzF8QKrM7FBAA1/NYDBNyFg
 5IIQt/JISLBGWuysGB6f74pO+A+gTYuiFW3i9ESUhRnZRv/zIZeB+AqkRfANPpJL9NK9
 mZhdmNR8hNbOlJo1N6bOXOf600TBNZ7s3MeRpeX6wfe/452zKrv3uD7oiRFIahiIZlnd
 JIxiS5YbodNCd9zdAdhvlvNFzzPHdT11e/4CQnKOwt8o734CGEFjng1tLxc285N5f1+7
 pbkHpjzDrtrEENNz5vHpKSj2k4/rgk4Y3CAaH1DD30vPSYdl0+17IorVETSWr29N5Ig9
 mq2w==
X-Gm-Message-State: AOJu0Yzs7VYaFJl2J5osKpcE6nvnUEGPB1NjrZxrAfhY4nWLDsbP0DgG
 XeWi+VwkJ6z9h2bd6mC4ruiPexx9faT5GmOzNh3R1hP/TjdE3AEb/Vg4/uWbGtv18Z8gyTappxR
 ANs4bzKd3PDgIEbErGZcebV65m/5/0H9d
X-Gm-Gg: ASbGncvFHN1JNq6fYSGWpVmxbnCuEU1a3XZRSny1pXiTM2BkXbTRQaRXAiQka7Ko2/e
 wRig26PsNFvy/aop+O6tMu3ozyVtD+pZ6x3q6aH79pdQHuLLXLrncMTEx/uVWSE+Bo7fBQf71xe
 2NQpbvpEbwniRuAVijE+TR2I4QjGo479AGcgi0ocgoRGAq4OhAHAj8TAFrVUAH3q96OlKBgj5Eg
 thKbS7GO2SKPyo4Rign4AEcgQuPCmVkYl3z22LN28PAOhsoMBhBF0I09nA7hRU8mzauMp+x3YhH
 1zH1b3hPBcsI8Ez/MRyi9vHT14nXKS0S2TDrxaVx/qM+hl6gogap9bSfh5Q=
X-Google-Smtp-Source: AGHT+IHTCQjr/4sNeCNr8dPVdfQTvjjv2prt0gMkNqMUzQ4n3R4/t+NAFaZIqr+LYN9JNAECiJ93nT+PqS+J
X-Received: by 2002:a05:6902:200a:b0:e72:e534:9a3c with SMTP id
 3f1490d57ef6-e7b3d4d9019mr8561476276.12.1747288284368; 
 Wed, 14 May 2025 22:51:24 -0700 (PDT)
Received: from postal.iol.unh.edu (postal.iol.unh.edu. [132.177.123.84])
 by smtp-relay.gmail.com with ESMTPS id
 3f1490d57ef6-e78fd6887dfsm814874276.30.2025.05.14.22.51.24
 (version=TLS1_2 cipher=ECDHE-ECDSA-AES128-GCM-SHA256 bits=128/128);
 Wed, 14 May 2025 22:51:24 -0700 (PDT)
X-Relaying-Domain: iol.unh.edu
Date: Wed, 14 May 2025 22:51:24 -0700 (PDT)
Message-ID: <682580dc.250a0220.3bf7b8.ce5cSMTPIN_ADDED_MISSING@mx.google.com>
Received: from [172.21.0.7] (unknown [172.18.0.240])
 by postal.iol.unh.edu (Postfix) with ESMTP id EEEDC6052471;
 Thu, 15 May 2025 01:51:23 -0400 (EDT)
Subject: |WARNING| [GIT MASTER] 4401486b5e30d43a134f80f9802f60b5f43e74a8
From: dpdklab@iol.unh.edu
To: Test Report <test-report@dpdk.org>
Cc: dpdk-test-reports@iol.unh.edu, Xueming Li <xuemingl@nvidia.com>,
 Christian Ehrhardt <christian.ehrhardt@canonical.com>,
 Kevin Traynor <ktraynor@redhat.com>, Luca Boccassi <bluca@debian.org>
Content-Type: text/plain
X-BeenThere: test-report@dpdk.org
X-Mailman-Version: 2.1.29
Precedence: list
List-Id: automatic DPDK test reports <test-report.dpdk.org>
List-Unsubscribe: <https://mails.dpdk.org/options/test-report>,
 <mailto:test-report-request@dpdk.org?subject=unsubscribe>
List-Archive: <http://mails.dpdk.org/archives/test-report/>
List-Post: <mailto:test-report@dpdk.org>
List-Help: <mailto:test-report-request@dpdk.org?subject=help>
List-Subscribe: <https://mails.dpdk.org/listinfo/test-report>,
 <mailto:test-report-request@dpdk.org?subject=subscribe>
Errors-To: test-report-bounces@dpdk.org

_Testing issues_

Branch: tags/v22.11

4401486b5e30d43a134f80f9802f60b5f43e74a8 --> testing issues

Upstream job id: Generic-DPDK-Compile-ABI#126406

Test environment and result as below:

+-------------------+----------+
|    Environment    | abi_test |
+===================+==========+
| CentOS Stream 9   | FAIL     |
+-------------------+----------+
| CentOS Stream 10  | PASS     |
+-------------------+----------+
| Debian 12         | FAIL     |
+-------------------+----------+
| Fedora 40         | PASS     |
+-------------------+----------+
| RHEL8             | FAIL     |
+-------------------+----------+
| Fedora 41 (Clang) | FAIL     |
+-------------------+----------+
| Fedora 40 (Clang) | PASS     |
+-------------------+----------+
| Fedora 41         | PASS     |
+-------------------+----------+
| openSUSE Leap 15  | PASS     |
+-------------------+----------+
| RHEL9             | FAIL     |
+-------------------+----------+
| Ubuntu 24.04      | FAIL     |
+-------------------+----------+
| Ubuntu 22.04      | FAIL     |
+-------------------+----------+

==== 20 line log output for Ubuntu 22.04 (abi_test): ====
'./librte_vdpa_ifc.so' -> 'dpdk/pmds-23.0/librte_vdpa_ifc.so'
'./librte_vdpa_ifc.so.23' -> 'dpdk/pmds-23.0/librte_vdpa_ifc.so.23'
'./librte_vdpa_ifc.so.23.0' -> 'dpdk/pmds-23.0/librte_vdpa_ifc.so.23.0'
'./librte_vdpa_mlx5.so' -> 'dpdk/pmds-23.0/librte_vdpa_mlx5.so'
'./librte_vdpa_mlx5.so.23' -> 'dpdk/pmds-23.0/librte_vdpa_mlx5.so.23'
'./librte_vdpa_mlx5.so.23.0' -> 'dpdk/pmds-23.0/librte_vdpa_mlx5.so.23.0'
'./librte_vdpa_sfc.so' -> 'dpdk/pmds-23.0/librte_vdpa_sfc.so'
'./librte_vdpa_sfc.so.23' -> 'dpdk/pmds-23.0/librte_vdpa_sfc.so.23'
'./librte_vdpa_sfc.so.23.0' -> 'dpdk/pmds-23.0/librte_vdpa_sfc.so.23.0'
Installing /root/workspace/Generic-DPDK-Compile-ABI@4/dpdk/usertools/dpdk-devbind.py to /root/workspace/Generic-DPDK-Compile-ABI@4/build_install/usr/local/bin
Installing /root/workspace/Generic-DPDK-Compile-ABI@4/dpdk/usertools/dpdk-pmdinfo.py to /root/workspace/Generic-DPDK-Compile-ABI@4/build_install/usr/local/bin
Installing /root/workspace/Generic-DPDK-Compile-ABI@4/dpdk/usertools/dpdk-telemetry.py to /root/workspace/Generic-DPDK-Compile-ABI@4/build_install/usr/local/bin
Installing /root/workspace/Generic-DPDK-Compile-ABI@4/dpdk/usertools/dpdk-hugepages.py to /root/workspace/Generic-DPDK-Compile-ABI@4/build_install/usr/local/bin
Installing /root/workspace/Generic-DPDK-Compile-ABI@4/dpdk/doc/guides/custom.css to /root/workspace/Generic-DPDK-Compile-ABI@4/build_install/usr/local/share/doc/dpdk/_static/css
Installing /root/workspace/Generic-DPDK-Compile-ABI@4/dpdk/build/rte_build_config.h to /root/workspace/Generic-DPDK-Compile-ABI@4/build_install/usr/local/include
Installing /root/workspace/Generic-DPDK-Compile-ABI@4/dpdk/build/meson-private/libdpdk-libs.pc to /root/workspace/Generic-DPDK-Compile-ABI@4/build_install/usr/local/lib/x86_64-linux-gnu/pkgconfig
Installing /root/workspace/Generic-DPDK-Compile-ABI@4/dpdk/build/meson-private/libdpdk.pc to /root/workspace/Generic-DPDK-Compile-ABI@4/build_install/usr/local/lib/x86_64-linux-gnu/pkgconfig
Running custom install script '/bin/sh /root/workspace/Generic-DPDK-Compile-ABI@4/dpdk/config/../buildtools/symlink-drivers-solibs.sh lib/x86_64-linux-gnu dpdk/pmds-23.0'
==== Compiled DPDK with debugoptimized
bash: /scripts/generate_abi.sh: No such file or directory
==== End log output ====

CentOS Stream 9
	Kernel: Depends on container host
	Compiler: gcc 11.5.0 20240719 (Red Hat 11.5.0-2)

CentOS Stream 10
	Kernel: Depends on container host
	Compiler: gcc 14.2.1 20241104 (Red Hat 14.2.1-6)

Debian 12
	Kernel: Depends on container host
	Compiler: gcc (Debian 12.2.0-14) 12.2.0

Fedora 40
	Kernel: Depends on container host
	Compiler: gcc 14.2.1 20240912 (Red Hat 14.2.1-3)

RHEL8
	Kernel: Depends on container host
	Compiler: gcc 8.5.0 20210514 (Red Hat 8.5.0-22)

Fedora 41 (Clang)
	Kernel: Depends on container host
	Compiler: clang 19.1.5 (Fedora 19.1.5-1.fc41)

Fedora 40 (Clang)
	Kernel: Depends on container host
	Compiler: clang 18.1.8 (Fedora 18.1.8-1.fc40)

Fedora 41
	Kernel: Depends on container host
	Compiler: gcc 14.2.1 20240912 (Red Hat 14.2.1-3)

openSUSE Leap 15
	Kernel: Depends on container host
	Compiler: gcc (SUSE Linux) 7.5.0

RHEL9
	Kernel: Depends on container host
	Compiler: gcc 11.5.0 20240719 (Red Hat 11.5.0-2)

Ubuntu 24.04
	Kernel: Depends on container host
	Compiler: gcc (Ubuntu 13.3.0-6ubuntu2~24.04) 13.3.0

Ubuntu 22.04
	Kernel: Depends on container host
	Compiler: gcc (Ubuntu 11.4.0-1ubuntu1~22.04) 11.4.0

To view detailed results, visit:
https://lab.dpdk.org/results/dashboard/tarballs/33533/

UNH-IOL DPDK Community Lab

To manage your email subscriptions, visit: 
https://lab.dpdk.org/results/dashboard/preferences/subscriptions/