From mboxrd@z Thu Jan 1 00:00:00 1970 Return-Path: Received: from mails.dpdk.org (mails.dpdk.org [217.70.189.124]) by inbox.dpdk.org (Postfix) with ESMTP id 42C1346751 for ; Thu, 15 May 2025 08:24:23 +0200 (CEST) Received: from mails.dpdk.org (localhost [127.0.0.1]) by mails.dpdk.org (Postfix) with ESMTP id 3CB7A402C2; Thu, 15 May 2025 08:24:23 +0200 (CEST) Received: from mail-pf1-f226.google.com (mail-pf1-f226.google.com [209.85.210.226]) by mails.dpdk.org (Postfix) with ESMTP id 6C58C402B3 for ; Thu, 15 May 2025 08:24:21 +0200 (CEST) Received: by mail-pf1-f226.google.com with SMTP id d2e1a72fcca58-74267c68c11so534349b3a.0 for ; Wed, 14 May 2025 23:24:21 -0700 (PDT) DKIM-Signature: v=1; a=rsa-sha256; c=relaxed/relaxed; d=iol.unh.edu; s=unh-iol; t=1747290260; x=1747895060; darn=dpdk.org; h=cc:to:from:subject:message-id:date:from:to:cc:subject:date :message-id:reply-to; bh=uBSRoj2oahTYujGO+qWI64fodl3e0WQfbinAIPLMWH4=; b=Uk4BGuB79Vr0n8ftwhQuzlVyFqzzibocxReB7nED03vMEFCK5dHn2/uwvmYqO3kJ5f bNY0o1n4pIdIytFDzAldP3sLWKyx0YuRqkA0pGSCSUfT1wpWl1aOuiw+q2VGdjHrUxjY zwILCgr1FGWybVqiCXsfEkTJqPpR8NGyRApVw= X-Google-DKIM-Signature: v=1; a=rsa-sha256; c=relaxed/relaxed; d=1e100.net; s=20230601; t=1747290260; x=1747895060; h=cc:to:from:subject:message-id:date:x-gm-message-state:from:to:cc :subject:date:message-id:reply-to; bh=uBSRoj2oahTYujGO+qWI64fodl3e0WQfbinAIPLMWH4=; b=UOasPm/NfqEq8aJfmTb86uVh6ZdphMbTcrsLESdqYmWY2qbPmeI3nO27QuEQWG/Vbh jVCdSxhmJpYOgN+yrq96nktMKMlFy/vMealyQ8jQ9lhYbuOuYdqR9K3hx5A2lO32c79+ lRiFDiADOSipdHl85vGU9dvMcTlcDruR0cLInLj6+5Buyxy6XYRpOuN1aB+EOnUtVMh1 r5Siflk+5gNihO/dznIet29LOd30qFPPXlphek3LwID+hkxTkeHAYP0QaMPTNv5kkPwm hSx6jAzhssyE2tAf2sKS+dRprC00vzPoFD6mlG8DmbATo/rJtR8F2kaieH+prrkkhGem NkGw== X-Gm-Message-State: AOJu0YyShodAENLmBKuen8TCnu7NztpoCjd+qz+sMzt2JfyIiMVJnwiO nvT8kMWpXL6+nMZdRnn5PYPwNTvXWvGeY8bjn+tDEwDLMvDHxLmtoK8Lxm6hgqdnZW54F+7ltrf mGXKgMosmjWs6HgXmJ7u8P80FYqFbGGiq X-Gm-Gg: ASbGnctGu+XT9W8gpOAA2nL1wF3TVsCTNk2DV+lnCSw3nsEkmxsvM++IpoRVF4h/qWl KVVxQPoAZp+SBKAHFPNyMsmJ3CR0mU87q+znZKjYaJ+CXspnBluYHAdQzTpDdwKirOdrToVuq9j gaHqfBGLseTqLCzI6QjE4ppu+lHRiMg/8Qv2Q0LN9utftMHo+lMZQsNcuWRnWol7YfNdFBWMPDw JnczV9b3AmedFno/+OdXazZav1x+pamPnsiLwvWarVXXOcsBld6eNqzH4gz/pOqBMRpgihv3d3U 3Z18fIzbQU0pIr/XOoaK9caEJO5yKephB+AE1wmTG543xXEjNoVDQNSSXEU= X-Google-Smtp-Source: AGHT+IHuqJAdXCMT10g6U0QxGYU1TW2yK1YIVq35JOcZbi1yj7eqELLKMQ2bGJijqcPQylvYqQmVUQ5hCOos X-Received: by 2002:a05:6a20:7286:b0:215:dc32:ffac with SMTP id adf61e73a8af0-216115db072mr1622851637.26.1747290260587; Wed, 14 May 2025 23:24:20 -0700 (PDT) Received: from postal.iol.unh.edu (postal.iol.unh.edu. [132.177.123.84]) by smtp-relay.gmail.com with ESMTPS id 41be03b00d2f7-b234e455b7bsm435755a12.25.2025.05.14.23.24.20 (version=TLS1_2 cipher=ECDHE-ECDSA-AES128-GCM-SHA256 bits=128/128); Wed, 14 May 2025 23:24:20 -0700 (PDT) X-Relaying-Domain: iol.unh.edu Date: Wed, 14 May 2025 23:24:20 -0700 (PDT) Message-ID: <68258894.630a0220.2b42c.7a8eSMTPIN_ADDED_MISSING@mx.google.com> Received: from [172.21.0.6] (unknown [172.18.0.240]) by postal.iol.unh.edu (Postfix) with ESMTP id C198C6052471; Thu, 15 May 2025 02:24:19 -0400 (EDT) Subject: |FAILURE| [GIT MASTER] 4401486b5e30d43a134f80f9802f60b5f43e74a8 From: dpdklab@iol.unh.edu To: Test Report Cc: dpdk-test-reports@iol.unh.edu, Xueming Li , Christian Ehrhardt , Kevin Traynor , Luca Boccassi Content-Type: text/plain X-BeenThere: test-report@dpdk.org X-Mailman-Version: 2.1.29 Precedence: list List-Id: automatic DPDK test reports List-Unsubscribe: , List-Archive: List-Post: List-Help: List-Subscribe: , Errors-To: test-report-bounces@dpdk.org _Testing issues_ Branch: tags/v22.11 4401486b5e30d43a134f80f9802f60b5f43e74a8 --> testing issues Upstream job id: Generic-Unit-Test-DPDK#337821 Test environment and result as below: +---------------------+----------------+ | Environment | dpdk_unit_test | +=====================+================+ | RHEL9 | PEND | +---------------------+----------------+ | Fedora 40 (Clang) | FAIL | +---------------------+----------------+ | Ubuntu 24.04 | PEND | +---------------------+----------------+ | Ubuntu 22.04 | PEND | +---------------------+----------------+ | Fedora 41 (Clang) | PEND | +---------------------+----------------+ | RHEL8 | PEND | +---------------------+----------------+ | CentOS Stream 10 | PEND | +---------------------+----------------+ | Fedora 40 | PEND | +---------------------+----------------+ | Fedora 41 | PEND | +---------------------+----------------+ | Debian 12 | PEND | +---------------------+----------------+ | Ubuntu 20.04 | PASS | +---------------------+----------------+ | CentOS Stream 9 | PEND | +---------------------+----------------+ | Windows Server 2022 | FAIL | +---------------------+----------------+ ==== Unit test summary for Windows Server 2022 (dpdk_unit_test): ==== Failed to get the unit test results. Displaying the unit test results is not supported for some environments, such as our aarch32 testing, where meson is not used to run the tests. Download the logs available on our CI site. ==== End log output ==== RHEL9 Kernel: Depends on container host Compiler: gcc 11.5.0 20240719 (Red Hat 11.5.0-2) Fedora 40 (Clang) Kernel: Depends on container host Compiler: clang 18.1.8 (Fedora 18.1.8-1.fc40) Ubuntu 24.04 Kernel: Depends on container host Compiler: gcc (Ubuntu 13.3.0-6ubuntu2~24.04) 13.3.0 Ubuntu 22.04 Kernel: Depends on container host Compiler: gcc (Ubuntu 11.4.0-1ubuntu1~22.04) 11.4.0 Fedora 41 (Clang) Kernel: Depends on container host Compiler: clang 19.1.5 (Fedora 19.1.5-1.fc41) RHEL8 Kernel: Depends on container host Compiler: gcc 8.5.0 20210514 (Red Hat 8.5.0-22) CentOS Stream 10 Kernel: Depends on container host Compiler: gcc 14.2.1 20241104 (Red Hat 14.2.1-6) Fedora 40 Kernel: Depends on container host Compiler: gcc 14.2.1 20240912 (Red Hat 14.2.1-3) Fedora 41 Kernel: Depends on container host Compiler: gcc 14.2.1 20240912 (Red Hat 14.2.1-3) Debian 12 Kernel: Depends on container host Compiler: gcc (Debian 12.2.0-14) 12.2.0 Ubuntu 20.04 Kernel: Depends on container host Compiler: gcc (Ubuntu 9.4.0-1ubuntu1~20.04.2) 9.4.0 CentOS Stream 9 Kernel: Depends on container host Compiler: gcc 11.5.0 20240719 (Red Hat 11.5.0-2) Windows Server 2022 Kernel: 10.0.20348.2031 Compiler: clang 15.0.7, gcc 14.1.0 (MinGW), and MSVC VS 19.39.33521 To view detailed results, visit: https://lab.dpdk.org/results/dashboard/tarballs/33533/ UNH-IOL DPDK Community Lab To manage your email subscriptions, visit: https://lab.dpdk.org/results/dashboard/preferences/subscriptions/