From mboxrd@z Thu Jan 1 00:00:00 1970 Return-Path: Received: from mails.dpdk.org (mails.dpdk.org [217.70.189.124]) by inbox.dpdk.org (Postfix) with ESMTP id EA66B46751 for ; Thu, 15 May 2025 08:30:45 +0200 (CEST) Received: from mails.dpdk.org (localhost [127.0.0.1]) by mails.dpdk.org (Postfix) with ESMTP id CB5E8402C2; Thu, 15 May 2025 08:30:45 +0200 (CEST) Received: from mail-pl1-f228.google.com (mail-pl1-f228.google.com [209.85.214.228]) by mails.dpdk.org (Postfix) with ESMTP id 569E4402B3 for ; Thu, 15 May 2025 08:30:44 +0200 (CEST) Received: by mail-pl1-f228.google.com with SMTP id d9443c01a7336-22fb7659866so6573345ad.1 for ; Wed, 14 May 2025 23:30:44 -0700 (PDT) DKIM-Signature: v=1; a=rsa-sha256; c=relaxed/relaxed; d=iol.unh.edu; s=unh-iol; t=1747290643; x=1747895443; darn=dpdk.org; h=cc:to:from:subject:message-id:date:from:to:cc:subject:date :message-id:reply-to; bh=cASqaxhxbsIyKeWvTY/0wPg8yBGGQYDLTJN7zIme4hg=; b=cLWw79GI8IURJgBvZwpO7e/x19JZA/0EUs4M8f8HU5v18AGPDUHUK8cYKr7naX3vUM aZ96RRYOU+ZtvgQh/fjQ+X4eXDK51JB9FyWd9yrb1FAvySe5ZJkTvj/biJY6Xh6jk+Yv cxLd15T008qIxLaNNu6zJsjwMI8CEAk5zRqpc= X-Google-DKIM-Signature: v=1; a=rsa-sha256; c=relaxed/relaxed; d=1e100.net; s=20230601; t=1747290643; x=1747895443; h=cc:to:from:subject:message-id:date:x-gm-message-state:from:to:cc :subject:date:message-id:reply-to; bh=cASqaxhxbsIyKeWvTY/0wPg8yBGGQYDLTJN7zIme4hg=; b=MsUBLIUTetaPnq3eoNAr1cD/ozJt5rlbIKgRKNn8BPCT7Arkr2HD6La41mPv2Gnitk 9mFpn7bFWffZmLAtq6hmE0wVfDONok96rJmoVL92uWrx5rMVSHuvRGXU7Ur3+LiLyrpx 698doFFJpuMQQPbdo5fm7lvNcOUrCd3+wfQrbyYh34g7u1YSf/+E8+nxN4y8nLwRQtrf f4lWJgaxvosLol67NfzD0QCL50LZQLTenGbNtwQO+6N62CmB60qASeuBBPB/wkFz9tbb pXyxupppopoMsfGMKu9jhuZD9JsacdmbIUO5snSsJOa6AqhTUMwR8dicSy82+Cxh15/m 0BHg== X-Gm-Message-State: AOJu0Yytv7d4HG6zoZvBVDVUQOSQXvcDjEdAFpmFPsEmSgdnweEGa/9r wJ+DtWL+b7xzLTq8rw5KRMxKTig+XFY+bV2q8SdZ+qyIty87ZvMDdQnBztXbQA/cLvMcFdeGbn9 558gdxaoyNhsjCUJQpMhOIhL3GcuVgPCZ X-Gm-Gg: ASbGncsbFjiUV9Ifj+xrveWdYAdcorkTDuWRzQdFWdtQ/bkvJK0WKiHUy9Ld6ZeqJwu RqUXNabWwb9i0fNhVZyS62T5AGHuk0JQ/COkiB1B7K25R4ggVSkd5ytTc+NsBASsWsQ3ZDefz5u jTwrkzYyqn/ByrCsCZyE2OLI+oRAO08jdzf5wFdmhk/hK+5gSyMPuOivk7lROtIk3pdesmQLdu4 dujYH2S9w9InGZ+qmYmHp3Tl4QlFbmVgv56lcc9K+2YapuFKMANVIV8IhIXP3Dxcg5AEeXNbEss JPpJnGleTZxuWSOV1651Jt7NnmCSkqNHActlyj6N4QXp537bO7cfN+ZH14Q= X-Google-Smtp-Source: AGHT+IHa1lnDlmlnzDdXM33N0XRrUg4UCtUJDiZCy7zWa1aEt8srgSAaPeyfzITRhgYKEeZ1HYY14PDsft/1 X-Received: by 2002:a17:903:948:b0:224:de2:7fd6 with SMTP id d9443c01a7336-231b60965b2mr19457635ad.25.1747290643253; Wed, 14 May 2025 23:30:43 -0700 (PDT) Received: from postal.iol.unh.edu (postal.iol.unh.edu. [132.177.123.84]) by smtp-relay.gmail.com with ESMTPS id d9443c01a7336-22fc5a2668bsm7446355ad.28.2025.05.14.23.30.43 (version=TLS1_2 cipher=ECDHE-ECDSA-AES128-GCM-SHA256 bits=128/128); Wed, 14 May 2025 23:30:43 -0700 (PDT) X-Relaying-Domain: iol.unh.edu Date: Wed, 14 May 2025 23:30:43 -0700 (PDT) Message-ID: <68258a13.170a0220.2844e1.ab97SMTPIN_ADDED_MISSING@mx.google.com> Received: from [172.21.0.5] (unknown [172.18.0.240]) by postal.iol.unh.edu (Postfix) with ESMTP id 94E5D6052471; Thu, 15 May 2025 02:30:42 -0400 (EDT) Subject: |FAILURE| [GIT MASTER] 4401486b5e30d43a134f80f9802f60b5f43e74a8 From: dpdklab@iol.unh.edu To: Test Report Cc: dpdk-test-reports@iol.unh.edu, Xueming Li , Christian Ehrhardt , Kevin Traynor , Luca Boccassi Content-Type: text/plain X-BeenThere: test-report@dpdk.org X-Mailman-Version: 2.1.29 Precedence: list List-Id: automatic DPDK test reports List-Unsubscribe: , List-Archive: List-Post: List-Help: List-Subscribe: , Errors-To: test-report-bounces@dpdk.org _Testing issues_ Branch: tags/v22.11 4401486b5e30d43a134f80f9802f60b5f43e74a8 --> testing issues Upstream job id: Generic-Unit-Test-DPDK#337825 Test environment and result as below: +---------------------+----------------+ | Environment | dpdk_unit_test | +=====================+================+ | RHEL9 | FAIL | +---------------------+----------------+ | Fedora 40 (Clang) | FAIL | +---------------------+----------------+ | Ubuntu 24.04 | PEND | +---------------------+----------------+ | Ubuntu 22.04 | PEND | +---------------------+----------------+ | Fedora 41 (Clang) | PEND | +---------------------+----------------+ | RHEL8 | PEND | +---------------------+----------------+ | CentOS Stream 10 | PEND | +---------------------+----------------+ | Fedora 40 | PEND | +---------------------+----------------+ | Fedora 41 | PEND | +---------------------+----------------+ | Debian 12 | PEND | +---------------------+----------------+ | Ubuntu 20.04 | PASS | +---------------------+----------------+ | CentOS Stream 9 | PEND | +---------------------+----------------+ | Windows Server 2022 | FAIL | +---------------------+----------------+ ==== Unit test summary for Windows Server 2022 (dpdk_unit_test): ==== Failed to get the unit test results. Displaying the unit test results is not supported for some environments, such as our aarch32 testing, where meson is not used to run the tests. Download the logs available on our CI site. ==== End log output ==== RHEL9 Kernel: Depends on container host Compiler: gcc 11.5.0 20240719 (Red Hat 11.5.0-2) Fedora 40 (Clang) Kernel: Depends on container host Compiler: clang 18.1.8 (Fedora 18.1.8-1.fc40) Ubuntu 24.04 Kernel: Depends on container host Compiler: gcc (Ubuntu 13.3.0-6ubuntu2~24.04) 13.3.0 Ubuntu 22.04 Kernel: Depends on container host Compiler: gcc (Ubuntu 11.4.0-1ubuntu1~22.04) 11.4.0 Fedora 41 (Clang) Kernel: Depends on container host Compiler: clang 19.1.5 (Fedora 19.1.5-1.fc41) RHEL8 Kernel: Depends on container host Compiler: gcc 8.5.0 20210514 (Red Hat 8.5.0-22) CentOS Stream 10 Kernel: Depends on container host Compiler: gcc 14.2.1 20241104 (Red Hat 14.2.1-6) Fedora 40 Kernel: Depends on container host Compiler: gcc 14.2.1 20240912 (Red Hat 14.2.1-3) Fedora 41 Kernel: Depends on container host Compiler: gcc 14.2.1 20240912 (Red Hat 14.2.1-3) Debian 12 Kernel: Depends on container host Compiler: gcc (Debian 12.2.0-14) 12.2.0 Ubuntu 20.04 Kernel: Depends on container host Compiler: gcc (Ubuntu 9.4.0-1ubuntu1~20.04.2) 9.4.0 CentOS Stream 9 Kernel: Depends on container host Compiler: gcc 11.5.0 20240719 (Red Hat 11.5.0-2) Windows Server 2022 Kernel: 10.0.20348.2031 Compiler: clang 15.0.7, gcc 14.1.0 (MinGW), and MSVC VS 19.39.33521 To view detailed results, visit: https://lab.dpdk.org/results/dashboard/tarballs/33533/ UNH-IOL DPDK Community Lab To manage your email subscriptions, visit: https://lab.dpdk.org/results/dashboard/preferences/subscriptions/