From mboxrd@z Thu Jan 1 00:00:00 1970 Return-Path: Received: from mails.dpdk.org (mails.dpdk.org [217.70.189.124]) by inbox.dpdk.org (Postfix) with ESMTP id 4A97446751 for ; Thu, 15 May 2025 08:35:05 +0200 (CEST) Received: from mails.dpdk.org (localhost [127.0.0.1]) by mails.dpdk.org (Postfix) with ESMTP id 4649E402C2; Thu, 15 May 2025 08:35:05 +0200 (CEST) Received: from mail-io1-f98.google.com (mail-io1-f98.google.com [209.85.166.98]) by mails.dpdk.org (Postfix) with ESMTP id 50134402B3 for ; Thu, 15 May 2025 08:35:04 +0200 (CEST) Received: by mail-io1-f98.google.com with SMTP id ca18e2360f4ac-85b3f92c8dfso16918739f.2 for ; Wed, 14 May 2025 23:35:04 -0700 (PDT) DKIM-Signature: v=1; a=rsa-sha256; c=relaxed/relaxed; d=iol.unh.edu; s=unh-iol; t=1747290903; x=1747895703; darn=dpdk.org; h=cc:to:from:subject:message-id:date:from:to:cc:subject:date :message-id:reply-to; bh=pR8onHxjvtxrPOPiCxv8fsrILSSyRjGEalVUZvIfBxU=; b=gfnn40BM8sKJM8RzYp4FxN53is8vgkItJMQfsR0Tx9GB+h1ytsJWl+rP0jvD1/8Vhu 4qNxn8UrWdlyYQHqNa0VUQIJhxeSO3tcNcOUMZqcJVB+lubW9RBL2VlgSp5l1QMvN5z1 1MnK1JNyjc0Di+B0tkrarkPf7SJgoJF7e1RCQ= X-Google-DKIM-Signature: v=1; a=rsa-sha256; c=relaxed/relaxed; d=1e100.net; s=20230601; t=1747290903; x=1747895703; h=cc:to:from:subject:message-id:date:x-gm-message-state:from:to:cc :subject:date:message-id:reply-to; bh=pR8onHxjvtxrPOPiCxv8fsrILSSyRjGEalVUZvIfBxU=; b=OpLSTtnF/26gP2+ZE7Y1zOeVA4iBrofXrvKKAQTtJvm5OHD4WajuNu0vPhMVXZ9BEv 2KDo1pCRsZ0VlP81hQUlwczIuAfFntSMAMoJMxHANnUO3bnYoxsMb2DJ8uN9IDyGvZUw lMcn5R12ME1z3WP9H7YgmTQX9fR01XSaHHOijfMZZ/fA5YjXd+8dpKSgX9L//0UXwGJ3 ItXD/AhrSWJrOJGcQPGEct22vJPEXFSZ0fC9xf1V5JTHwtFHkgzuj2/9yrlI7dsJkzX7 o/nfrz4RlG8LX1Bw8hJX8xQfCVu6ofWaeCV2P1rkfuj1CjGZj9svHme24dzSPVB3XJz+ WzqA== X-Gm-Message-State: AOJu0YzsjZ5UZBc/j/Gh+wpV9H6tdgsGypjwhRCptJvzfRq5/9h+vz3+ l4yRAlgB99dnpshFgl7O5MAQ5eNdtSjM4c/yDXjwT8ldMEurIXmRFFvrJijWWo+TJtWK1ZKm+jI FqYLBo/EpnT0uc8iG+ZeFPnBnv4y7vzvz X-Gm-Gg: ASbGnctsOLO+g6UJVJtpasZ7B27tpcwquCPqjlXyXNrDOq0/MYjSewxb4WcWYaFKnaC BGUUdNHWz80YdwA2kRhCXyxKBR/ORzqSVK5G3cGQF+fF3ZOdhiwfmN7KhwiQx1MfskchQ4SG0Eo JX/ScWz5PzLDachSH2CCvZZySnykjEBaYi/GdLLhjv0sX0g41FjLr2pL9ts73ciCKtSiTcFyFkH cqTp5aLJ0/jpOp0dlNkK2zOX4ga6E13DQyQBE+b6AtKuSmizQNPKLsGPQZAh/YAbSqpAQG66blk ykaqMxY0gwWQizyiv/DjB6tdN1XCV/OJdAQ3TJNlvRq29vWffkxc2GPev2o= X-Google-Smtp-Source: AGHT+IEWmQ1ptWOm1WGQdBCxWNuGa6WgBwLdDsUwo5/N+CHo6jT8kRAaNGnV126IvOfVVSXQrQolWlJF412P X-Received: by 2002:a05:6602:368e:b0:86a:870:67b with SMTP id ca18e2360f4ac-86a08dd24e2mr910818339f.4.1747290903619; Wed, 14 May 2025 23:35:03 -0700 (PDT) Received: from postal.iol.unh.edu (postal.iol.unh.edu. [132.177.123.84]) by smtp-relay.gmail.com with ESMTPS id ca18e2360f4ac-867639b680dsm66060939f.31.2025.05.14.23.35.03 (version=TLS1_2 cipher=ECDHE-ECDSA-AES128-GCM-SHA256 bits=128/128); Wed, 14 May 2025 23:35:03 -0700 (PDT) X-Relaying-Domain: iol.unh.edu Date: Wed, 14 May 2025 23:35:03 -0700 (PDT) Message-ID: <68258b17.050a0220.11860a.2c4cSMTPIN_ADDED_MISSING@mx.google.com> Received: from [172.21.0.5] (unknown [172.18.0.240]) by postal.iol.unh.edu (Postfix) with ESMTP id EB9DB6052471; Thu, 15 May 2025 02:35:02 -0400 (EDT) Subject: |FAILURE| [GIT MASTER] 4401486b5e30d43a134f80f9802f60b5f43e74a8 From: dpdklab@iol.unh.edu To: Test Report Cc: dpdk-test-reports@iol.unh.edu, Xueming Li , Christian Ehrhardt , Kevin Traynor , Luca Boccassi Content-Type: text/plain X-BeenThere: test-report@dpdk.org X-Mailman-Version: 2.1.29 Precedence: list List-Id: automatic DPDK test reports List-Unsubscribe: , List-Archive: List-Post: List-Help: List-Subscribe: , Errors-To: test-report-bounces@dpdk.org _Testing issues_ Branch: tags/v22.11 4401486b5e30d43a134f80f9802f60b5f43e74a8 --> testing issues Upstream job id: Generic-Unit-Test-DPDK#337820 Test environment and result as below: +---------------------+----------------+ | Environment | dpdk_unit_test | +=====================+================+ | RHEL9 | FAIL | +---------------------+----------------+ | Fedora 40 (Clang) | FAIL | +---------------------+----------------+ | Ubuntu 24.04 | PEND | +---------------------+----------------+ | Ubuntu 22.04 | PEND | +---------------------+----------------+ | Fedora 41 (Clang) | PEND | +---------------------+----------------+ | RHEL8 | PEND | +---------------------+----------------+ | CentOS Stream 10 | PEND | +---------------------+----------------+ | Fedora 40 | FAIL | +---------------------+----------------+ | Fedora 41 | PEND | +---------------------+----------------+ | Debian 12 | PEND | +---------------------+----------------+ | Ubuntu 20.04 | PASS | +---------------------+----------------+ | CentOS Stream 9 | PEND | +---------------------+----------------+ | Windows Server 2022 | FAIL | +---------------------+----------------+ ==== Unit test summary for Windows Server 2022 (dpdk_unit_test): ==== Failed to get the unit test results. Displaying the unit test results is not supported for some environments, such as our aarch32 testing, where meson is not used to run the tests. Download the logs available on our CI site. ==== End log output ==== RHEL9 Kernel: Depends on container host Compiler: gcc 11.5.0 20240719 (Red Hat 11.5.0-2) Fedora 40 (Clang) Kernel: Depends on container host Compiler: clang 18.1.8 (Fedora 18.1.8-1.fc40) Ubuntu 24.04 Kernel: Depends on container host Compiler: gcc (Ubuntu 13.3.0-6ubuntu2~24.04) 13.3.0 Ubuntu 22.04 Kernel: Depends on container host Compiler: gcc (Ubuntu 11.4.0-1ubuntu1~22.04) 11.4.0 Fedora 41 (Clang) Kernel: Depends on container host Compiler: clang 19.1.5 (Fedora 19.1.5-1.fc41) RHEL8 Kernel: Depends on container host Compiler: gcc 8.5.0 20210514 (Red Hat 8.5.0-22) CentOS Stream 10 Kernel: Depends on container host Compiler: gcc 14.2.1 20241104 (Red Hat 14.2.1-6) Fedora 40 Kernel: Depends on container host Compiler: gcc 14.2.1 20240912 (Red Hat 14.2.1-3) Fedora 41 Kernel: Depends on container host Compiler: gcc 14.2.1 20240912 (Red Hat 14.2.1-3) Debian 12 Kernel: Depends on container host Compiler: gcc (Debian 12.2.0-14) 12.2.0 Ubuntu 20.04 Kernel: Depends on container host Compiler: gcc (Ubuntu 9.4.0-1ubuntu1~20.04.2) 9.4.0 CentOS Stream 9 Kernel: Depends on container host Compiler: gcc 11.5.0 20240719 (Red Hat 11.5.0-2) Windows Server 2022 Kernel: 10.0.20348.2031 Compiler: clang 15.0.7, gcc 14.1.0 (MinGW), and MSVC VS 19.39.33521 To view detailed results, visit: https://lab.dpdk.org/results/dashboard/tarballs/33533/ UNH-IOL DPDK Community Lab To manage your email subscriptions, visit: https://lab.dpdk.org/results/dashboard/preferences/subscriptions/