From mboxrd@z Thu Jan 1 00:00:00 1970 Return-Path: Received: from mails.dpdk.org (mails.dpdk.org [217.70.189.124]) by inbox.dpdk.org (Postfix) with ESMTP id 24F0046751 for ; Thu, 15 May 2025 08:39:51 +0200 (CEST) Received: from mails.dpdk.org (localhost [127.0.0.1]) by mails.dpdk.org (Postfix) with ESMTP id 1FAA640A80; Thu, 15 May 2025 08:39:51 +0200 (CEST) Received: from mail-pg1-f228.google.com (mail-pg1-f228.google.com [209.85.215.228]) by mails.dpdk.org (Postfix) with ESMTP id 9F6DD402B3 for ; Thu, 15 May 2025 08:39:49 +0200 (CEST) Received: by mail-pg1-f228.google.com with SMTP id 41be03b00d2f7-b061a06f127so310389a12.2 for ; Wed, 14 May 2025 23:39:49 -0700 (PDT) DKIM-Signature: v=1; a=rsa-sha256; c=relaxed/relaxed; d=iol.unh.edu; s=unh-iol; t=1747291188; x=1747895988; darn=dpdk.org; h=cc:to:from:subject:message-id:date:from:to:cc:subject:date :message-id:reply-to; bh=acGpOBe3+OzFLOIQeVeumum65+PvH6Z4rQhHOppnknI=; b=c7+TyVV9yk3iDrJaH2fW8Yu58NX9qVuQJvTmHj6tw+PUeKTSJn/jV578iYYtBCes2g rzAArHJxuUHD52bmHIGDoeOdKltMH2O0fNVM6siC+pA8ViKzLdTW/9EXPJyJN3v2kjqM Y29ssJTrMzmBoehXpRg4vk4MbHdsKCiuoVAPc= X-Google-DKIM-Signature: v=1; a=rsa-sha256; c=relaxed/relaxed; d=1e100.net; s=20230601; t=1747291188; x=1747895988; h=cc:to:from:subject:message-id:date:x-gm-message-state:from:to:cc :subject:date:message-id:reply-to; bh=acGpOBe3+OzFLOIQeVeumum65+PvH6Z4rQhHOppnknI=; b=X4cDN6xKYCOADqGC6c2ax7/et5v9dENGbBb+mJ9m6S1cUQHC5zym9oqYc7ViJ/nqRc FPVAPL49qdlrbER3L6AyccK409G7wSjcEuhnY0B+kvWbINyrTcULmcznMCo2MJ3Fhmfq PRsyktx+afXHNW+Ni78MMrnmvC1gL822V2NXujR8YfhUpGUjX2OXaPXn8Y+AxFfqS8cu RdAsQ8xl5TUZW+pfk5HQTMhIiSux/R2S+TZ6oJbsRyF1DFqYFTda0LAqSpLKhb6sCX0Y t3utu+vPiSmLhNeeEwDMQ6ONwxudv0PLJNYalIymutOTT86B9jy6kTivh2EAa/sacL+R huKQ== X-Gm-Message-State: AOJu0Yz0E+aDnf2UhkWyrlHDl3TAQCjzcgbA8rP4tdbsMLRe5Hw1oju9 V2AjmEPbNdKD3dFxbQLsdJiyWoHDc7yWTU+e1U02BPyL6JCxWzfm7w90v/8wGhgn6q+ymUSvqt5 FZKi0pDsb/OgFO3RXvAnSQcjA9JfonO4eNdqJZ57GnHm8xm3G X-Gm-Gg: ASbGncsI95czc1CWi6EBYV6QJFsPaRntYyqtGr+kObJKYRjUqJx5o92jvgtMtldHoqh RLjwVbU/gvefIm8v5Bb4MnjDxw1utr+t9vZcVXuJ1LzphnwlvVfpzGGvtEJJee5RXkiP0qw1zTN gY5TNE+U0R5U4gIXjTpHSR73VxhoHk2Ptf8/shPzzqeuWTu/dsZrNv3LSLm67T+DRZpVJUqvzJ4 jOBICell99j68wZ5VR3HsKs1w1bRhFyA2W6I2VAMbcDjkOAqveYEl7tB4+qdbOlkHF668CR5AJ4 pknp6mJIIS169QdaGZzyGCuBEtSFXTbhNpYw X-Google-Smtp-Source: AGHT+IGUmOW6O0Z8Tg+T23FHAIxBPfO3f4FKf34L/CXaqr/n2AuhC9DRq03JQy0MuIPivmEiGXJdqvih/82k X-Received: by 2002:a17:903:f86:b0:224:11fc:40c0 with SMTP id d9443c01a7336-231980cbea5mr90265055ad.11.1747291188582; Wed, 14 May 2025 23:39:48 -0700 (PDT) Received: from postal.iol.unh.edu (postal.iol.unh.edu. [2606:4100:3880:1234::84]) by smtp-relay.gmail.com with ESMTPS id d9443c01a7336-22fc6f3170asm7045655ad.124.2025.05.14.23.39.48 (version=TLS1_2 cipher=ECDHE-ECDSA-AES128-GCM-SHA256 bits=128/128); Wed, 14 May 2025 23:39:48 -0700 (PDT) X-Relaying-Domain: iol.unh.edu Date: Wed, 14 May 2025 23:39:48 -0700 (PDT) Message-ID: <68258c34.170a0220.2e0c5.47eeSMTPIN_ADDED_MISSING@mx.google.com> Received: from [172.21.0.5] (unknown [172.18.0.240]) by postal.iol.unh.edu (Postfix) with ESMTP id 0DAD26052471; Thu, 15 May 2025 02:39:48 -0400 (EDT) Subject: |FAILURE| [GIT MASTER] 4401486b5e30d43a134f80f9802f60b5f43e74a8 From: dpdklab@iol.unh.edu To: Test Report Cc: dpdk-test-reports@iol.unh.edu, Xueming Li , Christian Ehrhardt , Kevin Traynor , Luca Boccassi Content-Type: text/plain X-BeenThere: test-report@dpdk.org X-Mailman-Version: 2.1.29 Precedence: list List-Id: automatic DPDK test reports List-Unsubscribe: , List-Archive: List-Post: List-Help: List-Subscribe: , Errors-To: test-report-bounces@dpdk.org _Testing issues_ Branch: tags/v22.11 4401486b5e30d43a134f80f9802f60b5f43e74a8 --> testing issues Upstream job id: Generic-Unit-Test-DPDK#337827 Test environment and result as below: +---------------------+----------------+ | Environment | dpdk_unit_test | +=====================+================+ | RHEL9 | FAIL | +---------------------+----------------+ | Fedora 40 (Clang) | FAIL | +---------------------+----------------+ | Ubuntu 24.04 | PEND | +---------------------+----------------+ | Ubuntu 22.04 | FAIL | +---------------------+----------------+ | Fedora 41 (Clang) | PEND | +---------------------+----------------+ | RHEL8 | PEND | +---------------------+----------------+ | CentOS Stream 10 | PEND | +---------------------+----------------+ | Fedora 40 | FAIL | +---------------------+----------------+ | Fedora 41 | PEND | +---------------------+----------------+ | Debian 12 | PEND | +---------------------+----------------+ | Ubuntu 20.04 | PASS | +---------------------+----------------+ | CentOS Stream 9 | PEND | +---------------------+----------------+ | Windows Server 2022 | FAIL | +---------------------+----------------+ ==== Unit test summary for Windows Server 2022 (dpdk_unit_test): ==== Failed to get the unit test results. Displaying the unit test results is not supported for some environments, such as our aarch32 testing, where meson is not used to run the tests. Download the logs available on our CI site. ==== End log output ==== RHEL9 Kernel: Depends on container host Compiler: gcc 11.5.0 20240719 (Red Hat 11.5.0-2) Fedora 40 (Clang) Kernel: Depends on container host Compiler: clang 18.1.8 (Fedora 18.1.8-1.fc40) Ubuntu 24.04 Kernel: Depends on container host Compiler: gcc (Ubuntu 13.3.0-6ubuntu2~24.04) 13.3.0 Ubuntu 22.04 Kernel: Depends on container host Compiler: gcc (Ubuntu 11.4.0-1ubuntu1~22.04) 11.4.0 Fedora 41 (Clang) Kernel: Depends on container host Compiler: clang 19.1.5 (Fedora 19.1.5-1.fc41) RHEL8 Kernel: Depends on container host Compiler: gcc 8.5.0 20210514 (Red Hat 8.5.0-22) CentOS Stream 10 Kernel: Depends on container host Compiler: gcc 14.2.1 20241104 (Red Hat 14.2.1-6) Fedora 40 Kernel: Depends on container host Compiler: gcc 14.2.1 20240912 (Red Hat 14.2.1-3) Fedora 41 Kernel: Depends on container host Compiler: gcc 14.2.1 20240912 (Red Hat 14.2.1-3) Debian 12 Kernel: Depends on container host Compiler: gcc (Debian 12.2.0-14) 12.2.0 Ubuntu 20.04 Kernel: Depends on container host Compiler: gcc (Ubuntu 9.4.0-1ubuntu1~20.04.2) 9.4.0 CentOS Stream 9 Kernel: Depends on container host Compiler: gcc 11.5.0 20240719 (Red Hat 11.5.0-2) Windows Server 2022 Kernel: 10.0.20348.2031 Compiler: clang 15.0.7, gcc 14.1.0 (MinGW), and MSVC VS 19.39.33521 To view detailed results, visit: https://lab.dpdk.org/results/dashboard/tarballs/33533/ UNH-IOL DPDK Community Lab To manage your email subscriptions, visit: https://lab.dpdk.org/results/dashboard/preferences/subscriptions/