From mboxrd@z Thu Jan 1 00:00:00 1970 Return-Path: Received: from mails.dpdk.org (mails.dpdk.org [217.70.189.124]) by inbox.dpdk.org (Postfix) with ESMTP id 8726146751 for ; Thu, 15 May 2025 08:42:53 +0200 (CEST) Received: from mails.dpdk.org (localhost [127.0.0.1]) by mails.dpdk.org (Postfix) with ESMTP id 820EE40A80; Thu, 15 May 2025 08:42:53 +0200 (CEST) Received: from mail-pj1-f99.google.com (mail-pj1-f99.google.com [209.85.216.99]) by mails.dpdk.org (Postfix) with ESMTP id DF5DB402B3 for ; Thu, 15 May 2025 08:42:51 +0200 (CEST) Received: by mail-pj1-f99.google.com with SMTP id 98e67ed59e1d1-30c1c4a8224so550469a91.0 for ; Wed, 14 May 2025 23:42:51 -0700 (PDT) DKIM-Signature: v=1; a=rsa-sha256; c=relaxed/relaxed; d=iol.unh.edu; s=unh-iol; t=1747291371; x=1747896171; darn=dpdk.org; h=cc:to:from:subject:message-id:date:from:to:cc:subject:date :message-id:reply-to; bh=sNO3J4rop5y8x8BFFQPwR9PVXrj9iLeSSGQvHNw8Vro=; b=FLkqMJt/2xnKkEqE6UAtHZBkfRE8psBnyPyEBalw5fE8iTpodUe1izFGslVP+bVaY6 /1wKMkMeG+J6MRrzTFJt3U7YX+vN+vxzL/KTD9Yg3hvMpxvdWvdJ8c2YbIj/8x22XMpr URSmE7DQONQMP25y+p1tpXw1tzn9fwu7lxYTA= X-Google-DKIM-Signature: v=1; a=rsa-sha256; c=relaxed/relaxed; d=1e100.net; s=20230601; t=1747291371; x=1747896171; h=cc:to:from:subject:message-id:date:x-gm-message-state:from:to:cc :subject:date:message-id:reply-to; bh=sNO3J4rop5y8x8BFFQPwR9PVXrj9iLeSSGQvHNw8Vro=; b=kB6C+Yp1VuL/YbKAUDlaBX930D5orjtNZMcAVpIj9VWywY5tCIw4qIfIktNJ4obfCr SgsKV2CYHwBsw0Ir8nXtStXXblc2BK2tVhGBZortDDEn8OS4WQAXqhqUzbS2fjHSiNzE NVEPxSRDUYnR4N3IzIB75zNIEUHSJq9MmCCaJcARUR7Kn720uSvG+ddn9ZbroZHnRpVb rgcen6TzJ3sdu6asOv/cYU5qtriAIIYY69vV6Jclcq8vsOZjm9cH96C5cLNFytReCCTK 8w5jKkSTvWdNG5YDuJ73+0hdFr3JJ9odu/eDjIaKmx1Mw1EfQrTuwoUp8waxHayFX7ZJ mg/Q== X-Gm-Message-State: AOJu0Yz7hi+lNfPIbZUYYA9QBPIFkIqKC6Xf3sBWaxWYBVMGq3vEKbIn qFXGdLhvbfLnETBIFtmAeqdmCTNcFv5np+PNutNssR7oPd1BjSVqiRDhcZmp9+Yw9/ieTy1PWjw NQEYW3lfzsLKOQ9t3Md2GFclgwH6QSm2UOuNcEP7On+6vLRt5 X-Gm-Gg: ASbGnctqIEaG3HD58XbHgaavZZEG1ayG+FaxFtnrW6yVcwC6hlWBjCU7w3pAw0j4ezc j2+hNc8ErlqFsBAE/JnRknrA+D/DmVpMwJkf/nzDbTAlmPCE62+J0cLwjLvb2Lz/BDizumg+dqC r/HuOeO4Jt1Qj9YO5WYJ4CPMn+UvbLpbjjhhA0eyBWbGjfRqOmZZ4B3Xr1BboVYxxVFhHyvYhlQ 5DkMLSNpMKssYFYx9dUHGFcoiX1pPJ+f44tby91sBHP9dILOFHA1A29HHT1gdgxAis4vo1rbIcz 7PO7WAHM8A8uKRREUUjAknIR8xxH2StLFeeA X-Google-Smtp-Source: AGHT+IG+Q7LqIfjZ53TGrB1RjQCsArntMzxDA35jrZaQahpYwWpMdRWPwxq4KS4RHowE84L9F0AMXFXsyESr X-Received: by 2002:a17:90b:4c4a:b0:2fe:b9be:216 with SMTP id 98e67ed59e1d1-30e2e642306mr8547914a91.31.1747291370927; Wed, 14 May 2025 23:42:50 -0700 (PDT) Received: from postal.iol.unh.edu (postal.iol.unh.edu. [2606:4100:3880:1234::84]) by smtp-relay.gmail.com with ESMTPS id 98e67ed59e1d1-30e334a1f9bsm243235a91.12.2025.05.14.23.42.50 (version=TLS1_2 cipher=ECDHE-ECDSA-AES128-GCM-SHA256 bits=128/128); Wed, 14 May 2025 23:42:50 -0700 (PDT) X-Relaying-Domain: iol.unh.edu Date: Wed, 14 May 2025 23:42:50 -0700 (PDT) Message-ID: <68258cea.170a0220.39e579.cfbfSMTPIN_ADDED_MISSING@mx.google.com> Received: from [172.21.0.6] (unknown [172.18.0.240]) by postal.iol.unh.edu (Postfix) with ESMTP id 23C3F6052471; Thu, 15 May 2025 02:42:50 -0400 (EDT) Subject: |FAILURE| [GIT MASTER] 4401486b5e30d43a134f80f9802f60b5f43e74a8 From: dpdklab@iol.unh.edu To: Test Report Cc: dpdk-test-reports@iol.unh.edu, Xueming Li , Christian Ehrhardt , Kevin Traynor , Luca Boccassi Content-Type: text/plain X-BeenThere: test-report@dpdk.org X-Mailman-Version: 2.1.29 Precedence: list List-Id: automatic DPDK test reports List-Unsubscribe: , List-Archive: List-Post: List-Help: List-Subscribe: , Errors-To: test-report-bounces@dpdk.org _Testing issues_ Branch: tags/v22.11 4401486b5e30d43a134f80f9802f60b5f43e74a8 --> testing issues Upstream job id: Generic-Unit-Test-DPDK#337824 Test environment and result as below: +---------------------+----------------+ | Environment | dpdk_unit_test | +=====================+================+ | RHEL9 | FAIL | +---------------------+----------------+ | Fedora 40 (Clang) | FAIL | +---------------------+----------------+ | Ubuntu 24.04 | FAIL | +---------------------+----------------+ | Ubuntu 22.04 | FAIL | +---------------------+----------------+ | Fedora 41 (Clang) | PEND | +---------------------+----------------+ | RHEL8 | FAIL | +---------------------+----------------+ | CentOS Stream 10 | PEND | +---------------------+----------------+ | Fedora 40 | FAIL | +---------------------+----------------+ | Fedora 41 | PEND | +---------------------+----------------+ | Debian 12 | PEND | +---------------------+----------------+ | Ubuntu 20.04 | PASS | +---------------------+----------------+ | CentOS Stream 9 | PEND | +---------------------+----------------+ | Windows Server 2022 | FAIL | +---------------------+----------------+ ==== Unit test summary for Windows Server 2022 (dpdk_unit_test): ==== Failed to get the unit test results. Displaying the unit test results is not supported for some environments, such as our aarch32 testing, where meson is not used to run the tests. Download the logs available on our CI site. ==== End log output ==== RHEL9 Kernel: Depends on container host Compiler: gcc 11.5.0 20240719 (Red Hat 11.5.0-2) Fedora 40 (Clang) Kernel: Depends on container host Compiler: clang 18.1.8 (Fedora 18.1.8-1.fc40) Ubuntu 24.04 Kernel: Depends on container host Compiler: gcc (Ubuntu 13.3.0-6ubuntu2~24.04) 13.3.0 Ubuntu 22.04 Kernel: Depends on container host Compiler: gcc (Ubuntu 11.4.0-1ubuntu1~22.04) 11.4.0 Fedora 41 (Clang) Kernel: Depends on container host Compiler: clang 19.1.5 (Fedora 19.1.5-1.fc41) RHEL8 Kernel: Depends on container host Compiler: gcc 8.5.0 20210514 (Red Hat 8.5.0-22) CentOS Stream 10 Kernel: Depends on container host Compiler: gcc 14.2.1 20241104 (Red Hat 14.2.1-6) Fedora 40 Kernel: Depends on container host Compiler: gcc 14.2.1 20240912 (Red Hat 14.2.1-3) Fedora 41 Kernel: Depends on container host Compiler: gcc 14.2.1 20240912 (Red Hat 14.2.1-3) Debian 12 Kernel: Depends on container host Compiler: gcc (Debian 12.2.0-14) 12.2.0 Ubuntu 20.04 Kernel: Depends on container host Compiler: gcc (Ubuntu 9.4.0-1ubuntu1~20.04.2) 9.4.0 CentOS Stream 9 Kernel: Depends on container host Compiler: gcc 11.5.0 20240719 (Red Hat 11.5.0-2) Windows Server 2022 Kernel: 10.0.20348.2031 Compiler: clang 15.0.7, gcc 14.1.0 (MinGW), and MSVC VS 19.39.33521 To view detailed results, visit: https://lab.dpdk.org/results/dashboard/tarballs/33533/ UNH-IOL DPDK Community Lab To manage your email subscriptions, visit: https://lab.dpdk.org/results/dashboard/preferences/subscriptions/