From mboxrd@z Thu Jan 1 00:00:00 1970 Return-Path: Received: from mails.dpdk.org (mails.dpdk.org [217.70.189.124]) by inbox.dpdk.org (Postfix) with ESMTP id EC09446751 for ; Thu, 15 May 2025 08:59:31 +0200 (CEST) Received: from mails.dpdk.org (localhost [127.0.0.1]) by mails.dpdk.org (Postfix) with ESMTP id E277840A87; Thu, 15 May 2025 08:59:31 +0200 (CEST) Received: from mail-pl1-f227.google.com (mail-pl1-f227.google.com [209.85.214.227]) by mails.dpdk.org (Postfix) with ESMTP id AEC0E40B8C for ; Thu, 15 May 2025 08:59:30 +0200 (CEST) Received: by mail-pl1-f227.google.com with SMTP id d9443c01a7336-22fa414c565so4979985ad.2 for ; Wed, 14 May 2025 23:59:30 -0700 (PDT) DKIM-Signature: v=1; a=rsa-sha256; c=relaxed/relaxed; d=iol.unh.edu; s=unh-iol; t=1747292369; x=1747897169; darn=dpdk.org; h=cc:to:from:subject:message-id:date:from:to:cc:subject:date :message-id:reply-to; bh=IG66wXXoK4Qu1QtMy/GRxKdTOALKnWFYdW5sU1BfnfY=; b=f3e5RflxvQiWPW+bc8u5HxAcK+T59QBGxwpOyELaEZkiKK1E1+FPQROS4I4pLZyiGb Vxd9dlFvgMo4VeA6W5AeJ63sEXkc3t2ymPJiH7EDvZlWjJkDxVrR+cFdnznl5COMnHYa soeWckv9Bi3v8h63rHJ8Tjn28gt5WM8EqHhKg= X-Google-DKIM-Signature: v=1; a=rsa-sha256; c=relaxed/relaxed; d=1e100.net; s=20230601; t=1747292369; x=1747897169; h=cc:to:from:subject:message-id:date:x-gm-message-state:from:to:cc :subject:date:message-id:reply-to; bh=IG66wXXoK4Qu1QtMy/GRxKdTOALKnWFYdW5sU1BfnfY=; b=ODpH3ZRx3oEL9ySvaFX8teXkfxGlJwLOhyv6QgTKrN6r/SceiRphR9SKSL2QOyUhBT RwRBfFHpKbwe/WE3XiVddTad8jwq546U+RMtYD7kiWnTI9yZ6SFMQlAuqvtlmeQueee1 Y2ZV1yDb+zmL9CgGneo4SjpJTaPIB871CPXjAjjfTrdzC1pahbK4KpH6+VpqE+R8awj8 +EqrbvQIW504CM44+T+AOm0TEnM/KjBpKy4Jzpt0yOMIgTHjo9uJcsKNrxptnKcLzosp jnywnVTtOqdXUPoNdPoRUTR6ncEiDGdQAtYHS0Ubkiv7p+4x9FmISc53WIVcl7zSphTR y4TQ== X-Gm-Message-State: AOJu0Yw27xxvoJSCa8R9qWK7CTFXbvZ72dxQPFXgNn/lFdfgu0+Uas9F 1FBJ/LjynRZM4tbtN6fjc5vvsYLB6lQPvQkILiR9AHBwgnnuQMiqKHmtVe+zianbvzjWEttNM9W Mje7dAs8oQdepzkfxdsBi/HVE305xcdoMMtVqf2KLNNwgCkna X-Gm-Gg: ASbGncsR8c3a2MqWlZrlBNQIbFuTm2Rk/KbIv/BHAZ3WmyQ5HE5s01+PkSEgsWa4rM0 WaytDIsbO8M9EKVYEfx7FNnsQWKj+uC3hDWHK+XppqaHEQWW036mLCm23JrjYJgHbkjlasNcRxA F87i2JDsAHyBWwAVysTtSjLTXkaJ84BiBRYoquUxSKOV6RMBpyOtPdPS1Qr+S3lsVJllxRCCAg4 NlyYRCEpQIdSvVYzm9ggJG9H0rwOvhbOk3knPXX/7JOpk6/ziMjLZbyIU53TELEkJf+Pm99LHEn up9jZ+KWxSJjRyhc5Cg2+Z8P4IFbLueD5Fuy X-Google-Smtp-Source: AGHT+IH0HQ8XXchImvNm9jqkW6MCyiPCXP18cmll9W1PWaz8q5s4jFFBOmh3C1DxGdVqZsDk9WbheTIRsD/1 X-Received: by 2002:a17:902:ec92:b0:21f:2a2:3c8b with SMTP id d9443c01a7336-231b5e51f6dmr22550265ad.11.1747292369467; Wed, 14 May 2025 23:59:29 -0700 (PDT) Received: from postal.iol.unh.edu (postal.iol.unh.edu. [2606:4100:3880:1234::84]) by smtp-relay.gmail.com with ESMTPS id d9443c01a7336-22fc6f11186sm7725505ad.81.2025.05.14.23.59.29 (version=TLS1_2 cipher=ECDHE-ECDSA-AES128-GCM-SHA256 bits=128/128); Wed, 14 May 2025 23:59:29 -0700 (PDT) X-Relaying-Domain: iol.unh.edu Date: Wed, 14 May 2025 23:59:29 -0700 (PDT) Message-ID: <682590d1.170a0220.10b83b.9065SMTPIN_ADDED_MISSING@mx.google.com> Received: from [172.21.0.5] (unknown [172.18.0.240]) by postal.iol.unh.edu (Postfix) with ESMTP id EDF256052471; Thu, 15 May 2025 02:59:28 -0400 (EDT) Subject: |FAILURE| [GIT MASTER] 4401486b5e30d43a134f80f9802f60b5f43e74a8 From: dpdklab@iol.unh.edu To: Test Report Cc: dpdk-test-reports@iol.unh.edu, Xueming Li , Christian Ehrhardt , Kevin Traynor , Luca Boccassi Content-Type: text/plain X-BeenThere: test-report@dpdk.org X-Mailman-Version: 2.1.29 Precedence: list List-Id: automatic DPDK test reports List-Unsubscribe: , List-Archive: List-Post: List-Help: List-Subscribe: , Errors-To: test-report-bounces@dpdk.org _Testing issues_ Branch: tags/v22.11 4401486b5e30d43a134f80f9802f60b5f43e74a8 --> testing issues Upstream job id: Generic-Unit-Test-DPDK#337823 Test environment and result as below: +---------------------+----------------+ | Environment | dpdk_unit_test | +=====================+================+ | RHEL9 | FAIL | +---------------------+----------------+ | Fedora 40 (Clang) | FAIL | +---------------------+----------------+ | Ubuntu 24.04 | FAIL | +---------------------+----------------+ | Ubuntu 22.04 | FAIL | +---------------------+----------------+ | Fedora 41 (Clang) | FAIL | +---------------------+----------------+ | RHEL8 | FAIL | +---------------------+----------------+ | CentOS Stream 10 | PEND | +---------------------+----------------+ | Fedora 40 | FAIL | +---------------------+----------------+ | Fedora 41 | PEND | +---------------------+----------------+ | Debian 12 | PEND | +---------------------+----------------+ | Ubuntu 20.04 | PASS | +---------------------+----------------+ | CentOS Stream 9 | PEND | +---------------------+----------------+ | Windows Server 2022 | FAIL | +---------------------+----------------+ ==== Unit test summary for Windows Server 2022 (dpdk_unit_test): ==== Failed to get the unit test results. Displaying the unit test results is not supported for some environments, such as our aarch32 testing, where meson is not used to run the tests. Download the logs available on our CI site. ==== End log output ==== RHEL9 Kernel: Depends on container host Compiler: gcc 11.5.0 20240719 (Red Hat 11.5.0-2) Fedora 40 (Clang) Kernel: Depends on container host Compiler: clang 18.1.8 (Fedora 18.1.8-1.fc40) Ubuntu 24.04 Kernel: Depends on container host Compiler: gcc (Ubuntu 13.3.0-6ubuntu2~24.04) 13.3.0 Ubuntu 22.04 Kernel: Depends on container host Compiler: gcc (Ubuntu 11.4.0-1ubuntu1~22.04) 11.4.0 Fedora 41 (Clang) Kernel: Depends on container host Compiler: clang 19.1.5 (Fedora 19.1.5-1.fc41) RHEL8 Kernel: Depends on container host Compiler: gcc 8.5.0 20210514 (Red Hat 8.5.0-22) CentOS Stream 10 Kernel: Depends on container host Compiler: gcc 14.2.1 20241104 (Red Hat 14.2.1-6) Fedora 40 Kernel: Depends on container host Compiler: gcc 14.2.1 20240912 (Red Hat 14.2.1-3) Fedora 41 Kernel: Depends on container host Compiler: gcc 14.2.1 20240912 (Red Hat 14.2.1-3) Debian 12 Kernel: Depends on container host Compiler: gcc (Debian 12.2.0-14) 12.2.0 Ubuntu 20.04 Kernel: Depends on container host Compiler: gcc (Ubuntu 9.4.0-1ubuntu1~20.04.2) 9.4.0 CentOS Stream 9 Kernel: Depends on container host Compiler: gcc 11.5.0 20240719 (Red Hat 11.5.0-2) Windows Server 2022 Kernel: 10.0.20348.2031 Compiler: clang 15.0.7, gcc 14.1.0 (MinGW), and MSVC VS 19.39.33521 To view detailed results, visit: https://lab.dpdk.org/results/dashboard/tarballs/33533/ UNH-IOL DPDK Community Lab To manage your email subscriptions, visit: https://lab.dpdk.org/results/dashboard/preferences/subscriptions/