From mboxrd@z Thu Jan 1 00:00:00 1970 Return-Path: Received: from mails.dpdk.org (mails.dpdk.org [217.70.189.124]) by inbox.dpdk.org (Postfix) with ESMTP id BB0DA46751 for ; Thu, 15 May 2025 09:06:04 +0200 (CEST) Received: from mails.dpdk.org (localhost [127.0.0.1]) by mails.dpdk.org (Postfix) with ESMTP id B619640667; Thu, 15 May 2025 09:06:04 +0200 (CEST) Received: from mail-pf1-f225.google.com (mail-pf1-f225.google.com [209.85.210.225]) by mails.dpdk.org (Postfix) with ESMTP id 0931D402C2 for ; Thu, 15 May 2025 09:06:03 +0200 (CEST) Received: by mail-pf1-f225.google.com with SMTP id d2e1a72fcca58-73712952e1cso595092b3a.1 for ; Thu, 15 May 2025 00:06:02 -0700 (PDT) DKIM-Signature: v=1; a=rsa-sha256; c=relaxed/relaxed; d=iol.unh.edu; s=unh-iol; t=1747292762; x=1747897562; darn=dpdk.org; h=cc:to:from:subject:message-id:date:from:to:cc:subject:date :message-id:reply-to; bh=HMqn1CN3BLjNhezlKgRU1eY+D+KBiKfKdj/tWtKVMMw=; b=V4vxrWyzl+EsEm8Q+BLwBSj9QgWDbnM+ULu6z00DYbx0hZqBSbiqRDN2cLbL+Mn1kv pGsHNpQsQUtcYqN844rT79xSIhlFA6YGQwUdWFhgqa6a+Ctt7ksSiAvqtwEenRZSl86F ULONBx8B2WZKW3fpkpns572tYVijxa3WHLWA0= X-Google-DKIM-Signature: v=1; a=rsa-sha256; c=relaxed/relaxed; d=1e100.net; s=20230601; t=1747292762; x=1747897562; h=cc:to:from:subject:message-id:date:x-gm-message-state:from:to:cc :subject:date:message-id:reply-to; bh=HMqn1CN3BLjNhezlKgRU1eY+D+KBiKfKdj/tWtKVMMw=; b=fQ0+p2cw5KC3DbXi5jHqIQs5xV9kvnW2dGeSVJkRE/9ExbaG4hrvYIXv67ReSZqvtA S8HxJhXpULOyX4ZGff1P+fHHy91uYZXgKqcJapukoe4yFCE2MCGhCt6+IHO8Yzv1WNAl lr4K90qq3+g02xtfFxeiFof5zzX9vlu0CRhXnUYKC7STfO3X3cG0Jg+bTm/JrFM7jX26 2duKLpa1d0yBY+8YyNCA+zdIQyF3hDy4h/qCzgd0FEoG7RqhxHQ/JEMUHCkLYLDPGQqw 4/Ieqo5+TT+NeTV1BOQRag6d9Cq2dHHlKNdgqGjV7LQQsL5qf0Vi7TNo2KlQsluR3P4s P1Ig== X-Gm-Message-State: AOJu0YwfSz4jU0ZeT/CsDFSN/BOMfgovTc4k+nCO362gWibg0dzgU3bV v7IoDUC4oxnUfSyTWIl4AqaOZNzaYsWAxEX7ga6rHsXBHLvQJbTcRIO2bTPWq2cizzv0E5k8lPu q6Vy1arTRJJ6ptdGpwY4nYmXQl67dlgDF X-Gm-Gg: ASbGnct06E4GHlFSXBafoeLEg3wpgTpoBdK1MFPct5/vPhVqz8Wrj8TLDPeQOMh3mR6 GwTEA7y0kVgqPB5Xrph6eUg2F/pQBfHzAfyVTfqpiQdE3mLYGvVl5nKkRXw2t8MeDN/5uvx2MU9 WeP+DuDBc13jJqbh8zvf09P07r45mQ0beTil2RvEf91k19yqNtc6rtMRCOrnwAtspUPMDpLGAjS 9Tn/vj2eOl2wHl7oCLtIpp3MoF46LNEdjq1uhEOsBC0sauPGamF21JbJYSEMRdGt8S6tdeleYUh 0aEWE1FO1YmC4MoMIQB8lcvpphNyzc1kNm+nLE16hpVwZZ4nx6OZqgq0qNA= X-Google-Smtp-Source: AGHT+IFugAG3gVP/MFQu1B27mm6U6LJ9fMoSvI/FrAWsvwJcGK8rc6a/ERQJTlR+nByltRkVi75wY+pBksSt X-Received: by 2002:a17:903:4285:b0:231:b7f5:cab5 with SMTP id d9443c01a7336-231b7f5ccacmr9137815ad.33.1747292761859; Thu, 15 May 2025 00:06:01 -0700 (PDT) Received: from postal.iol.unh.edu (postal.iol.unh.edu. [132.177.123.84]) by smtp-relay.gmail.com with ESMTPS id d9443c01a7336-22fc5821007sm7703355ad.3.2025.05.15.00.06.01 (version=TLS1_2 cipher=ECDHE-ECDSA-AES128-GCM-SHA256 bits=128/128); Thu, 15 May 2025 00:06:01 -0700 (PDT) X-Relaying-Domain: iol.unh.edu Date: Thu, 15 May 2025 00:06:01 -0700 (PDT) Message-ID: <68259259.170a0220.1a1808.8cffSMTPIN_ADDED_MISSING@mx.google.com> Received: from [172.21.0.6] (unknown [172.18.0.240]) by postal.iol.unh.edu (Postfix) with ESMTP id 1343D6052471; Thu, 15 May 2025 03:06:01 -0400 (EDT) Subject: |FAILURE| [GIT MASTER] 4401486b5e30d43a134f80f9802f60b5f43e74a8 From: dpdklab@iol.unh.edu To: Test Report Cc: dpdk-test-reports@iol.unh.edu, Xueming Li , Christian Ehrhardt , Kevin Traynor , Luca Boccassi Content-Type: text/plain X-BeenThere: test-report@dpdk.org X-Mailman-Version: 2.1.29 Precedence: list List-Id: automatic DPDK test reports List-Unsubscribe: , List-Archive: List-Post: List-Help: List-Subscribe: , Errors-To: test-report-bounces@dpdk.org _Testing issues_ Branch: tags/v22.11 4401486b5e30d43a134f80f9802f60b5f43e74a8 --> testing issues Upstream job id: Generic-Unit-Test-DPDK#337818 Test environment and result as below: +---------------------+----------------+ | Environment | dpdk_unit_test | +=====================+================+ | RHEL9 | FAIL | +---------------------+----------------+ | Fedora 40 (Clang) | FAIL | +---------------------+----------------+ | Ubuntu 24.04 | FAIL | +---------------------+----------------+ | Ubuntu 22.04 | FAIL | +---------------------+----------------+ | Fedora 41 (Clang) | FAIL | +---------------------+----------------+ | RHEL8 | FAIL | +---------------------+----------------+ | CentOS Stream 10 | FAIL | +---------------------+----------------+ | Fedora 40 | FAIL | +---------------------+----------------+ | Fedora 41 | PEND | +---------------------+----------------+ | Debian 12 | PEND | +---------------------+----------------+ | Ubuntu 20.04 | PASS | +---------------------+----------------+ | CentOS Stream 9 | PEND | +---------------------+----------------+ | Windows Server 2022 | FAIL | +---------------------+----------------+ ==== Unit test summary for Windows Server 2022 (dpdk_unit_test): ==== Failed to get the unit test results. Displaying the unit test results is not supported for some environments, such as our aarch32 testing, where meson is not used to run the tests. Download the logs available on our CI site. ==== End log output ==== RHEL9 Kernel: Depends on container host Compiler: gcc 11.5.0 20240719 (Red Hat 11.5.0-2) Fedora 40 (Clang) Kernel: Depends on container host Compiler: clang 18.1.8 (Fedora 18.1.8-1.fc40) Ubuntu 24.04 Kernel: Depends on container host Compiler: gcc (Ubuntu 13.3.0-6ubuntu2~24.04) 13.3.0 Ubuntu 22.04 Kernel: Depends on container host Compiler: gcc (Ubuntu 11.4.0-1ubuntu1~22.04) 11.4.0 Fedora 41 (Clang) Kernel: Depends on container host Compiler: clang 19.1.5 (Fedora 19.1.5-1.fc41) RHEL8 Kernel: Depends on container host Compiler: gcc 8.5.0 20210514 (Red Hat 8.5.0-22) CentOS Stream 10 Kernel: Depends on container host Compiler: gcc 14.2.1 20241104 (Red Hat 14.2.1-6) Fedora 40 Kernel: Depends on container host Compiler: gcc 14.2.1 20240912 (Red Hat 14.2.1-3) Fedora 41 Kernel: Depends on container host Compiler: gcc 14.2.1 20240912 (Red Hat 14.2.1-3) Debian 12 Kernel: Depends on container host Compiler: gcc (Debian 12.2.0-14) 12.2.0 Ubuntu 20.04 Kernel: Depends on container host Compiler: gcc (Ubuntu 9.4.0-1ubuntu1~20.04.2) 9.4.0 CentOS Stream 9 Kernel: Depends on container host Compiler: gcc 11.5.0 20240719 (Red Hat 11.5.0-2) Windows Server 2022 Kernel: 10.0.20348.2031 Compiler: clang 15.0.7, gcc 14.1.0 (MinGW), and MSVC VS 19.39.33521 To view detailed results, visit: https://lab.dpdk.org/results/dashboard/tarballs/33533/ UNH-IOL DPDK Community Lab To manage your email subscriptions, visit: https://lab.dpdk.org/results/dashboard/preferences/subscriptions/