From mboxrd@z Thu Jan 1 00:00:00 1970 Return-Path: Received: from mails.dpdk.org (mails.dpdk.org [217.70.189.124]) by inbox.dpdk.org (Postfix) with ESMTP id BF78746751 for ; Thu, 15 May 2025 09:12:19 +0200 (CEST) Received: from mails.dpdk.org (localhost [127.0.0.1]) by mails.dpdk.org (Postfix) with ESMTP id BA90D40667; Thu, 15 May 2025 09:12:19 +0200 (CEST) Received: from mail-oi1-f228.google.com (mail-oi1-f228.google.com [209.85.167.228]) by mails.dpdk.org (Postfix) with ESMTP id E82FE402C2 for ; Thu, 15 May 2025 09:12:17 +0200 (CEST) Received: by mail-oi1-f228.google.com with SMTP id 5614622812f47-401f6513cb2so1060262b6e.0 for ; Thu, 15 May 2025 00:12:17 -0700 (PDT) DKIM-Signature: v=1; a=rsa-sha256; c=relaxed/relaxed; d=iol.unh.edu; s=unh-iol; t=1747293137; x=1747897937; darn=dpdk.org; h=cc:to:from:subject:message-id:date:from:to:cc:subject:date :message-id:reply-to; bh=qIqUCZHdOqbKgpknKMrI5Oj0YK1/bZZQfMCh5QwwmMg=; b=DbBQZEemvTMj482IQtcZhOBtvoXP+VFcsBCuxRuWLyoUDAm6ptv+94H2mvnW1W73aN PgAsIq6fYA7FC0YDlv64qlZJWuf4hgCwTmhTs3gi0iP9rss5ZKzq759BaB1BeS6asjuf 2BX3HLYO/XPDjnfMXwkPaTQD+8Dx7taCijr9A= X-Google-DKIM-Signature: v=1; a=rsa-sha256; c=relaxed/relaxed; d=1e100.net; s=20230601; t=1747293137; x=1747897937; h=cc:to:from:subject:message-id:date:x-gm-message-state:from:to:cc :subject:date:message-id:reply-to; bh=qIqUCZHdOqbKgpknKMrI5Oj0YK1/bZZQfMCh5QwwmMg=; b=uLFieDWp+JzboUBSX2dprqr1Oc5DmoCoZqeLUJT33M5/UvkFBCWEmiwqbLhD2Uk6KM CZK+LjFaxbztsuPWgz4/0LMl7zO/jJnr9gCckGnfDheD76VoK8q9R07UAq6HcgSpgrwT k460rQEKevVRgF59aLb/0hskymdHH/DEJpgjmIj2MD6BKtzvUIMGfM5ocv4zVLPNHgs6 Zhwc7mJJBZ2B+ES/wHV8Qrf2Rjyr8oAFDrCO0ootbnxIwG7W9sHC0CnSGHiUO4Yhnqyb sYokwUmdMkbtqQEfuLibG65mJr8N8YLxnqPwS8sTDHe28Rg2etiBhJoT2M19BdDMN/eu gH+w== X-Gm-Message-State: AOJu0YwAkL+kcj6uZPHGoCRlyzjiCEY3KNx21DDwDIWUuNrO0lu8oTT+ xbKLkADrBIiMukCHVFVOmy4QlPD/vWx35bZ6NSpa+vgXlrJZ2r3FvryDyh3xC96d+AARDdCSOcv GJoTeYJRCuCAXRAvy89C/gL0MxgR/l3DSPKOY X-Gm-Gg: ASbGncv3QDCjvlEtMlxpNTP5541Qd+NsjcL+w4Yb+FuOzyNetiPDxAZinbz3psoDFLA k78zo82s1Pesz8rFOSiTktbN0VZl5aQ9hw1vghWToSNqdJ/iI7jlU7npPQHGdoDhb+yC4AjWf+3 icc4nUa+DsBh4su7Q9HEF/yXURYT0sdIVJ7E0etH/itbHI46btn06DQvgyl1lSjp0eJxSF2mOQt gDrWAOrSjR7Xcp/yY8N+kFKQCELkch4S9Ei4QCXcrsKb1oKfFVqEDkXWN/8gYobo4P9VmS8lhq1 RmoYdCK1yCByZuVoQxzHUzTeljM/JR5ilhKXhDnkQwsDB+yebBlahXgcwj0= X-Google-Smtp-Source: AGHT+IFL4As9rzx3TZtSzy2XDL9xGngmfzzchKk/idow+pBBoGm7SB5dTiKf4XTKV12OieniyxhQTg4N/Qmr X-Received: by 2002:a05:6870:a2d1:b0:2b8:608d:5dd1 with SMTP id 586e51a60fabf-2e39bfd2338mr1284840fac.18.1747293137022; Thu, 15 May 2025 00:12:17 -0700 (PDT) Received: from postal.iol.unh.edu (postal.iol.unh.edu. [132.177.123.84]) by smtp-relay.gmail.com with ESMTPS id 586e51a60fabf-2dba06e7d15sm622954fac.14.2025.05.15.00.12.16 (version=TLS1_2 cipher=ECDHE-ECDSA-AES128-GCM-SHA256 bits=128/128); Thu, 15 May 2025 00:12:17 -0700 (PDT) X-Relaying-Domain: iol.unh.edu Date: Thu, 15 May 2025 00:12:17 -0700 (PDT) Message-ID: <682593d1.050a0220.27f4a.10e6SMTPIN_ADDED_MISSING@mx.google.com> Received: from [172.21.0.7] (unknown [172.18.0.240]) by postal.iol.unh.edu (Postfix) with ESMTP id 80AA06052472; Thu, 15 May 2025 03:12:16 -0400 (EDT) Subject: |FAILURE| [GIT MASTER] 4401486b5e30d43a134f80f9802f60b5f43e74a8 From: dpdklab@iol.unh.edu To: Test Report Cc: dpdk-test-reports@iol.unh.edu, Xueming Li , Christian Ehrhardt , Kevin Traynor , Luca Boccassi Content-Type: text/plain X-BeenThere: test-report@dpdk.org X-Mailman-Version: 2.1.29 Precedence: list List-Id: automatic DPDK test reports List-Unsubscribe: , List-Archive: List-Post: List-Help: List-Subscribe: , Errors-To: test-report-bounces@dpdk.org _Testing issues_ Branch: tags/v22.11 4401486b5e30d43a134f80f9802f60b5f43e74a8 --> testing issues Upstream job id: Generic-Unit-Test-DPDK#337819 Test environment and result as below: +---------------------+----------------+ | Environment | dpdk_unit_test | +=====================+================+ | RHEL9 | FAIL | +---------------------+----------------+ | Fedora 40 (Clang) | FAIL | +---------------------+----------------+ | Ubuntu 24.04 | FAIL | +---------------------+----------------+ | Ubuntu 22.04 | FAIL | +---------------------+----------------+ | Fedora 41 (Clang) | FAIL | +---------------------+----------------+ | RHEL8 | FAIL | +---------------------+----------------+ | CentOS Stream 10 | FAIL | +---------------------+----------------+ | Fedora 40 | FAIL | +---------------------+----------------+ | Fedora 41 | PEND | +---------------------+----------------+ | Debian 12 | FAIL | +---------------------+----------------+ | Ubuntu 20.04 | PASS | +---------------------+----------------+ | CentOS Stream 9 | PEND | +---------------------+----------------+ | Windows Server 2022 | FAIL | +---------------------+----------------+ ==== Unit test summary for Windows Server 2022 (dpdk_unit_test): ==== Failed to get the unit test results. Displaying the unit test results is not supported for some environments, such as our aarch32 testing, where meson is not used to run the tests. Download the logs available on our CI site. ==== End log output ==== RHEL9 Kernel: Depends on container host Compiler: gcc 11.5.0 20240719 (Red Hat 11.5.0-2) Fedora 40 (Clang) Kernel: Depends on container host Compiler: clang 18.1.8 (Fedora 18.1.8-1.fc40) Ubuntu 24.04 Kernel: Depends on container host Compiler: gcc (Ubuntu 13.3.0-6ubuntu2~24.04) 13.3.0 Ubuntu 22.04 Kernel: Depends on container host Compiler: gcc (Ubuntu 11.4.0-1ubuntu1~22.04) 11.4.0 Fedora 41 (Clang) Kernel: Depends on container host Compiler: clang 19.1.5 (Fedora 19.1.5-1.fc41) RHEL8 Kernel: Depends on container host Compiler: gcc 8.5.0 20210514 (Red Hat 8.5.0-22) CentOS Stream 10 Kernel: Depends on container host Compiler: gcc 14.2.1 20241104 (Red Hat 14.2.1-6) Fedora 40 Kernel: Depends on container host Compiler: gcc 14.2.1 20240912 (Red Hat 14.2.1-3) Fedora 41 Kernel: Depends on container host Compiler: gcc 14.2.1 20240912 (Red Hat 14.2.1-3) Debian 12 Kernel: Depends on container host Compiler: gcc (Debian 12.2.0-14) 12.2.0 Ubuntu 20.04 Kernel: Depends on container host Compiler: gcc (Ubuntu 9.4.0-1ubuntu1~20.04.2) 9.4.0 CentOS Stream 9 Kernel: Depends on container host Compiler: gcc 11.5.0 20240719 (Red Hat 11.5.0-2) Windows Server 2022 Kernel: 10.0.20348.2031 Compiler: clang 15.0.7, gcc 14.1.0 (MinGW), and MSVC VS 19.39.33521 To view detailed results, visit: https://lab.dpdk.org/results/dashboard/tarballs/33533/ UNH-IOL DPDK Community Lab To manage your email subscriptions, visit: https://lab.dpdk.org/results/dashboard/preferences/subscriptions/