From mboxrd@z Thu Jan 1 00:00:00 1970 Return-Path: Received: from mails.dpdk.org (mails.dpdk.org [217.70.189.124]) by inbox.dpdk.org (Postfix) with ESMTP id 1D03B46751 for ; Thu, 15 May 2025 09:14:39 +0200 (CEST) Received: from mails.dpdk.org (localhost [127.0.0.1]) by mails.dpdk.org (Postfix) with ESMTP id 0A2F940667; Thu, 15 May 2025 09:14:39 +0200 (CEST) Received: from mail-yw1-f226.google.com (mail-yw1-f226.google.com [209.85.128.226]) by mails.dpdk.org (Postfix) with ESMTP id 39FD8402C2 for ; Thu, 15 May 2025 09:14:37 +0200 (CEST) Received: by mail-yw1-f226.google.com with SMTP id 00721157ae682-70b4e497d96so5419487b3.2 for ; Thu, 15 May 2025 00:14:37 -0700 (PDT) DKIM-Signature: v=1; a=rsa-sha256; c=relaxed/relaxed; d=iol.unh.edu; s=unh-iol; t=1747293276; x=1747898076; darn=dpdk.org; h=cc:to:from:subject:message-id:date:from:to:cc:subject:date :message-id:reply-to; bh=m/Z0A16O8CnIAKJ43hIQZSxa43u0w+ERpfAJqgrbY2w=; b=MahpulkE8Pod6O25ny/EhvQMClAYadLREqeOLvMqV3o6HHXV780g8CPB36+QSQL6/t sMgQdHaO863gBz0ryK+tg7+fNKlgVIz6+5lButSxYpUDPkDjpStkmM1BafQzvToiogJd cFHNxrYrZiIKT5J96Iyjumzx/Q6oJ1ewHNMis= X-Google-DKIM-Signature: v=1; a=rsa-sha256; c=relaxed/relaxed; d=1e100.net; s=20230601; t=1747293276; x=1747898076; h=cc:to:from:subject:message-id:date:x-gm-message-state:from:to:cc :subject:date:message-id:reply-to; bh=m/Z0A16O8CnIAKJ43hIQZSxa43u0w+ERpfAJqgrbY2w=; b=dvhbUZ1VdL+IcKgP/o/O0bbXIuuvsx7Z+W5DwqDoip0CROiFF+DX+/mLBQqX0d5FAS dQj5hH0ddXF6h1rABFI+3m834HejWEd23tne7oaMPrGVEA1MmcTlwS1jScL6lLnP+DX5 90c7aSyfIeLtSv0y7TX914z78N7pNmq2wPUQd7K5v1PlOnZfxfLu/qkZHE0bknM6LbsJ ae/3Hon3zlSnCtPhDjT/ykDeXry7ETXCEJ2Xcf0jEdG08R+6H6RgFGskUrfZJGl9g59h RIhsqayghrM2CeMoyWplmIi4EnyrXTTIDj/PL8HOStHHRmY1WQVKaRj2idEq0M3lRJam LFGA== X-Gm-Message-State: AOJu0Ywd3FOAbg6uBgXTEanTCmTxQpG/cGmIvveaY/ToRBWdEAjWSpWI iEQHPvjnlCQVvNnMYS8NJOdkkHTrVogdZjEeJUP5gOhSJHWOBRy9M1MabIsrgYomUhUCLdHQcPm MeEW/OzPqCZjQJgmloH839DL55KELMikt X-Gm-Gg: ASbGnctLFfx3nNGcIULh1qiTrkH+bjVhKcByt7YsLLx43TnSZgq1Erq1Td+nqacXOy6 a12gv8UaBRrSH7FDXd0sX92nqoU3aAazbDxFD++3xZSFXuxDCPiB9AAK6G/jN9oqtR6S2ETQrFe DwtLdEGDt/a+BTVFBbhAgfZSEGRASfzVjFQm+ct48RJZL1eZyIok3eF17pIRGQMEj577q3obghF BlqgfugLN8aL4hIPqFQQn3BUMxkKCYjFVGyG2onCN2OGB2sp1Mmcxzh1zF9WhQeF5FVM8Okih+0 DjwxmB/bHzwsFTk/5+O1tX5TCz8BJp7T23tmIdO3rCbjw2BLEDxlVA9V4BQ= X-Google-Smtp-Source: AGHT+IF3cKJxkktON0YDHgEjiF/Nh8UhPQJheTiunpqRa9pV2l0QveKNhsHntwvBoLRSaGl+Krhad1PWT0We X-Received: by 2002:a05:690c:45ca:b0:70a:1d7f:8906 with SMTP id 00721157ae682-70c7f10aeacmr90088967b3.6.1747293276579; Thu, 15 May 2025 00:14:36 -0700 (PDT) Received: from postal.iol.unh.edu (postal.iol.unh.edu. [132.177.123.84]) by smtp-relay.gmail.com with ESMTPS id 00721157ae682-70b73fdd2c1sm2378017b3.67.2025.05.15.00.14.36 (version=TLS1_2 cipher=ECDHE-ECDSA-AES128-GCM-SHA256 bits=128/128); Thu, 15 May 2025 00:14:36 -0700 (PDT) X-Relaying-Domain: iol.unh.edu Date: Thu, 15 May 2025 00:14:36 -0700 (PDT) Message-ID: <6825945c.050a0220.2a5b22.cf89SMTPIN_ADDED_MISSING@mx.google.com> Received: from [172.21.0.5] (unknown [172.18.0.240]) by postal.iol.unh.edu (Postfix) with ESMTP id 3582E6052471; Thu, 15 May 2025 03:14:36 -0400 (EDT) Subject: |FAILURE| [GIT MASTER] 4401486b5e30d43a134f80f9802f60b5f43e74a8 From: dpdklab@iol.unh.edu To: Test Report Cc: dpdk-test-reports@iol.unh.edu, Xueming Li , Christian Ehrhardt , Kevin Traynor , Luca Boccassi Content-Type: text/plain X-BeenThere: test-report@dpdk.org X-Mailman-Version: 2.1.29 Precedence: list List-Id: automatic DPDK test reports List-Unsubscribe: , List-Archive: List-Post: List-Help: List-Subscribe: , Errors-To: test-report-bounces@dpdk.org _Testing issues_ Branch: tags/v22.11 4401486b5e30d43a134f80f9802f60b5f43e74a8 --> testing issues Upstream job id: Generic-Unit-Test-DPDK#337822 Test environment and result as below: +---------------------+----------------+ | Environment | dpdk_unit_test | +=====================+================+ | RHEL9 | FAIL | +---------------------+----------------+ | Fedora 40 (Clang) | FAIL | +---------------------+----------------+ | Ubuntu 24.04 | FAIL | +---------------------+----------------+ | Ubuntu 22.04 | FAIL | +---------------------+----------------+ | Fedora 41 (Clang) | FAIL | +---------------------+----------------+ | RHEL8 | FAIL | +---------------------+----------------+ | CentOS Stream 10 | FAIL | +---------------------+----------------+ | Fedora 40 | FAIL | +---------------------+----------------+ | Fedora 41 | FAIL | +---------------------+----------------+ | Debian 12 | FAIL | +---------------------+----------------+ | Ubuntu 20.04 | PASS | +---------------------+----------------+ | CentOS Stream 9 | PEND | +---------------------+----------------+ | Windows Server 2022 | FAIL | +---------------------+----------------+ ==== Unit test summary for Windows Server 2022 (dpdk_unit_test): ==== Failed to get the unit test results. Displaying the unit test results is not supported for some environments, such as our aarch32 testing, where meson is not used to run the tests. Download the logs available on our CI site. ==== End log output ==== RHEL9 Kernel: Depends on container host Compiler: gcc 11.5.0 20240719 (Red Hat 11.5.0-2) Fedora 40 (Clang) Kernel: Depends on container host Compiler: clang 18.1.8 (Fedora 18.1.8-1.fc40) Ubuntu 24.04 Kernel: Depends on container host Compiler: gcc (Ubuntu 13.3.0-6ubuntu2~24.04) 13.3.0 Ubuntu 22.04 Kernel: Depends on container host Compiler: gcc (Ubuntu 11.4.0-1ubuntu1~22.04) 11.4.0 Fedora 41 (Clang) Kernel: Depends on container host Compiler: clang 19.1.5 (Fedora 19.1.5-1.fc41) RHEL8 Kernel: Depends on container host Compiler: gcc 8.5.0 20210514 (Red Hat 8.5.0-22) CentOS Stream 10 Kernel: Depends on container host Compiler: gcc 14.2.1 20241104 (Red Hat 14.2.1-6) Fedora 40 Kernel: Depends on container host Compiler: gcc 14.2.1 20240912 (Red Hat 14.2.1-3) Fedora 41 Kernel: Depends on container host Compiler: gcc 14.2.1 20240912 (Red Hat 14.2.1-3) Debian 12 Kernel: Depends on container host Compiler: gcc (Debian 12.2.0-14) 12.2.0 Ubuntu 20.04 Kernel: Depends on container host Compiler: gcc (Ubuntu 9.4.0-1ubuntu1~20.04.2) 9.4.0 CentOS Stream 9 Kernel: Depends on container host Compiler: gcc 11.5.0 20240719 (Red Hat 11.5.0-2) Windows Server 2022 Kernel: 10.0.20348.2031 Compiler: clang 15.0.7, gcc 14.1.0 (MinGW), and MSVC VS 19.39.33521 To view detailed results, visit: https://lab.dpdk.org/results/dashboard/tarballs/33533/ UNH-IOL DPDK Community Lab To manage your email subscriptions, visit: https://lab.dpdk.org/results/dashboard/preferences/subscriptions/