From mboxrd@z Thu Jan 1 00:00:00 1970 Return-Path: Received: from mails.dpdk.org (mails.dpdk.org [217.70.189.124]) by inbox.dpdk.org (Postfix) with ESMTP id 5AC2B46751 for ; Thu, 15 May 2025 09:16:30 +0200 (CEST) Received: from mails.dpdk.org (localhost [127.0.0.1]) by mails.dpdk.org (Postfix) with ESMTP id 3889740B8F; Thu, 15 May 2025 09:16:30 +0200 (CEST) Received: from mail-pj1-f98.google.com (mail-pj1-f98.google.com [209.85.216.98]) by mails.dpdk.org (Postfix) with ESMTP id 1D1D9402C2 for ; Thu, 15 May 2025 09:16:28 +0200 (CEST) Received: by mail-pj1-f98.google.com with SMTP id 98e67ed59e1d1-309fac646adso1678359a91.1 for ; Thu, 15 May 2025 00:16:28 -0700 (PDT) DKIM-Signature: v=1; a=rsa-sha256; c=relaxed/relaxed; d=iol.unh.edu; s=unh-iol; t=1747293387; x=1747898187; darn=dpdk.org; h=cc:to:from:subject:message-id:date:from:to:cc:subject:date :message-id:reply-to; bh=DKakUWpjukCBp4l2Q9KAX/vhghy4DoK9ZsrIx89/HOA=; b=XjVr5gTIEA+LQCY9pxu3PYnaSjbcu9W5Hnsm+PvJ+80YeT9NHvWUvvGoAVcClOnXv7 cSCuADdk9uTQMnbhFNdewqcvf8iGbbMyaJ7jnMHHAKj4L9f7BHXUM5ADNVDlw88ubC1W gYcyDLhBU2xywYULxHDScHuu7RKrMLDh1toHA= X-Google-DKIM-Signature: v=1; a=rsa-sha256; c=relaxed/relaxed; d=1e100.net; s=20230601; t=1747293387; x=1747898187; h=cc:to:from:subject:message-id:date:x-gm-message-state:from:to:cc :subject:date:message-id:reply-to; bh=DKakUWpjukCBp4l2Q9KAX/vhghy4DoK9ZsrIx89/HOA=; b=SqPo0TDw57M2jrc3tyPH6hZlkUl2gVPAPMHnoJnpTDWZKR9ciAU2pYgB7Mngg33X/v vwiFc2xVmxvJJ9uVnySfq+1lFufIVsGtcq5G/v59SThrw1kW5rPu0SToaFeEy+nKju94 y/PKSXtxMDofYNJkRV4CzNVaaZNcP5JvUb2PW6saXINrjYArE9UWHWx7J19gCgT/+gbI Tjf0c5DyDnffqnzDVK44fmd+VTgEHWRPPk5iyb8e3auJBD6zrLKV19SW3QgK0Uvt/bq1 bC+KWUgPPnDNhcarK5hUnysP5DDxfb+X9Hv5JmJovblsAMu9owQJTsbe6z7MV4Vu5cNe 1xew== X-Gm-Message-State: AOJu0YwghG832cHHOWk7//DkU5bU9IG+8FwxrN09GHHyf6EEdXpM3kYf T1I8LzDeKLVtokXOPpbZvoMM3H7S3VYEXZPVY3pjOCT/KIzKmLazTbHkX0z7sFjT2NCJMqbgUG4 H+h5BK6IJytokZHrof0wE0m3vmdTH9hHAyxdw X-Gm-Gg: ASbGnctbMJ5Ed6KPomVlxQFrHk0GCRnrmk4r7uj9yNCRvXBS+6AnMj5w0Fy8cBlRJ6T 0oixFcCqxKO5bULiii1f7EF0iNP/6VnIF2qi++HkuWT0vEeCvf+1JE7wUxjbWLLzukwnPdSCPvF /YZfyTT06q4sNBirVNnWQLILB67mIity9Lw+/7nCmJh7u/lDNKZE1sijfFRtglcR0oqEh6cRSIz gaUkECGS10N00XAu53a4dzo+3FUyLBe9EN+vd5DnYEX34BJ7rURDU5mKnHl8GzrVxuMFUwJV+wG xs+g4PSJMf6uKvkQKBQbZBIXi+Y4WBdWQa16QqsAOGhLmp3ge5NwmwfqM9Q= X-Google-Smtp-Source: AGHT+IEXRmGNDU738njKNetoIEd0tDcmC+7v8oeWBI1sVvTQdpTr+6HecdmisBBQhX5Fu0ejSBtM6O9bl+I/ X-Received: by 2002:a17:90a:e7c3:b0:2fa:4926:d18d with SMTP id 98e67ed59e1d1-30e4dbb7020mr3328897a91.13.1747293386961; Thu, 15 May 2025 00:16:26 -0700 (PDT) Received: from postal.iol.unh.edu (postal.iol.unh.edu. [132.177.123.84]) by smtp-relay.gmail.com with ESMTPS id 98e67ed59e1d1-30e33400dfesm242586a91.10.2025.05.15.00.16.26 (version=TLS1_2 cipher=ECDHE-ECDSA-AES128-GCM-SHA256 bits=128/128); Thu, 15 May 2025 00:16:26 -0700 (PDT) X-Relaying-Domain: iol.unh.edu Date: Thu, 15 May 2025 00:16:26 -0700 (PDT) Message-ID: <682594ca.170a0220.5c63.c6a9SMTPIN_ADDED_MISSING@mx.google.com> Received: from [172.21.0.7] (unknown [172.18.0.240]) by postal.iol.unh.edu (Postfix) with ESMTP id 696CC6052471; Thu, 15 May 2025 03:16:26 -0400 (EDT) Subject: |FAILURE| [GIT MASTER] 4401486b5e30d43a134f80f9802f60b5f43e74a8 From: dpdklab@iol.unh.edu To: Test Report Cc: dpdk-test-reports@iol.unh.edu, Xueming Li , Christian Ehrhardt , Kevin Traynor , Luca Boccassi Content-Type: text/plain X-BeenThere: test-report@dpdk.org X-Mailman-Version: 2.1.29 Precedence: list List-Id: automatic DPDK test reports List-Unsubscribe: , List-Archive: List-Post: List-Help: List-Subscribe: , Errors-To: test-report-bounces@dpdk.org _Testing issues_ Branch: tags/v22.11 4401486b5e30d43a134f80f9802f60b5f43e74a8 --> testing issues Upstream job id: Generic-Unit-Test-DPDK#337817 Test environment and result as below: +---------------------+----------------+ | Environment | dpdk_unit_test | +=====================+================+ | RHEL9 | FAIL | +---------------------+----------------+ | Fedora 40 (Clang) | FAIL | +---------------------+----------------+ | Ubuntu 24.04 | FAIL | +---------------------+----------------+ | Ubuntu 22.04 | FAIL | +---------------------+----------------+ | Fedora 41 (Clang) | FAIL | +---------------------+----------------+ | RHEL8 | FAIL | +---------------------+----------------+ | CentOS Stream 10 | FAIL | +---------------------+----------------+ | Fedora 40 | FAIL | +---------------------+----------------+ | Fedora 41 | FAIL | +---------------------+----------------+ | Debian 12 | FAIL | +---------------------+----------------+ | Ubuntu 20.04 | PASS | +---------------------+----------------+ | CentOS Stream 9 | FAIL | +---------------------+----------------+ | Windows Server 2022 | FAIL | +---------------------+----------------+ ==== Unit test summary for Windows Server 2022 (dpdk_unit_test): ==== Failed to get the unit test results. Displaying the unit test results is not supported for some environments, such as our aarch32 testing, where meson is not used to run the tests. Download the logs available on our CI site. ==== End log output ==== RHEL9 Kernel: Depends on container host Compiler: gcc 11.5.0 20240719 (Red Hat 11.5.0-2) Fedora 40 (Clang) Kernel: Depends on container host Compiler: clang 18.1.8 (Fedora 18.1.8-1.fc40) Ubuntu 24.04 Kernel: Depends on container host Compiler: gcc (Ubuntu 13.3.0-6ubuntu2~24.04) 13.3.0 Ubuntu 22.04 Kernel: Depends on container host Compiler: gcc (Ubuntu 11.4.0-1ubuntu1~22.04) 11.4.0 Fedora 41 (Clang) Kernel: Depends on container host Compiler: clang 19.1.5 (Fedora 19.1.5-1.fc41) RHEL8 Kernel: Depends on container host Compiler: gcc 8.5.0 20210514 (Red Hat 8.5.0-22) CentOS Stream 10 Kernel: Depends on container host Compiler: gcc 14.2.1 20241104 (Red Hat 14.2.1-6) Fedora 40 Kernel: Depends on container host Compiler: gcc 14.2.1 20240912 (Red Hat 14.2.1-3) Fedora 41 Kernel: Depends on container host Compiler: gcc 14.2.1 20240912 (Red Hat 14.2.1-3) Debian 12 Kernel: Depends on container host Compiler: gcc (Debian 12.2.0-14) 12.2.0 Ubuntu 20.04 Kernel: Depends on container host Compiler: gcc (Ubuntu 9.4.0-1ubuntu1~20.04.2) 9.4.0 CentOS Stream 9 Kernel: Depends on container host Compiler: gcc 11.5.0 20240719 (Red Hat 11.5.0-2) Windows Server 2022 Kernel: 10.0.20348.2031 Compiler: clang 15.0.7, gcc 14.1.0 (MinGW), and MSVC VS 19.39.33521 To view detailed results, visit: https://lab.dpdk.org/results/dashboard/tarballs/33533/ UNH-IOL DPDK Community Lab To manage your email subscriptions, visit: https://lab.dpdk.org/results/dashboard/preferences/subscriptions/