From mboxrd@z Thu Jan 1 00:00:00 1970 Return-Path: Received: from mails.dpdk.org (mails.dpdk.org [217.70.189.124]) by inbox.dpdk.org (Postfix) with ESMTP id 1C14E46751 for ; Thu, 15 May 2025 09:47:31 +0200 (CEST) Received: from mails.dpdk.org (localhost [127.0.0.1]) by mails.dpdk.org (Postfix) with ESMTP id 012A240667; Thu, 15 May 2025 09:47:31 +0200 (CEST) Received: from mail-pl1-f227.google.com (mail-pl1-f227.google.com [209.85.214.227]) by mails.dpdk.org (Postfix) with ESMTP id 18A30402C2 for ; Thu, 15 May 2025 09:47:30 +0200 (CEST) Received: by mail-pl1-f227.google.com with SMTP id d9443c01a7336-22e16234307so6924195ad.0 for ; Thu, 15 May 2025 00:47:30 -0700 (PDT) DKIM-Signature: v=1; a=rsa-sha256; c=relaxed/relaxed; d=iol.unh.edu; s=unh-iol; t=1747295249; x=1747900049; darn=dpdk.org; h=cc:to:from:subject:message-id:date:from:to:cc:subject:date :message-id:reply-to; bh=JCQ/oDnfvX7wTrRvtkVVTSyTKPqK86N3YaOFBzD9yGU=; b=MtktcGUahCh4/roTxHVJhisTNnAP9tBTT0wI9JBIzLm1jlfCnloDVm2yuAC3g5CFeG mNuNrp3DDaTGrGHItAUSQ53sXt1n87kS4iA/vdKZTp6gbfif7fC6CBIzE4WApi/bU/aW XXrHhPn4MpdggbcI0kB5UUUkUzJc0lFqcn/SA= X-Google-DKIM-Signature: v=1; a=rsa-sha256; c=relaxed/relaxed; d=1e100.net; s=20230601; t=1747295249; x=1747900049; h=cc:to:from:subject:message-id:date:x-gm-message-state:from:to:cc :subject:date:message-id:reply-to; bh=JCQ/oDnfvX7wTrRvtkVVTSyTKPqK86N3YaOFBzD9yGU=; b=LbYdZNQQd1Qr+jgNWHYxUsbHI5GzTs6zR8EqFJHV9Pn8rDClU46N0700tDpKgsz8J4 c5bqhtAaqiVUJ/WAACHF3TbDR5uNobFIQ8bLrhrrk0sR3C0crrF/40jAK/GlcTxdqDJq EugIpo3stDSf0CVoHAK9eOC1qjmT7N2HBrDYH9Cidfad90L1nxHFQRmEIDytk3u6pN7E kWdSLjG6mNIhlVFNKPY66AnUWaSd4/WoKYTtGwXsILHSDubkfMPm5WwpDRIC5G1HHlLM MOIbcA/K64kbdEBt1Lej6z5nv48SZedaj9t5JHd98CveURTOiayg3P5mLnt/je+GZLsH Mgcw== X-Gm-Message-State: AOJu0YyHBjNriacSL2uxF1TP3Ba/yb7e1GHSY7Zvu76mFQ3gcEWQQmlV jYIspuGCxdEK1elXMjEqnZw/23pQ2kBoxO6+mkLB3bzaBZ5o7oWAQ0EVlM0PirV59CHBcMvVD83 DXTplHi63FnmTTvjtmtrPdTGZXhY3yt8J X-Gm-Gg: ASbGncuuxnFHTiLpdPHZ6AF4Nr4tQqNSkcVdDnI2sEtIAMDax2Lb4iWrE9LPKwL8o/z W1n8SiaSrYyCOK+lm2Zm2lb8bD2wlR6eCkl+crEJuqYhC3TkWWCf8Y+64TUXdEG96axzP+CCw+E CAXM30bjsUHS2VgJ5+S9Fs62jCvBNkb0jRGA97yON2uWMhZ9BTCQNjrOeH7WhQOAPLA/XKVJrOu GsEweclE2IqjX+gQyMWjGjcN1YF1x8euhyOKC512SuJZuANgx9GkUXEKTaK3XSs4qkQ9wSquwwe rtzsuE8ph+A9RQ+vJ4NvF0OyPZVB8jcCSH50HacUPfDlbIIlRVB36WT53S8= X-Google-Smtp-Source: AGHT+IFC1U8oNfpE+u4L30xXVgujZ1pkK04ww2CjSyACodp+TiGp4nPrgt5hA058mUvoxOJxeb4/lbhq15j8 X-Received: by 2002:a17:902:e74f:b0:21f:1348:10e6 with SMTP id d9443c01a7336-231b3992dccmr38876645ad.13.1747295248909; Thu, 15 May 2025 00:47:28 -0700 (PDT) Received: from postal.iol.unh.edu (postal.iol.unh.edu. [132.177.123.84]) by smtp-relay.gmail.com with ESMTPS id d9443c01a7336-22fc6f122d1sm6987395ad.70.2025.05.15.00.47.28 (version=TLS1_2 cipher=ECDHE-ECDSA-AES128-GCM-SHA256 bits=128/128); Thu, 15 May 2025 00:47:28 -0700 (PDT) X-Relaying-Domain: iol.unh.edu Date: Thu, 15 May 2025 00:47:28 -0700 (PDT) Message-ID: <68259c10.170a0220.272b50.4ee6SMTPIN_ADDED_MISSING@mx.google.com> Received: from [172.21.0.5] (unknown [172.18.0.240]) by postal.iol.unh.edu (Postfix) with ESMTP id 0D7B06052471; Thu, 15 May 2025 03:47:28 -0400 (EDT) Subject: |WARNING| [GIT MASTER] 4401486b5e30d43a134f80f9802f60b5f43e74a8 From: dpdklab@iol.unh.edu To: Test Report Cc: dpdk-test-reports@iol.unh.edu, Xueming Li , Christian Ehrhardt , Kevin Traynor , Luca Boccassi Content-Type: text/plain X-BeenThere: test-report@dpdk.org X-Mailman-Version: 2.1.29 Precedence: list List-Id: automatic DPDK test reports List-Unsubscribe: , List-Archive: List-Post: List-Help: List-Subscribe: , Errors-To: test-report-bounces@dpdk.org _Testing issues_ Branch: tags/v22.11 4401486b5e30d43a134f80f9802f60b5f43e74a8 --> testing issues Upstream job id: Generic-DPDK-Compile-Meson#388037 Test environment and result as below: +---------------------+--------------------+-------------------------+----------------------+ | Environment | dpdk_meson_compile | dpdk_llvm_clang_compile | dpdk_mingw64_compile | +=====================+====================+=========================+======================+ | CentOS Stream 9 | PASS | SKIPPED | SKIPPED | +---------------------+--------------------+-------------------------+----------------------+ | Debian 12 | PASS | SKIPPED | SKIPPED | +---------------------+--------------------+-------------------------+----------------------+ | CentOS Stream 10 | PASS | SKIPPED | SKIPPED | +---------------------+--------------------+-------------------------+----------------------+ | Fedora 40 (Clang) | PASS | SKIPPED | SKIPPED | +---------------------+--------------------+-------------------------+----------------------+ | Ubuntu 20.04 | PASS | SKIPPED | SKIPPED | +---------------------+--------------------+-------------------------+----------------------+ | Fedora 41 | PASS | SKIPPED | SKIPPED | +---------------------+--------------------+-------------------------+----------------------+ | openSUSE Leap 15 | PASS | SKIPPED | SKIPPED | +---------------------+--------------------+-------------------------+----------------------+ | Fedora 41 (Clang) | PASS | SKIPPED | SKIPPED | +---------------------+--------------------+-------------------------+----------------------+ | Fedora 40 | PASS | SKIPPED | SKIPPED | +---------------------+--------------------+-------------------------+----------------------+ | RHEL9 | PASS | SKIPPED | SKIPPED | +---------------------+--------------------+-------------------------+----------------------+ | RHEL8 | PASS | SKIPPED | SKIPPED | +---------------------+--------------------+-------------------------+----------------------+ | Ubuntu 22.04 | PASS | SKIPPED | SKIPPED | +---------------------+--------------------+-------------------------+----------------------+ | FreeBSD 13.5 | PASS | SKIPPED | SKIPPED | +---------------------+--------------------+-------------------------+----------------------+ | Ubuntu 24.04 | PASS | SKIPPED | SKIPPED | +---------------------+--------------------+-------------------------+----------------------+ | FreeBSD 14.2 | PASS | SKIPPED | SKIPPED | +---------------------+--------------------+-------------------------+----------------------+ | Windows Server 2022 | SKIPPED | FAIL | PASS | +---------------------+--------------------+-------------------------+----------------------+ ==== 20 line log output for Windows Server 2022 (dpdk_llvm_clang_compile): ==== ..\lib\eal\include/rte_common.h:850:32: note: expanded from macro 'RTE_FMT_TAIL' #define RTE_FMT_TAIL(fmt, ...) __VA_ARGS__ ^~~~~~~~~~~ ..\lib\eal\include/rte_common.h:848:39: note: expanded from macro 'RTE_FMT' #define RTE_FMT(fmt, ...) fmt "%.0s", __VA_ARGS__ "" ^~~~~~~~~~~ ../drivers/crypto/mlx5/mlx5_crypto.c:463:18: note: forward declaration of 'struct mlx5_err_cqe' volatile struct mlx5_err_cqe *cqe = (volatile struct mlx5_err_cqe *) ^ 3 errors generated. [625/788] Generating rte_crypto_mlx5_mingw with a custom command [626/788] Compiling C object drivers/libtmp_rte_net_vmxnet3.a.p/net_vmxnet3_vmxnet3_ethdev.c.obj [627/788] Compiling C object drivers/libtmp_rte_net_vmxnet3.a.p/net_vmxnet3_vmxnet3_rxtx.c.obj [628/788] Generating rte_net_octeon_ep.pmd.c with a custom command (wrapped by meson to set PATH) [629/788] Compiling C object drivers/libtmp_rte_net_mlx5.a.p/net_mlx5_mlx5_tx_nompw.c.obj [630/788] Compiling C object drivers/libtmp_rte_crypto_mlx5.a.p/crypto_mlx5_mlx5_crypto_dek.c.obj [631/788] Compiling C object drivers/libtmp_rte_net_mlx5.a.p/net_mlx5_mlx5_tx_empw.c.obj [632/788] Compiling C object app/test/dpdk-test.exe.p/test_cryptodev.c.obj [633/788] Compiling C object drivers/libtmp_rte_net_mlx5.a.p/net_mlx5_mlx5_tx_txpp.c.obj ninja: build stopped: subcommand failed. ==== End log output ==== CentOS Stream 9 Kernel: Depends on container host Compiler: gcc 11.5.0 20240719 (Red Hat 11.5.0-2) Debian 12 Kernel: Depends on container host Compiler: gcc (Debian 12.2.0-14) 12.2.0 CentOS Stream 10 Kernel: Depends on container host Compiler: gcc 14.2.1 20241104 (Red Hat 14.2.1-6) Fedora 40 (Clang) Kernel: Depends on container host Compiler: clang 18.1.8 (Fedora 18.1.8-1.fc40) Ubuntu 20.04 Kernel: Depends on container host Compiler: gcc (Ubuntu 9.4.0-1ubuntu1~20.04.2) 9.4.0 Fedora 41 Kernel: Depends on container host Compiler: gcc 14.2.1 20240912 (Red Hat 14.2.1-3) openSUSE Leap 15 Kernel: Depends on container host Compiler: gcc (SUSE Linux) 7.5.0 Fedora 41 (Clang) Kernel: Depends on container host Compiler: clang 19.1.5 (Fedora 19.1.5-1.fc41) Fedora 40 Kernel: Depends on container host Compiler: gcc 14.2.1 20240912 (Red Hat 14.2.1-3) RHEL9 Kernel: Depends on container host Compiler: gcc 11.5.0 20240719 (Red Hat 11.5.0-2) RHEL8 Kernel: Depends on container host Compiler: gcc 8.5.0 20210514 (Red Hat 8.5.0-22) Ubuntu 22.04 Kernel: Depends on container host Compiler: gcc (Ubuntu 11.4.0-1ubuntu1~22.04) 11.4.0 FreeBSD 13.5 Kernel: 13.5-RELEASE Compiler: clang 19.1.7 Ubuntu 24.04 Kernel: Depends on container host Compiler: gcc (Ubuntu 13.3.0-6ubuntu2~24.04) 13.3.0 FreeBSD 14.2 Kernel: 14.2-RELEASE Compiler: clang 18.1.6 Windows Server 2022 Kernel: 10.0.20348.2031 Compiler: clang 15.0.7, gcc 14.1.0 (MinGW), and MSVC VS 19.39.33521 To view detailed results, visit: https://lab.dpdk.org/results/dashboard/tarballs/33533/ UNH-IOL DPDK Community Lab To manage your email subscriptions, visit: https://lab.dpdk.org/results/dashboard/preferences/subscriptions/