From mboxrd@z Thu Jan 1 00:00:00 1970 Return-Path: Received: from mails.dpdk.org (mails.dpdk.org [217.70.189.124]) by inbox.dpdk.org (Postfix) with ESMTP id D799646754 for ; Thu, 15 May 2025 10:30:40 +0200 (CEST) Received: from mails.dpdk.org (localhost [127.0.0.1]) by mails.dpdk.org (Postfix) with ESMTP id D05FC40B97; Thu, 15 May 2025 10:30:40 +0200 (CEST) Received: from mail-pl1-f226.google.com (mail-pl1-f226.google.com [209.85.214.226]) by mails.dpdk.org (Postfix) with ESMTP id 3B24B402C2 for ; Thu, 15 May 2025 10:30:40 +0200 (CEST) Received: by mail-pl1-f226.google.com with SMTP id d9443c01a7336-22e5df32197so6365665ad.0 for ; Thu, 15 May 2025 01:30:40 -0700 (PDT) DKIM-Signature: v=1; a=rsa-sha256; c=relaxed/relaxed; d=iol.unh.edu; s=unh-iol; t=1747297839; x=1747902639; darn=dpdk.org; h=references:in-reply-to:cc:to:from:subject:message-id:date:from:to :cc:subject:date:message-id:reply-to; bh=UiwPvEel6XkD41M6QjkZOlMzS9n/VrdvIeAInH0X7UI=; b=WY7MIYV41sDJzDo+kdfl+iEUn01T164vmA++R5uwjvm8bxNQ6M7wNKGSJnTEwqKutv WDYdoYMT4niD7Fa7hIlrR8OYMcYU4PaQBtv4eMQpNU1vz48hLf+sNsupgKJ/mxj25zTQ e9um0ohKoBAgBOT7QWcqFH9TXf+irTBoZTIAA= X-Google-DKIM-Signature: v=1; a=rsa-sha256; c=relaxed/relaxed; d=1e100.net; s=20230601; t=1747297839; x=1747902639; h=references:in-reply-to:cc:to:from:subject:message-id:date :x-gm-message-state:from:to:cc:subject:date:message-id:reply-to; bh=UiwPvEel6XkD41M6QjkZOlMzS9n/VrdvIeAInH0X7UI=; b=nm3j5fN6+RBdY7RlmA4Z+NWZRxKTmMhv197uLJ5yEXxNDwnk8V00gG9JOR5C6bIf5V A3kOXTh5MrL2bSIC1WJrSF1ctQQVDsh9mvvBv7/UwzzglBVxCt1g3E3UugvgoQLfma2A Br6iuddFx0fW25r97ho8BxA/qU+qQrxYtE5386+9iJRY2OVj1E+AvCY2WZZPNp+v/OYD AdYkO+BPDkKGw8W4JCUtiZHWLP69G9XhxECRYP+9P/UBiSu1ud3a1+rCjVBIE1WFJaP5 g5hL4UHcfuytX5mKIFkPhrzo/geWy/wKhIhmNBZ1zmsQ2Qf+K8GR0rervp7G7KnVwjMB orCQ== X-Gm-Message-State: AOJu0YwsFlWfaxOovptkPUCDGAMA/FSWR6crrO+ZtrDQIb9wexRkx+3O juOysRxrnPBOnosoZAMznXYWyrZijPEPl8nxTE4DAVsA/LAA4vuM8kJxacZoo5vVW5N6P7oDK7k 8QQaildQUpNOc/WLxO/CrqXyNqIXU9gCs4q+5HMj8 X-Gm-Gg: ASbGnctUKB2kABToT0eZYoVzWnWSIbdcVT1hds3YMZtpQhKYRH/BGelxYYaR/2N4C9r sDkxAWH9cHtyQa5Vg4Gcqmp+4utqZTZFKoq5yuysXxBMMS7kwuhF0gbg77qq9JZVxyEAaOnnmaO qdGVDsFvlpC3lk6QeOdC8K0ccL561caL3Hd64lE1GpkdX/2+dVggn5yj7BOb3Jva5+yXnczwj72 ZDL8yIUSZTTwN/SPMX09Msxbm81o8b+x71qvzUDB4uLSZMjmJ7hFHV5zVnv61QOaiS05CNfv+Wn IB7soNQBLQEgZa+3urUlQolj8po0YjuoeGblhbc18mGmQV9ENFRWt4x9XKI= X-Google-Smtp-Source: AGHT+IEejgnhlpG6ScCaB/neX7G1H7CK8xdd99LJfz6k+Y20r6m7csUWwq4o4w+3qBKI1IxsiMYzBgdNjrw6 X-Received: by 2002:a17:902:da90:b0:224:2175:b0cd with SMTP id d9443c01a7336-231b5eb8202mr22758705ad.26.1747297839086; Thu, 15 May 2025 01:30:39 -0700 (PDT) Received: from postal.iol.unh.edu (postal.iol.unh.edu. [132.177.123.84]) by smtp-relay.gmail.com with ESMTPS id d9443c01a7336-22fc5a27164sm7144465ad.38.2025.05.15.01.30.38 (version=TLS1_2 cipher=ECDHE-ECDSA-AES128-GCM-SHA256 bits=128/128); Thu, 15 May 2025 01:30:39 -0700 (PDT) X-Relaying-Domain: iol.unh.edu Date: Thu, 15 May 2025 01:30:39 -0700 (PDT) Message-ID: <6825a62f.170a0220.90bb4.b89dSMTPIN_ADDED_MISSING@mx.google.com> Received: from [172.21.0.5] (unknown [172.18.0.240]) by postal.iol.unh.edu (Postfix) with ESMTP id 815606052471; Thu, 15 May 2025 04:30:38 -0400 (EDT) Subject: |FAILURE| pw153427 [PATCH] [v2] build: automatically report minimum From: dpdklab@iol.unh.edu To: Test Report Cc: dpdk-test-reports@iol.unh.edu, Bruce Richardson In-Reply-To: <20250513085956.1670288-1-bruce.richardson@intel.com> References: <20250513085956.1670288-1-bruce.richardson@intel.com> Content-Type: text/plain X-BeenThere: test-report@dpdk.org X-Mailman-Version: 2.1.29 Precedence: list List-Id: automatic DPDK test reports List-Unsubscribe: , List-Archive: List-Post: List-Help: List-Subscribe: , Errors-To: test-report-bounces@dpdk.org Test-Label: iol-unit-arm64-testing Test-Status: FAILURE http://dpdk.org/patch/153427 _Testing issues RETEST #1_ Submitter: Bruce Richardson Date: Tuesday, May 13 2025 08:59:42 DPDK git baseline: Repo:dpdk Branch: master CommitID:2bf836de46d36a81f9321f947fbfce52b3180782 153427 --> testing issues Upstream job id: Generic-Unit-Test-DPDK#337886 Test environment and result as below: +-----------------------------+---------------------------+----------------+--------------+------------------------------+ | Environment | cryptodev_sw_zuc_autotest | dpdk_unit_test | lpm_autotest | cryptodev_sw_snow3g_autotest | +=============================+===========================+================+==============+==============================+ | Debian 12 (arm) | FAIL | PEND | SKIPPED | FAIL | +-----------------------------+---------------------------+----------------+--------------+------------------------------+ | Fedora 41 (ARM Clang) | SKIPPED | PEND | SKIPPED | SKIPPED | +-----------------------------+---------------------------+----------------+--------------+------------------------------+ | CentOS Stream 9 (ARM) | SKIPPED | PEND | SKIPPED | SKIPPED | +-----------------------------+---------------------------+----------------+--------------+------------------------------+ | Fedora 40 (ARM Clang) | SKIPPED | PEND | SKIPPED | SKIPPED | +-----------------------------+---------------------------+----------------+--------------+------------------------------+ | Fedora 40 (ARM) | SKIPPED | PEND | SKIPPED | SKIPPED | +-----------------------------+---------------------------+----------------+--------------+------------------------------+ | CentOS Stream 10 (ARM) | SKIPPED | PEND | SKIPPED | SKIPPED | +-----------------------------+---------------------------+----------------+--------------+------------------------------+ | Fedora 41 (ARM) | SKIPPED | PEND | SKIPPED | SKIPPED | +-----------------------------+---------------------------+----------------+--------------+------------------------------+ | Ubuntu 22.04 (ARM) | SKIPPED | PEND | SKIPPED | SKIPPED | +-----------------------------+---------------------------+----------------+--------------+------------------------------+ | Ubuntu 24.04 (ARM) | SKIPPED | PEND | SKIPPED | SKIPPED | +-----------------------------+---------------------------+----------------+--------------+------------------------------+ | RHEL9 (ARM) | SKIPPED | PEND | SKIPPED | SKIPPED | +-----------------------------+---------------------------+----------------+--------------+------------------------------+ | Ubuntu 20.04 (ARM) | SKIPPED | PEND | SKIPPED | SKIPPED | +-----------------------------+---------------------------+----------------+--------------+------------------------------+ | 32-bit Ubuntu 22.04.4 (ARM) | SKIPPED | PASS | SKIPPED | SKIPPED | +-----------------------------+---------------------------+----------------+--------------+------------------------------+ | Ubuntu 20.04 ARM SVE | SKIPPED | SKIPPED | PEND | SKIPPED | +-----------------------------+---------------------------+----------------+--------------+------------------------------+ ==== 20 line log output for Debian 12 (arm) (cryptodev_sw_snow3g_autotest): ==== [3665/3684] Compiling C object app/dpdk-test.p/test_test_tailq.c.o [3666/3684] Compiling C object app/dpdk-test.p/test_test_table_ports.c.o [3667/3684] Compiling C object app/dpdk-test.p/test_test_telemetry_data.c.o [3668/3684] Compiling C object app/dpdk-test.p/test_test_table_tables.c.o [3669/3684] Compiling C object app/dpdk-test.p/test_test_telemetry_json.c.o [3670/3684] Compiling C object app/dpdk-test.p/test_test_threads.c.o [3671/3684] Compiling C object app/dpdk-test.p/test_test_thash.c.o [3672/3684] Compiling C object app/dpdk-test.p/test_test_thash_perf.c.o [3673/3684] Compiling C object app/dpdk-test.p/test_test_ticketlock.c.o [3674/3684] Compiling C object app/dpdk-test.p/test_test_timer.c.o [3675/3684] Compiling C object app/dpdk-test.p/test_test_timer_perf.c.o [3676/3684] Compiling C object app/dpdk-test.p/test_test_timer_racecond.c.o [3677/3684] Compiling C object app/dpdk-test.p/test_test_timer_secondary.c.o [3678/3684] Compiling C object app/dpdk-test.p/test_test_trace.c.o [3679/3684] Compiling C object app/dpdk-test.p/test_test_trace_perf.c.o [3680/3684] Compiling C object app/dpdk-test.p/test_test_vdev.c.o [3681/3684] Compiling C object app/dpdk-test.p/test_test_version.c.o [3682/3684] Compiling C object app/dpdk-test.p/test_virtual_pmd.c.o [3683/3684] Compiling C object app/dpdk-test.p/test_test_trace_register.c.o [3684/3684] Linking target app/dpdk-test ==== End log output ==== Debian 12 (arm) Kernel: Depends on container host Compiler: gcc (Debian 12.2.0-14) 12.2.0 Fedora 41 (ARM Clang) Kernel: Depends on container host Compiler: clang 19.1.5 (Fedora 19.1.5-1.fc41) CentOS Stream 9 (ARM) Kernel: Depends on container host Compiler: gcc 11.5.0 20240719 (Red Hat 11.5.0-2) Fedora 40 (ARM Clang) Kernel: Depends on container host Compiler: clang 18.1.8 (Fedora 18.1.8-1.fc40) Fedora 40 (ARM) Kernel: Depends on container host Compiler: gcc 14.2.1 20240912 (Red Hat 14.2.1-3) CentOS Stream 10 (ARM) Kernel: Depends on container host Compiler: gcc 14.2.1 20241104 (Red Hat 14.2.1-6) Fedora 41 (ARM) Kernel: Depends on container host Compiler: gcc 14.2.1 20240912 (Red Hat 14.2.1-3) Ubuntu 22.04 (ARM) Kernel: Depends on container host Compiler: gcc (Ubuntu 11.4.0-1ubuntu1~22.04) 11.4.0 Ubuntu 24.04 (ARM) Kernel: Depends on container host Compiler: gcc (Ubuntu 13.3.0-6ubuntu2~24.04) 13.3.0 RHEL9 (ARM) Kernel: Depends on container host Compiler: gcc 11.5.0 20240719 (Red Hat 11.5.0-2) Ubuntu 20.04 (ARM) Kernel: Depends on container host Compiler: gcc (Ubuntu 9.4.0-1ubuntu1~20.04.2) 9.4.0 32-bit Ubuntu 22.04.4 (ARM) Kernel: 5.15.83+ aarch64 Compiler: gcc (Ubuntu 11.4.0-1ubuntu1~22.04) 11.4.0 Ubuntu 20.04 ARM SVE Kernel: Depends on container host Compiler: gcc (Ubuntu 10.5.0-1ubuntu1~20.04) 10.5.0 To view detailed results, visit: https://lab.dpdk.org/results/dashboard/patchsets/33162/ UNH-IOL DPDK Community Lab To manage your email subscriptions, visit: https://lab.dpdk.org/results/dashboard/preferences/subscriptions/