From mboxrd@z Thu Jan 1 00:00:00 1970 Return-Path: Received: from mails.dpdk.org (mails.dpdk.org [217.70.189.124]) by inbox.dpdk.org (Postfix) with ESMTP id C5E7C46754 for ; Thu, 15 May 2025 11:11:18 +0200 (CEST) Received: from mails.dpdk.org (localhost [127.0.0.1]) by mails.dpdk.org (Postfix) with ESMTP id A554F40B97; Thu, 15 May 2025 11:11:18 +0200 (CEST) Received: from mail-pf1-f228.google.com (mail-pf1-f228.google.com [209.85.210.228]) by mails.dpdk.org (Postfix) with ESMTP id 10434402C2 for ; Thu, 15 May 2025 11:11:17 +0200 (CEST) Received: by mail-pf1-f228.google.com with SMTP id d2e1a72fcca58-74251cb4a05so1013830b3a.3 for ; Thu, 15 May 2025 02:11:16 -0700 (PDT) DKIM-Signature: v=1; a=rsa-sha256; c=relaxed/relaxed; d=iol.unh.edu; s=unh-iol; t=1747300276; x=1747905076; darn=dpdk.org; h=references:in-reply-to:cc:to:from:subject:message-id:date:from:to :cc:subject:date:message-id:reply-to; bh=KEs9Q5uZZSbiRn3J8+ttHBhrvY5or4kbeNnuGv50BxQ=; b=JFtlGfs60Aj2LUhUccwLBnfaR7vzV8xrMVk5TrmSNGCNV5yR3V1B2zdajQrErxDtoN NDJiRNpjTdMdK53oe7auCOHYUE2X3GMD6fHi2/ytXHO54jVwc8VkENTsZ7dLOV12CIIO cBaHz34lAkC7Gy39EnId2F5LpaPnJBPzzLNso= X-Google-DKIM-Signature: v=1; a=rsa-sha256; c=relaxed/relaxed; d=1e100.net; s=20230601; t=1747300276; x=1747905076; h=references:in-reply-to:cc:to:from:subject:message-id:date :x-gm-message-state:from:to:cc:subject:date:message-id:reply-to; bh=KEs9Q5uZZSbiRn3J8+ttHBhrvY5or4kbeNnuGv50BxQ=; b=koNjRNS4vUUOQJwc0SL1AyaLGfOlToPsQhvatd7AfdbFs8GBBPyuOdjlcLF+GzeQcu Qe7FU7PfAgnP0HEooz1wSTOnzmtJgk4iiIvjzg8dadA7LFq3KXD3MjBdAyyUO+dJ5LE1 OqOor/xkTPuT211/SeoIuniQ3VcRaJQKtayvy6EQ882TP9z1ZA/ypU7cu4y6vEWzRHw8 1if5DYSePtJUk3iNEYu+p0osJT01P0mxgdITonPUj9VnQG0Yh50WE8/ZgJoL6MNxF1rq 9reGd3xqsGiYxhp2Q0BC6NvMw/vcIZNdRLvRp6W92QsjS5F7ImRLQeuzGAUxLamuEwyT bOiw== X-Gm-Message-State: AOJu0Yw9xFEnYyB9c3gRmD4c0ZX4QE9ynppxzHbedvHhLQIcf7mOwmct BH4TtJ0AIGcIUrjRF/cJJziNmyuldXQZx/NmZTJ+ltlAD3XG8LzdfK8tFWq1AhEnhJw2l5za1Ma svm7hzvDDa3rprVbDYx3k5rBi8OSE38uXFWWm8nh/x2jHCCU68cQ0YE4R X-Gm-Gg: ASbGnctcNsGuneLJPuy+jNxJcmZB8Pm2u7wpA+/Wb3vG4IVjKpsrd9wn6rgL5PGNQMy o6078n3/2DrOs152JRF++AZkSXMN4JdIRK3t1t02G483SJ2paXGWx3tsBPu4EBSLmkUCoPs1jO6 s0kdE3+cZiw5Ulxon2GsZvvoCzBqoYsCvecu6XDdCaFnnZiyBb346oVLfV4OEqxfvq8DnjZbZJv XPmkQrawPTF3HACH8Q0HlHqPL6f+oSML9rUlh5kKuQueY8Zcfp7q3GjpTrHx/0qIQvrwOjf9dIz VEEPZQAdiZBmG6JzgwhBhJn/ebdz3tdVVEUl X-Google-Smtp-Source: AGHT+IEmEUPPufPdREnFcrKucHCCJAc23wMv+KvaxSGPzaI2qYGTWQDzSw7Ppwc/lBnWzNgFLgMC+AWsVtSf X-Received: by 2002:a17:903:1b4b:b0:224:10a2:cad5 with SMTP id d9443c01a7336-231980bbcf9mr115554655ad.10.1747300275941; Thu, 15 May 2025 02:11:15 -0700 (PDT) Received: from postal.iol.unh.edu (postal.iol.unh.edu. [2606:4100:3880:1234::84]) by smtp-relay.gmail.com with ESMTPS id d9443c01a7336-22fc5a4ef76sm8452215ad.65.2025.05.15.02.11.15 (version=TLS1_2 cipher=ECDHE-ECDSA-AES128-GCM-SHA256 bits=128/128); Thu, 15 May 2025 02:11:15 -0700 (PDT) X-Relaying-Domain: iol.unh.edu Date: Thu, 15 May 2025 02:11:15 -0700 (PDT) Message-ID: <6825afb3.170a0220.2df642.ce04SMTPIN_ADDED_MISSING@mx.google.com> Received: from [172.17.0.3] (unknown [172.18.0.76]) by postal.iol.unh.edu (Postfix) with ESMTP id 57A606052471; Thu, 15 May 2025 05:11:15 -0400 (EDT) Subject: |FAILURE| pw153427 [PATCH] [v2] build: automatically report minimum From: dpdklab@iol.unh.edu To: Test Report Cc: dpdk-test-reports@iol.unh.edu, Bruce Richardson In-Reply-To: <20250513085956.1670288-1-bruce.richardson@intel.com> References: <20250513085956.1670288-1-bruce.richardson@intel.com> Content-Type: text/plain X-BeenThere: test-report@dpdk.org X-Mailman-Version: 2.1.29 Precedence: list List-Id: automatic DPDK test reports List-Unsubscribe: , List-Archive: List-Post: List-Help: List-Subscribe: , Errors-To: test-report-bounces@dpdk.org Test-Label: iol-unit-amd64-testing Test-Status: FAILURE http://dpdk.org/patch/153427 _Testing issues RETEST #1_ Submitter: Bruce Richardson Date: Tuesday, May 13 2025 08:59:42 DPDK git baseline: Repo:dpdk Branch: master CommitID:2bf836de46d36a81f9321f947fbfce52b3180782 153427 --> testing issues Upstream job id: Generic-Unit-Test-DPDK#337895 Test environment and result as below: +---------------------+----------------+ | Environment | dpdk_unit_test | +=====================+================+ | CentOS Stream 10 | PEND | +---------------------+----------------+ | Fedora 41 | PEND | +---------------------+----------------+ | Debian 12 | PEND | +---------------------+----------------+ | Fedora 40 | PEND | +---------------------+----------------+ | CentOS Stream 9 | PASS | +---------------------+----------------+ | Fedora 41 (Clang) | PEND | +---------------------+----------------+ | Fedora 40 (Clang) | FAIL | +---------------------+----------------+ | RHEL8 | PEND | +---------------------+----------------+ | Ubuntu 22.04 | PEND | +---------------------+----------------+ | RHEL9 | PEND | +---------------------+----------------+ | Ubuntu 20.04 | PASS | +---------------------+----------------+ | Ubuntu 24.04 | PEND | +---------------------+----------------+ | Windows Server 2022 | PASS | +---------------------+----------------+ ==== Unit test summary for Fedora 40 (Clang) (dpdk_unit_test): ==== ninja: Entering directory `/root/workspace/Generic-Unit-Test-DPDK/dpdk/build' ninja: no work to do. Ok: 0 Expected Fail: 0 Fail: 0 Unexpected Pass: 0 Skipped: 0 Timeout: 0 Full log written to /root/workspace/Generic-Unit-Test-DPDK/dpdk/build/meson-logs/testlog.txt ==== End log output ==== CentOS Stream 10 Kernel: Depends on container host Compiler: gcc 14.2.1 20241104 (Red Hat 14.2.1-6) Fedora 41 Kernel: Depends on container host Compiler: gcc 14.2.1 20240912 (Red Hat 14.2.1-3) Debian 12 Kernel: Depends on container host Compiler: gcc (Debian 12.2.0-14) 12.2.0 Fedora 40 Kernel: Depends on container host Compiler: gcc 14.2.1 20240912 (Red Hat 14.2.1-3) CentOS Stream 9 Kernel: Depends on container host Compiler: gcc 11.5.0 20240719 (Red Hat 11.5.0-2) Fedora 41 (Clang) Kernel: Depends on container host Compiler: clang 19.1.5 (Fedora 19.1.5-1.fc41) Fedora 40 (Clang) Kernel: Depends on container host Compiler: clang 18.1.8 (Fedora 18.1.8-1.fc40) RHEL8 Kernel: Depends on container host Compiler: gcc 8.5.0 20210514 (Red Hat 8.5.0-22) Ubuntu 22.04 Kernel: Depends on container host Compiler: gcc (Ubuntu 11.4.0-1ubuntu1~22.04) 11.4.0 RHEL9 Kernel: Depends on container host Compiler: gcc 11.5.0 20240719 (Red Hat 11.5.0-2) Ubuntu 20.04 Kernel: Depends on container host Compiler: gcc (Ubuntu 9.4.0-1ubuntu1~20.04.2) 9.4.0 Ubuntu 24.04 Kernel: Depends on container host Compiler: gcc (Ubuntu 13.3.0-6ubuntu2~24.04) 13.3.0 Windows Server 2022 Kernel: 10.0.20348.2031 Compiler: clang 15.0.7, gcc 14.1.0 (MinGW), and MSVC VS 19.39.33521 To view detailed results, visit: https://lab.dpdk.org/results/dashboard/patchsets/33162/ UNH-IOL DPDK Community Lab To manage your email subscriptions, visit: https://lab.dpdk.org/results/dashboard/preferences/subscriptions/