From mboxrd@z Thu Jan 1 00:00:00 1970 Return-Path: Received: from mails.dpdk.org (mails.dpdk.org [217.70.189.124]) by inbox.dpdk.org (Postfix) with ESMTP id 8082046755 for ; Thu, 15 May 2025 15:15:44 +0200 (CEST) Received: from mails.dpdk.org (localhost [127.0.0.1]) by mails.dpdk.org (Postfix) with ESMTP id 7A21440E3E; Thu, 15 May 2025 15:15:44 +0200 (CEST) Received: from mail-pg1-f227.google.com (mail-pg1-f227.google.com [209.85.215.227]) by mails.dpdk.org (Postfix) with ESMTP id 2EDD6402DC for ; Thu, 15 May 2025 15:15:43 +0200 (CEST) Received: by mail-pg1-f227.google.com with SMTP id 41be03b00d2f7-af5085f7861so523705a12.3 for ; Thu, 15 May 2025 06:15:43 -0700 (PDT) DKIM-Signature: v=1; a=rsa-sha256; c=relaxed/relaxed; d=iol.unh.edu; s=unh-iol; t=1747314942; x=1747919742; darn=dpdk.org; h=references:in-reply-to:cc:to:from:subject:message-id:date:from:to :cc:subject:date:message-id:reply-to; bh=i/Psj5gPyXATfIZ0giAB8IgDKHtV0vEz5i0IMOLt310=; b=b0qoEBU9xK4xyuAgvdzcTciJ/3GIcDMw8OxaNJ4PigJC8MQVLIlPYFwUqK2u6L4Vkd IL046RDfBbMDbHyfhB67F4x/Ir1mDVGaDNzmWu2I4Zrv9EJoFECWVtjgoK0tIOckXT2s ltvcqRJ11KlyamFTMJU/P+L6ZnADcjujrPh5Y= X-Google-DKIM-Signature: v=1; a=rsa-sha256; c=relaxed/relaxed; d=1e100.net; s=20230601; t=1747314942; x=1747919742; h=references:in-reply-to:cc:to:from:subject:message-id:date :x-gm-message-state:from:to:cc:subject:date:message-id:reply-to; bh=i/Psj5gPyXATfIZ0giAB8IgDKHtV0vEz5i0IMOLt310=; b=esi5RL6Gub8asoHBDzVHgR57xm+6N9CvTKbNDWqvG5qMEJNVZlyBzpel0TVlrLG6QF XxyJB+DjW7AhpkjqW7R3tG/N+rU0CXsjrF50Nb7jzzdYE1aj35+9AHA3sCD01xJheqrt eg3rciqEgbK8ZEBgZ2u9AtYO+S99znpwQU8f5BRWWNnjSG+RO7XmaQoPXPH2/4NQUZnW td/jHle5GovC4x99LYIKtrl2e6fmqW8gkS5Oochrw1cyAVxaiV12AgciJMxOG+7uhWym /hmRWk+FvxZQknwqGIdoSUnYlh+xm04dQ41HcVqR2ETD7a27obJhsJsxKFktNpDbl2B2 BK0w== X-Gm-Message-State: AOJu0Yz2QGY3U56l/CCasDfeZfFKeHVSdv8tm3s37bxifgi3jGd8NqAu l48h2+Rsya3uX6zxXNy+rdQpD5T8x+PopSe1Dw7D438TGFj4gsaT4r6q/J5osOqM3BVKPrM11M9 94ZS+xMntkSJpwR6AY5qH6WVPu+qeUWndAUtvkQBUxQL1vNPx6WZMp1aV X-Gm-Gg: ASbGnct3tHvZDTzRhjmFDzrrKV3TCYZfQFFzEeCftD7wabYTgpcxhhvzVMa3Hro3Kap 1M+IWxYcqdQVN8BihHAkwv9ztP5UUWugVOh4BMeor69v/l0TKl2+6huRyR/w7lh7A3u/8lV034i Pr+TquUZa0g3xZ8yNPbW5jcZlm3UP4UiEcq5H7D4Qmx04n+KC8nCA9SYgH4DbZoOaGliKm91mqI Q1QnvkB0Lp3T4TlNEMFC4IdjLXMeBBED9iyWCeLztGK1pA4fDZFhWV0mMIE1OPEbDNSVpBbppzC f8SV5mo/XxxAedmJGIGarcZm7VzK/jNxO2yR X-Google-Smtp-Source: AGHT+IEx6Tghh58b4ln0OfS43rKXhED6bBF/ssFjLs/EmjM+1cbTGMKdbP96zR3Z3kVAu3BlBLPuOUMPoaki X-Received: by 2002:a17:90b:5443:b0:30a:5a9a:9fec with SMTP id 98e67ed59e1d1-30e515670damr4075271a91.7.1747314941831; Thu, 15 May 2025 06:15:41 -0700 (PDT) Received: from postal.iol.unh.edu (postal.iol.unh.edu. [2606:4100:3880:1234::84]) by smtp-relay.gmail.com with ESMTPS id 98e67ed59e1d1-30e33401da9sm310330a91.12.2025.05.15.06.15.41 (version=TLS1_2 cipher=ECDHE-ECDSA-AES128-GCM-SHA256 bits=128/128); Thu, 15 May 2025 06:15:41 -0700 (PDT) X-Relaying-Domain: iol.unh.edu Date: Thu, 15 May 2025 06:15:41 -0700 (PDT) Message-ID: <6825e8fd.170a0220.18a8b4.073dSMTPIN_ADDED_MISSING@mx.google.com> Received: from [172.21.0.6] (unknown [172.18.0.240]) by postal.iol.unh.edu (Postfix) with ESMTP id 0963E6052471; Thu, 15 May 2025 09:15:41 -0400 (EDT) Subject: |FAILURE| pw153448 [PATCH] vhost/crypto: fix uninitialized variable From: dpdklab@iol.unh.edu To: Test Report Cc: dpdk-test-reports@iol.unh.edu, Gowrishankar Muthukrishnan In-Reply-To: <20250515081004.1742-1-gmuthukrishn@marvell.com> References: <20250515081004.1742-1-gmuthukrishn@marvell.com> Content-Type: text/plain X-BeenThere: test-report@dpdk.org X-Mailman-Version: 2.1.29 Precedence: list List-Id: automatic DPDK test reports List-Unsubscribe: , List-Archive: List-Post: List-Help: List-Subscribe: , Errors-To: test-report-bounces@dpdk.org Test-Label: iol-unit-amd64-testing Test-Status: FAILURE http://dpdk.org/patch/153448 _Testing issues_ Submitter: Gowrishankar Muthukrishnan Date: Thursday, May 15 2025 08:10:01 DPDK git baseline: Repo:dpdk Branch: master CommitID:42417cbc1615f56fce1927b655bfe0d2f72c18aa 153448 --> testing issues Upstream job id: Generic-VM-Unit-Test-DPDK#28530 Test environment and result as below: +---------------------+----------------+ | Environment | dpdk_unit_test | +=====================+================+ | CentOS Stream 9 | PASS | +---------------------+----------------+ | Debian 12 | PASS | +---------------------+----------------+ | CentOS Stream 10 | PASS | +---------------------+----------------+ | Fedora 40 | PASS | +---------------------+----------------+ | Fedora 41 | FAIL | +---------------------+----------------+ | Fedora 40 (Clang) | PASS | +---------------------+----------------+ | RHEL9 | PASS | +---------------------+----------------+ | Ubuntu 20.04 | PASS | +---------------------+----------------+ | RHEL8 | PASS | +---------------------+----------------+ | Ubuntu 22.04 | PASS | +---------------------+----------------+ | Fedora 41 (Clang) | PASS | +---------------------+----------------+ | Ubuntu 24.04 | PASS | +---------------------+----------------+ | Windows Server 2022 | FAIL | +---------------------+----------------+ ==== Unit test summary for Windows Server 2022 (dpdk_unit_test): ==== Failed to get the unit test results. Displaying the unit test results is not supported for some environments, such as our aarch32 testing, where meson is not used to run the tests. Download the logs available on our CI site. ==== End log output ==== CentOS Stream 9 Kernel: Depends on container host Compiler: gcc 11.5.0 20240719 (Red Hat 11.5.0-2) Debian 12 Kernel: Depends on container host Compiler: gcc (Debian 12.2.0-14) 12.2.0 CentOS Stream 10 Kernel: Depends on container host Compiler: gcc 14.2.1 20241104 (Red Hat 14.2.1-6) Fedora 40 Kernel: Depends on container host Compiler: gcc 14.2.1 20240912 (Red Hat 14.2.1-3) Fedora 41 Kernel: Depends on container host Compiler: gcc 14.2.1 20240912 (Red Hat 14.2.1-3) Fedora 40 (Clang) Kernel: Depends on container host Compiler: clang 18.1.8 (Fedora 18.1.8-1.fc40) RHEL9 Kernel: Depends on container host Compiler: gcc 11.5.0 20240719 (Red Hat 11.5.0-2) Ubuntu 20.04 Kernel: Depends on container host Compiler: gcc (Ubuntu 9.4.0-1ubuntu1~20.04.2) 9.4.0 RHEL8 Kernel: Depends on container host Compiler: gcc 8.5.0 20210514 (Red Hat 8.5.0-22) Ubuntu 22.04 Kernel: Depends on container host Compiler: gcc (Ubuntu 11.4.0-1ubuntu1~22.04) 11.4.0 Fedora 41 (Clang) Kernel: Depends on container host Compiler: clang 19.1.5 (Fedora 19.1.5-1.fc41) Ubuntu 24.04 Kernel: Depends on container host Compiler: gcc (Ubuntu 13.3.0-6ubuntu2~24.04) 13.3.0 Windows Server 2022 Kernel: 10.0.20348.2031 Compiler: clang 15.0.7, gcc 14.1.0 (MinGW), and MSVC VS 19.39.33521 To view detailed results, visit: https://lab.dpdk.org/results/dashboard/patchsets/33179/ UNH-IOL DPDK Community Lab To manage your email subscriptions, visit: https://lab.dpdk.org/results/dashboard/preferences/subscriptions/