From mboxrd@z Thu Jan 1 00:00:00 1970 Return-Path: Received: from mails.dpdk.org (mails.dpdk.org [217.70.189.124]) by inbox.dpdk.org (Postfix) with ESMTP id BC1E94675D for ; Fri, 16 May 2025 07:31:41 +0200 (CEST) Received: from mails.dpdk.org (localhost [127.0.0.1]) by mails.dpdk.org (Postfix) with ESMTP id B7F70400EF; Fri, 16 May 2025 07:31:41 +0200 (CEST) Received: from mail-pl1-f225.google.com (mail-pl1-f225.google.com [209.85.214.225]) by mails.dpdk.org (Postfix) with ESMTP id D294540041 for ; Fri, 16 May 2025 07:31:40 +0200 (CEST) Received: by mail-pl1-f225.google.com with SMTP id d9443c01a7336-22fa414c565so16411955ad.2 for ; Thu, 15 May 2025 22:31:40 -0700 (PDT) DKIM-Signature: v=1; a=rsa-sha256; c=relaxed/relaxed; d=iol.unh.edu; s=unh-iol; t=1747373500; x=1747978300; darn=dpdk.org; h=cc:to:from:subject:message-id:date:from:to:cc:subject:date :message-id:reply-to; bh=D01I9nfqDMvZ/b2YPZQti6R9xbudMSr3xLO7SA2tLu8=; b=gkHKP8MbPLvXs4rqTYsNy+a1ZeOnlp+921wCdy7YVQHwew4QMIfTCvWsaovS5T30dm /4eCONdAL5ifVVO/IYPUp47hlgcKKd5g9w4kNau39/HwLdqnmhEA9s+/337x45ar5X/l mDydfTOjH7/mzCB6cYytN0CwjVUanaiChQNDM= X-Google-DKIM-Signature: v=1; a=rsa-sha256; c=relaxed/relaxed; d=1e100.net; s=20230601; t=1747373500; x=1747978300; h=cc:to:from:subject:message-id:date:x-gm-message-state:from:to:cc :subject:date:message-id:reply-to; bh=D01I9nfqDMvZ/b2YPZQti6R9xbudMSr3xLO7SA2tLu8=; b=lh2K1uFG7GoZKS7Ivfd6lW39MGn1mVQ/9NbWX5WKI+sv3SyvRlQgckVs8ri5N4TAVF I+ONgWOJzWyh1kWD5Lg5tX9nUe6GadWCm+2PaVtw2aNMKC6fv2B6DS2RiNn25uNT42tj DAIOVZZaHld1ueCHjCTT1V91ITEOuwgUfyt6vYi8OhUWFME3Z2oOVfS2eNUVaCVW1Hdg m+pkh0dyt2Jm2MNr8XOnMqXA3gaNwEd7ulMlQ75dzvsEpMgg2LXvCfGX2z6uI6Igpl7H J2jfY8UjdFEmEG/35D06rxUdXtvHEVyDPdRcrlYQtqxTORU/bOEtjgErvI+AY7/Ebzh9 hq9Q== X-Gm-Message-State: AOJu0Yz4VbwQ9xXIPSOfZ19lzviPxbTwIS2lOHEWH3PfowfqytWwd0Rc lZKmTINKfXJqGB+cMr4J5pRDIjSO8jR/1YAOX4ZwCqNTBIZgtYJNtiFVbO3MuPoVjTH+Tfcth/P p3fMBGgXUKhgRWc0YM3BDe/mUftrHNqdqfKiJ X-Gm-Gg: ASbGncscK8R5SeQzXF4A4gzm5zsUKTpQo0qPum1TlDPecg/Qu9DHcf+rbPwIAp34xH6 7gYQqD6zhvNPFCwtlJDxrrGnPehx7is/12kZUCX8WzdWkQxAMvR8TOFq7gDgZHeShwESlMapcBv GyVGBw2gjHnU5yHD8VuEJ7bnomDWOW+W8RUgYzOymZG2AptchoKskjGzT3+fCGZziRlzX27ZCAj VaQP85NRya54EfBlKAF7o1yVKS379e9omsMeIkKHNq3E5llTL3VCfsAl3PyqP0YF2pTT40NSBF8 zSnmyc5cnbTacCfRWjdEwYDldrnFths4M0FUQe6IrgxEyub6+OWhZJHXV9M= X-Google-Smtp-Source: AGHT+IHcfgA/9tzP6Jj7qCWNPBi6BVNr2f795IIyzoHwpIUV4wh/h5Oo9Tknqn+px9pe2ylzYzSRIAQglwwR X-Received: by 2002:a17:903:b8f:b0:215:8d49:e2a7 with SMTP id d9443c01a7336-231de37f1d8mr13274575ad.50.1747373499841; Thu, 15 May 2025 22:31:39 -0700 (PDT) Received: from postal.iol.unh.edu (postal.iol.unh.edu. [132.177.123.84]) by smtp-relay.gmail.com with ESMTPS id d9443c01a7336-231d4aa7062sm665555ad.25.2025.05.15.22.31.39 (version=TLS1_2 cipher=ECDHE-ECDSA-AES128-GCM-SHA256 bits=128/128); Thu, 15 May 2025 22:31:39 -0700 (PDT) X-Relaying-Domain: iol.unh.edu Date: Thu, 15 May 2025 22:31:39 -0700 (PDT) Message-ID: <6826cdbb.170a0220.630df.3669SMTPIN_ADDED_MISSING@mx.google.com> Received: from [172.21.0.6] (unknown [172.18.0.240]) by postal.iol.unh.edu (Postfix) with ESMTP id F2EF76052471; Fri, 16 May 2025 01:31:08 -0400 (EDT) Subject: |WARNING| [GIT MASTER] 4401486b5e30d43a134f80f9802f60b5f43e74a8 From: dpdklab@iol.unh.edu To: Test Report Cc: dpdk-test-reports@iol.unh.edu, Xueming Li , Christian Ehrhardt , Kevin Traynor , Luca Boccassi Content-Type: text/plain X-BeenThere: test-report@dpdk.org X-Mailman-Version: 2.1.29 Precedence: list List-Id: automatic DPDK test reports List-Unsubscribe: , List-Archive: List-Post: List-Help: List-Subscribe: , Errors-To: test-report-bounces@dpdk.org _Testing issues_ Branch: tags/v22.11 4401486b5e30d43a134f80f9802f60b5f43e74a8 --> testing issues Upstream job id: Generic-DPDK-Compile-ABI#126595 Test environment and result as below: +-------------------+----------+ | Environment | abi_test | +===================+==========+ | CentOS Stream 9 | FAIL | +-------------------+----------+ | Debian 12 | FAIL | +-------------------+----------+ | CentOS Stream 10 | PEND | +-------------------+----------+ | Fedora 40 (Clang) | PASS | +-------------------+----------+ | Fedora 41 (Clang) | FAIL | +-------------------+----------+ | Fedora 41 | PEND | +-------------------+----------+ | Fedora 40 | PEND | +-------------------+----------+ | openSUSE Leap 15 | PEND | +-------------------+----------+ | Ubuntu 24.04 | PEND | +-------------------+----------+ | RHEL8 | PEND | +-------------------+----------+ | RHEL9 | PEND | +-------------------+----------+ | Ubuntu 22.04 | PEND | +-------------------+----------+ ==== 20 line log output for Fedora 41 (Clang) (abi_test): ==== './librte_regex_cn9k.so.23.0' -> 'dpdk/pmds-23.0/librte_regex_cn9k.so.23.0' './librte_regex_mlx5.so' -> 'dpdk/pmds-23.0/librte_regex_mlx5.so' './librte_regex_mlx5.so.23' -> 'dpdk/pmds-23.0/librte_regex_mlx5.so.23' './librte_regex_mlx5.so.23.0' -> 'dpdk/pmds-23.0/librte_regex_mlx5.so.23.0' './librte_vdpa_ifc.so' -> 'dpdk/pmds-23.0/librte_vdpa_ifc.so' './librte_vdpa_ifc.so.23' -> 'dpdk/pmds-23.0/librte_vdpa_ifc.so.23' './librte_vdpa_ifc.so.23.0' -> 'dpdk/pmds-23.0/librte_vdpa_ifc.so.23.0' './librte_vdpa_mlx5.so' -> 'dpdk/pmds-23.0/librte_vdpa_mlx5.so' './librte_vdpa_mlx5.so.23' -> 'dpdk/pmds-23.0/librte_vdpa_mlx5.so.23' './librte_vdpa_mlx5.so.23.0' -> 'dpdk/pmds-23.0/librte_vdpa_mlx5.so.23.0' './librte_vdpa_sfc.so' -> 'dpdk/pmds-23.0/librte_vdpa_sfc.so' './librte_vdpa_sfc.so.23' -> 'dpdk/pmds-23.0/librte_vdpa_sfc.so.23' './librte_vdpa_sfc.so.23.0' -> 'dpdk/pmds-23.0/librte_vdpa_sfc.so.23.0' Installing /root/workspace/Generic-DPDK-Compile-ABI@3/dpdk/usertools/dpdk-hugepages.py to /root/workspace/Generic-DPDK-Compile-ABI@3/build_install/usr/local/bin Installing /root/workspace/Generic-DPDK-Compile-ABI@3/dpdk/build/rte_build_config.h to /root/workspace/Generic-DPDK-Compile-ABI@3/build_install/usr/local/include Installing /root/workspace/Generic-DPDK-Compile-ABI@3/dpdk/build/meson-private/libdpdk-libs.pc to /root/workspace/Generic-DPDK-Compile-ABI@3/build_install/usr/local/lib64/pkgconfig Installing /root/workspace/Generic-DPDK-Compile-ABI@3/dpdk/build/meson-private/libdpdk.pc to /root/workspace/Generic-DPDK-Compile-ABI@3/build_install/usr/local/lib64/pkgconfig Running custom install script '/bin/sh /root/workspace/Generic-DPDK-Compile-ABI@3/dpdk/config/../buildtools/symlink-drivers-solibs.sh lib64 dpdk/pmds-23.0' ==== Compiled DPDK with debugoptimized bash: /scripts/generate_abi.sh: No such file or directory ==== End log output ==== CentOS Stream 9 Kernel: Depends on container host Compiler: gcc 11.5.0 20240719 (Red Hat 11.5.0-2) Debian 12 Kernel: Depends on container host Compiler: gcc (Debian 12.2.0-14) 12.2.0 CentOS Stream 10 Kernel: Depends on container host Compiler: gcc 14.2.1 20241104 (Red Hat 14.2.1-6) Fedora 40 (Clang) Kernel: Depends on container host Compiler: clang 18.1.8 (Fedora 18.1.8-1.fc40) Fedora 41 (Clang) Kernel: Depends on container host Compiler: clang 19.1.5 (Fedora 19.1.5-1.fc41) Fedora 41 Kernel: Depends on container host Compiler: gcc 14.2.1 20240912 (Red Hat 14.2.1-3) Fedora 40 Kernel: Depends on container host Compiler: gcc 14.2.1 20240912 (Red Hat 14.2.1-3) openSUSE Leap 15 Kernel: Depends on container host Compiler: gcc (SUSE Linux) 7.5.0 Ubuntu 24.04 Kernel: Depends on container host Compiler: gcc (Ubuntu 13.3.0-6ubuntu2~24.04) 13.3.0 RHEL8 Kernel: Depends on container host Compiler: gcc 8.5.0 20210514 (Red Hat 8.5.0-22) RHEL9 Kernel: Depends on container host Compiler: gcc 11.5.0 20240719 (Red Hat 11.5.0-2) Ubuntu 22.04 Kernel: Depends on container host Compiler: gcc (Ubuntu 11.4.0-1ubuntu1~22.04) 11.4.0 To view detailed results, visit: https://lab.dpdk.org/results/dashboard/tarballs/33550/ UNH-IOL DPDK Community Lab To manage your email subscriptions, visit: https://lab.dpdk.org/results/dashboard/preferences/subscriptions/