From mboxrd@z Thu Jan 1 00:00:00 1970 Return-Path: Received: from mails.dpdk.org (mails.dpdk.org [217.70.189.124]) by inbox.dpdk.org (Postfix) with ESMTP id 6A44F4675D for ; Fri, 16 May 2025 07:36:39 +0200 (CEST) Received: from mails.dpdk.org (localhost [127.0.0.1]) by mails.dpdk.org (Postfix) with ESMTP id 43301400EF; Fri, 16 May 2025 07:36:39 +0200 (CEST) Received: from mail-io1-f97.google.com (mail-io1-f97.google.com [209.85.166.97]) by mails.dpdk.org (Postfix) with ESMTP id CD8F540041 for ; Fri, 16 May 2025 07:36:37 +0200 (CEST) Received: by mail-io1-f97.google.com with SMTP id ca18e2360f4ac-8644aa73dfcso50002839f.0 for ; Thu, 15 May 2025 22:36:37 -0700 (PDT) DKIM-Signature: v=1; a=rsa-sha256; c=relaxed/relaxed; d=iol.unh.edu; s=unh-iol; t=1747373797; x=1747978597; darn=dpdk.org; h=cc:to:from:subject:message-id:date:from:to:cc:subject:date :message-id:reply-to; bh=fFPFuWM9MRnHQchDfbVXTHMAZPSEaUwLnYvc43c9a3E=; b=ht4lGnRANPSgoituj04T8anetjfu/n9Q/rr7X9sbE0WFs8UIiia64UcsjIEK4EMh1c TbxhPhoKVJvulF6i+CkKrKGR7sc8lnGbY2Qj9P6yp8Blbj1oUe6YqDpdEGS1l0ypn6kc i+c5tYVHAwa7IoN2LzKanWdS8l3vl931qGPFU= X-Google-DKIM-Signature: v=1; a=rsa-sha256; c=relaxed/relaxed; d=1e100.net; s=20230601; t=1747373797; x=1747978597; h=cc:to:from:subject:message-id:date:x-gm-message-state:from:to:cc :subject:date:message-id:reply-to; bh=fFPFuWM9MRnHQchDfbVXTHMAZPSEaUwLnYvc43c9a3E=; b=BI5DPFbQf3FGzuTqgZUgvyfWrWAVMmCqcpluHiM+YL09GXxamM3TzvPdOy7s+XomgT u8i4yuZrqozcgIREz+SheVEelK6kHm+T10mkaBx0v+p/CDyrih64onM0RfM1kS5DX8bS Sdbzdl8krMLkBxalfTk5BNtxknALw4lc/56eRlXg7DsZUxqQWK0/Br/O1MkNjPg6BK9K 6mjUPH+fCmqR3aUOjTIqednrexz1H5/JD+KiB4qjoclVbIB1f8eTX35ir6nqEFNGoCK8 wF4V1b6x1o2WCpy5aj1WbM9KsoNsE8tUm8mYPL4sL3wdJArkargIuEfCJqTolSNih0n0 T3nw== X-Gm-Message-State: AOJu0YxZKXnf9ypPhD1DOyfVp+5Zq+aSnzBei4GygdXKIxCgl7Wtrnh4 FzrAYd6g6xwDwYA97TxSvXBIBDlnFIxLnnXxSrJR3mYJgQdZKTrT8btUAc89639wlDpd2WY232R 5e+ZVxw4gSj+9e+4D7otcGJrplv7TYJANoCg+ X-Gm-Gg: ASbGnctCHZrKD76j6C9PT43wxHWJQ1n4DTAjbCcZj/kCxEDhDCogI9/WhoPWKeoe2v0 hfegbKxRu1rsMn3FQ6IFlocsuckaGqUXw5Uiz2nq+c0FLkdD8VWgNSC0wYIDfYWMegy61qqIRPZ IIWvC3hdjIjLc3LjqVgO++MLGeFOcM9k01tfhNezVAnyMY3fRyazo1WLxf+bX3ad0MYMKhS2QWP 9HgDQUWBjhDYujUNRESeQeGDobLWEvWFkmZj88cg/53WFr12LU7kr7eI+iCk1CBwkSjcWp0tCUo 1xGZgLQVZhd8MAcFsf17HtXbqcRirINquu+heO3M+s4u2ZVtWfDOa7YL+b0= X-Google-Smtp-Source: AGHT+IGbfSMk86yqlf/QuV1KR/Z9PXy5QQXHyfdfKT8wYJOBCCWlCvoCZveASQV8JQg340mhnAsRNPqucXA0 X-Received: by 2002:a05:6602:751c:b0:85b:3f8e:f186 with SMTP id ca18e2360f4ac-86a231afb14mr341796139f.6.1747373796998; Thu, 15 May 2025 22:36:36 -0700 (PDT) Received: from postal.iol.unh.edu (postal.iol.unh.edu. [132.177.123.84]) by smtp-relay.gmail.com with ESMTPS id ca18e2360f4ac-86a2365a42fsm5927839f.17.2025.05.15.22.36.36 (version=TLS1_2 cipher=ECDHE-ECDSA-AES128-GCM-SHA256 bits=128/128); Thu, 15 May 2025 22:36:36 -0700 (PDT) X-Relaying-Domain: iol.unh.edu Date: Thu, 15 May 2025 22:36:36 -0700 (PDT) Message-ID: <6826cee4.050a0220.177ff9.2d34SMTPIN_ADDED_MISSING@mx.google.com> Received: from [172.21.0.6] (unknown [172.18.0.240]) by postal.iol.unh.edu (Postfix) with ESMTP id 62B346052471; Fri, 16 May 2025 01:36:36 -0400 (EDT) Subject: |WARNING| [GIT MASTER] 4401486b5e30d43a134f80f9802f60b5f43e74a8 From: dpdklab@iol.unh.edu To: Test Report Cc: dpdk-test-reports@iol.unh.edu, Xueming Li , Christian Ehrhardt , Kevin Traynor , Luca Boccassi Content-Type: text/plain X-BeenThere: test-report@dpdk.org X-Mailman-Version: 2.1.29 Precedence: list List-Id: automatic DPDK test reports List-Unsubscribe: , List-Archive: List-Post: List-Help: List-Subscribe: , Errors-To: test-report-bounces@dpdk.org _Testing issues_ Branch: tags/v22.11 4401486b5e30d43a134f80f9802f60b5f43e74a8 --> testing issues Upstream job id: Generic-DPDK-Compile-ABI#126594 Test environment and result as below: +-------------------+----------+ | Environment | abi_test | +===================+==========+ | CentOS Stream 9 | FAIL | +-------------------+----------+ | Debian 12 | FAIL | +-------------------+----------+ | CentOS Stream 10 | FAIL | +-------------------+----------+ | Fedora 40 (Clang) | PASS | +-------------------+----------+ | Fedora 41 (Clang) | FAIL | +-------------------+----------+ | Fedora 41 | PEND | +-------------------+----------+ | Fedora 40 | PEND | +-------------------+----------+ | openSUSE Leap 15 | PEND | +-------------------+----------+ | Ubuntu 24.04 | PEND | +-------------------+----------+ | RHEL8 | PEND | +-------------------+----------+ | RHEL9 | PEND | +-------------------+----------+ | Ubuntu 22.04 | PEND | +-------------------+----------+ ==== 20 line log output for Fedora 41 (Clang) (abi_test): ==== './librte_regex_cn9k.so.23.0' -> 'dpdk/pmds-23.0/librte_regex_cn9k.so.23.0' './librte_regex_mlx5.so' -> 'dpdk/pmds-23.0/librte_regex_mlx5.so' './librte_regex_mlx5.so.23' -> 'dpdk/pmds-23.0/librte_regex_mlx5.so.23' './librte_regex_mlx5.so.23.0' -> 'dpdk/pmds-23.0/librte_regex_mlx5.so.23.0' './librte_vdpa_ifc.so' -> 'dpdk/pmds-23.0/librte_vdpa_ifc.so' './librte_vdpa_ifc.so.23' -> 'dpdk/pmds-23.0/librte_vdpa_ifc.so.23' './librte_vdpa_ifc.so.23.0' -> 'dpdk/pmds-23.0/librte_vdpa_ifc.so.23.0' './librte_vdpa_mlx5.so' -> 'dpdk/pmds-23.0/librte_vdpa_mlx5.so' './librte_vdpa_mlx5.so.23' -> 'dpdk/pmds-23.0/librte_vdpa_mlx5.so.23' './librte_vdpa_mlx5.so.23.0' -> 'dpdk/pmds-23.0/librte_vdpa_mlx5.so.23.0' './librte_vdpa_sfc.so' -> 'dpdk/pmds-23.0/librte_vdpa_sfc.so' './librte_vdpa_sfc.so.23' -> 'dpdk/pmds-23.0/librte_vdpa_sfc.so.23' './librte_vdpa_sfc.so.23.0' -> 'dpdk/pmds-23.0/librte_vdpa_sfc.so.23.0' Installing /root/workspace/Generic-DPDK-Compile-ABI@3/dpdk/usertools/dpdk-hugepages.py to /root/workspace/Generic-DPDK-Compile-ABI@3/build_install/usr/local/bin Installing /root/workspace/Generic-DPDK-Compile-ABI@3/dpdk/build/rte_build_config.h to /root/workspace/Generic-DPDK-Compile-ABI@3/build_install/usr/local/include Installing /root/workspace/Generic-DPDK-Compile-ABI@3/dpdk/build/meson-private/libdpdk-libs.pc to /root/workspace/Generic-DPDK-Compile-ABI@3/build_install/usr/local/lib64/pkgconfig Installing /root/workspace/Generic-DPDK-Compile-ABI@3/dpdk/build/meson-private/libdpdk.pc to /root/workspace/Generic-DPDK-Compile-ABI@3/build_install/usr/local/lib64/pkgconfig Running custom install script '/bin/sh /root/workspace/Generic-DPDK-Compile-ABI@3/dpdk/config/../buildtools/symlink-drivers-solibs.sh lib64 dpdk/pmds-23.0' ==== Compiled DPDK with debugoptimized bash: /scripts/generate_abi.sh: No such file or directory ==== End log output ==== CentOS Stream 9 Kernel: Depends on container host Compiler: gcc 11.5.0 20240719 (Red Hat 11.5.0-2) Debian 12 Kernel: Depends on container host Compiler: gcc (Debian 12.2.0-14) 12.2.0 CentOS Stream 10 Kernel: Depends on container host Compiler: gcc 14.2.1 20241104 (Red Hat 14.2.1-6) Fedora 40 (Clang) Kernel: Depends on container host Compiler: clang 18.1.8 (Fedora 18.1.8-1.fc40) Fedora 41 (Clang) Kernel: Depends on container host Compiler: clang 19.1.5 (Fedora 19.1.5-1.fc41) Fedora 41 Kernel: Depends on container host Compiler: gcc 14.2.1 20240912 (Red Hat 14.2.1-3) Fedora 40 Kernel: Depends on container host Compiler: gcc 14.2.1 20240912 (Red Hat 14.2.1-3) openSUSE Leap 15 Kernel: Depends on container host Compiler: gcc (SUSE Linux) 7.5.0 Ubuntu 24.04 Kernel: Depends on container host Compiler: gcc (Ubuntu 13.3.0-6ubuntu2~24.04) 13.3.0 RHEL8 Kernel: Depends on container host Compiler: gcc 8.5.0 20210514 (Red Hat 8.5.0-22) RHEL9 Kernel: Depends on container host Compiler: gcc 11.5.0 20240719 (Red Hat 11.5.0-2) Ubuntu 22.04 Kernel: Depends on container host Compiler: gcc (Ubuntu 11.4.0-1ubuntu1~22.04) 11.4.0 To view detailed results, visit: https://lab.dpdk.org/results/dashboard/tarballs/33550/ UNH-IOL DPDK Community Lab To manage your email subscriptions, visit: https://lab.dpdk.org/results/dashboard/preferences/subscriptions/