From mboxrd@z Thu Jan 1 00:00:00 1970 Return-Path: Received: from mails.dpdk.org (mails.dpdk.org [217.70.189.124]) by inbox.dpdk.org (Postfix) with ESMTP id B381346760 for ; Fri, 16 May 2025 08:24:25 +0200 (CEST) Received: from mails.dpdk.org (localhost [127.0.0.1]) by mails.dpdk.org (Postfix) with ESMTP id B82EE400EF; Fri, 16 May 2025 08:24:24 +0200 (CEST) Received: from mail-yw1-f227.google.com (mail-yw1-f227.google.com [209.85.128.227]) by mails.dpdk.org (Postfix) with ESMTP id 0602240041 for ; Fri, 16 May 2025 08:24:23 +0200 (CEST) Received: by mail-yw1-f227.google.com with SMTP id 00721157ae682-70a57a8ffc3so18270157b3.0 for ; Thu, 15 May 2025 23:24:23 -0700 (PDT) DKIM-Signature: v=1; a=rsa-sha256; c=relaxed/relaxed; d=iol.unh.edu; s=unh-iol; t=1747376663; x=1747981463; darn=dpdk.org; h=cc:to:from:subject:message-id:date:from:to:cc:subject:date :message-id:reply-to; bh=lCpw78gPC2JPKfZOmAN/3yhwA9CHLfdWxY9vgAN5ITs=; b=X9YNtuDMUPmn3CKXCWyP4cVQ9Z9JXzUW4ggrgF/yWG04hCLuFJnYF++4h9HU+oW/ml yMgnEn+5fTX1IXdbW5biYBQhj2F6QtKSv0JafHSsRtC9AhrtJbUV7UjBwe30uifEA13q +Wzd0XaX9550X4UxDnrc10tvxBMPXgcptBJig= X-Google-DKIM-Signature: v=1; a=rsa-sha256; c=relaxed/relaxed; d=1e100.net; s=20230601; t=1747376663; x=1747981463; h=cc:to:from:subject:message-id:date:x-gm-message-state:from:to:cc :subject:date:message-id:reply-to; bh=lCpw78gPC2JPKfZOmAN/3yhwA9CHLfdWxY9vgAN5ITs=; b=USzGih46JIHR+JuMckkt2+B5ZXs4vCeoABjq5GVKeTSNetUZcaPwxLb2psJV1sgbBa WbiikNdMebHmnTHTEtntbC23LqA9g0Lhv2DXUy6HZvorHArVrz5xHni+GptV4fL3MGsS S/DBuTD/Y85uPoDwqjgI4LzQbrq4oJqzs/QpsM9CL6YkksrOsVaSh6JUFzT6otk1MP0r ui8U6WeXcDiLsL6MtthWm54Vg6+kXCSuNmRGcLmRJKPTRL5BSwn9oZZc+wlso1L235bz taJcDZJoquAK71mfcQSV3ML6AEZBzOCp3EnKOuHecMZC3a+aWxO+9+hhWurTY2CzkGnU a/KA== X-Gm-Message-State: AOJu0YwSQ5YMwjJTkFQNacAEnJpI53saizoh6LR1A9EdoU6NDz5y5Jv3 UCdxjQQZOIrMVP7uNlU8bju9IeYDWsEERcQrVuTBl0hur2T7HwHLGAS4aS9YPQpEKKWrTf9QaFj sIId5+uSyUeZZHggdJz1eub1pJxnZp51rGa7O X-Gm-Gg: ASbGncsyj0eV5qNkcYBjN2j2L0VYPSQX9lZCZAubW3D4pyWcUALP111qph+267tBSNG RuG6Wp7vIkNE9BpDVM3ZWis8DiUrSvUs5iqpl44nJrA+8wYpxA5RtiW2HaskUOJOM+obOU5sWa9 uzaKlOXmmBW48twR3yNxdmKcgkmDicoYtS/8QDqmOiV53+qmoOpXN5acgCNvHLD4Arv8l1ilMyw yxiaHL6gYitRJ+EPr0wXveA4g3265XZRlKyNxe0VpiEBS5sa1+tA6xaQvVRrLidxzPS1pwV3F8r PjFZdzbT8BcV33BKHq991iMEpmpuzQj7jwJTeCVO03mDcEARNjuqSmALmBs= X-Google-Smtp-Source: AGHT+IGn06P4qP76AqtbgM6tC7vMMSVNRznPrgqkmSOziwjf4WZ2Q/YUTby9HRSNwL92PY5tPoZ8WrU7Lx9C X-Received: by 2002:a05:690c:25c3:b0:702:52fb:4649 with SMTP id 00721157ae682-70cab099494mr20886727b3.27.1747376663159; Thu, 15 May 2025 23:24:23 -0700 (PDT) Received: from postal.iol.unh.edu (postal.iol.unh.edu. [132.177.123.84]) by smtp-relay.gmail.com with ESMTPS id 00721157ae682-70ca836b405sm336957b3.34.2025.05.15.23.24.23 (version=TLS1_2 cipher=ECDHE-ECDSA-AES128-GCM-SHA256 bits=128/128); Thu, 15 May 2025 23:24:23 -0700 (PDT) X-Relaying-Domain: iol.unh.edu Date: Thu, 15 May 2025 23:24:23 -0700 (PDT) Message-ID: <6826da17.050a0220.3daa0.1a4cSMTPIN_ADDED_MISSING@mx.google.com> Received: from [172.21.0.5] (unknown [172.18.0.240]) by postal.iol.unh.edu (Postfix) with ESMTP id 975A76052471; Fri, 16 May 2025 02:24:22 -0400 (EDT) Subject: |WARNING| [GIT MASTER] 4401486b5e30d43a134f80f9802f60b5f43e74a8 From: dpdklab@iol.unh.edu To: Test Report Cc: dpdk-test-reports@iol.unh.edu, Xueming Li , Christian Ehrhardt , Kevin Traynor , Luca Boccassi Content-Type: text/plain X-BeenThere: test-report@dpdk.org X-Mailman-Version: 2.1.29 Precedence: list List-Id: automatic DPDK test reports List-Unsubscribe: , List-Archive: List-Post: List-Help: List-Subscribe: , Errors-To: test-report-bounces@dpdk.org _Testing issues_ Branch: tags/v22.11 4401486b5e30d43a134f80f9802f60b5f43e74a8 --> testing issues Upstream job id: Generic-DPDK-Compile-ABI#126601 Test environment and result as below: +-------------------+----------+ | Environment | abi_test | +===================+==========+ | CentOS Stream 9 | FAIL | +-------------------+----------+ | Debian 12 | FAIL | +-------------------+----------+ | CentOS Stream 10 | FAIL | +-------------------+----------+ | Fedora 40 (Clang) | PASS | +-------------------+----------+ | Fedora 41 (Clang) | FAIL | +-------------------+----------+ | Fedora 41 | PASS | +-------------------+----------+ | Fedora 40 | FAIL | +-------------------+----------+ | openSUSE Leap 15 | PASS | +-------------------+----------+ | Ubuntu 24.04 | FAIL | +-------------------+----------+ | RHEL8 | PASS | +-------------------+----------+ | RHEL9 | PASS | +-------------------+----------+ | Ubuntu 22.04 | FAIL | +-------------------+----------+ ==== 20 line log output for Ubuntu 22.04 (abi_test): ==== Installing /root/workspace/Generic-DPDK-Compile-ABI/dpdk/drivers/raw/cnxk_bphy/rte_pmd_bphy.h to /root/workspace/Generic-DPDK-Compile-ABI/build_install/usr/local/include Installing /root/workspace/Generic-DPDK-Compile-ABI/dpdk/drivers/raw/cnxk_gpio/rte_pmd_cnxk_gpio.h to /root/workspace/Generic-DPDK-Compile-ABI/build_install/usr/local/include Installing /root/workspace/Generic-DPDK-Compile-ABI/dpdk/drivers/raw/dpaa2_cmdif/rte_pmd_dpaa2_cmdif.h to /root/workspace/Generic-DPDK-Compile-ABI/build_install/usr/local/include Installing /root/workspace/Generic-DPDK-Compile-ABI/dpdk/drivers/raw/ntb/rte_pmd_ntb.h to /root/workspace/Generic-DPDK-Compile-ABI/build_install/usr/local/include Installing /root/workspace/Generic-DPDK-Compile-ABI/dpdk/drivers/crypto/scheduler/rte_cryptodev_scheduler.h to /root/workspace/Generic-DPDK-Compile-ABI/build_install/usr/local/include Installing /root/workspace/Generic-DPDK-Compile-ABI/dpdk/drivers/crypto/scheduler/rte_cryptodev_scheduler_operations.h to /root/workspace/Generic-DPDK-Compile-ABI/build_install/usr/local/include Installing /root/workspace/Generic-DPDK-Compile-ABI/dpdk/drivers/event/dlb2/rte_pmd_dlb2.h to /root/workspace/Generic-DPDK-Compile-ABI/build_install/usr/local/include Installing /root/workspace/Generic-DPDK-Compile-ABI/dpdk/drivers/baseband/acc/rte_acc_cfg.h to /root/workspace/Generic-DPDK-Compile-ABI/build_install/usr/local/include Installing /root/workspace/Generic-DPDK-Compile-ABI/dpdk/drivers/baseband/fpga_5gnr_fec/rte_pmd_fpga_5gnr_fec.h to /root/workspace/Generic-DPDK-Compile-ABI/build_install/usr/local/include Installing /root/workspace/Generic-DPDK-Compile-ABI/dpdk/usertools/dpdk-devbind.py to /root/workspace/Generic-DPDK-Compile-ABI/build_install/usr/local/bin Installing /root/workspace/Generic-DPDK-Compile-ABI/dpdk/usertools/dpdk-pmdinfo.py to /root/workspace/Generic-DPDK-Compile-ABI/build_install/usr/local/bin Installing /root/workspace/Generic-DPDK-Compile-ABI/dpdk/usertools/dpdk-telemetry.py to /root/workspace/Generic-DPDK-Compile-ABI/build_install/usr/local/bin Installing /root/workspace/Generic-DPDK-Compile-ABI/dpdk/usertools/dpdk-hugepages.py to /root/workspace/Generic-DPDK-Compile-ABI/build_install/usr/local/bin Installing /root/workspace/Generic-DPDK-Compile-ABI/dpdk/doc/guides/custom.css to /root/workspace/Generic-DPDK-Compile-ABI/build_install/usr/local/share/doc/dpdk/_static/css Installing /root/workspace/Generic-DPDK-Compile-ABI/dpdk/build/rte_build_config.h to /root/workspace/Generic-DPDK-Compile-ABI/build_install/usr/local/include Installing /root/workspace/Generic-DPDK-Compile-ABI/dpdk/build/meson-private/libdpdk-libs.pc to /root/workspace/Generic-DPDK-Compile-ABI/build_install/usr/local/lib/x86_64-linux-gnu/pkgconfig Installing /root/workspace/Generic-DPDK-Compile-ABI/dpdk/build/meson-private/libdpdk.pc to /root/workspace/Generic-DPDK-Compile-ABI/build_install/usr/local/lib/x86_64-linux-gnu/pkgconfig Running custom install script '/bin/sh /root/workspace/Generic-DPDK-Compile-ABI/dpdk/config/../buildtools/symlink-drivers-solibs.sh lib/x86_64-linux-gnu dpdk/pmds-23.0' ==== Compiled DPDK with debugoptimized bash: /scripts/generate_abi.sh: No such file or directory ==== End log output ==== CentOS Stream 9 Kernel: Depends on container host Compiler: gcc 11.5.0 20240719 (Red Hat 11.5.0-2) Debian 12 Kernel: Depends on container host Compiler: gcc (Debian 12.2.0-14) 12.2.0 CentOS Stream 10 Kernel: Depends on container host Compiler: gcc 14.2.1 20241104 (Red Hat 14.2.1-6) Fedora 40 (Clang) Kernel: Depends on container host Compiler: clang 18.1.8 (Fedora 18.1.8-1.fc40) Fedora 41 (Clang) Kernel: Depends on container host Compiler: clang 19.1.5 (Fedora 19.1.5-1.fc41) Fedora 41 Kernel: Depends on container host Compiler: gcc 14.2.1 20240912 (Red Hat 14.2.1-3) Fedora 40 Kernel: Depends on container host Compiler: gcc 14.2.1 20240912 (Red Hat 14.2.1-3) openSUSE Leap 15 Kernel: Depends on container host Compiler: gcc (SUSE Linux) 7.5.0 Ubuntu 24.04 Kernel: Depends on container host Compiler: gcc (Ubuntu 13.3.0-6ubuntu2~24.04) 13.3.0 RHEL8 Kernel: Depends on container host Compiler: gcc 8.5.0 20210514 (Red Hat 8.5.0-22) RHEL9 Kernel: Depends on container host Compiler: gcc 11.5.0 20240719 (Red Hat 11.5.0-2) Ubuntu 22.04 Kernel: Depends on container host Compiler: gcc (Ubuntu 11.4.0-1ubuntu1~22.04) 11.4.0 To view detailed results, visit: https://lab.dpdk.org/results/dashboard/tarballs/33550/ UNH-IOL DPDK Community Lab To manage your email subscriptions, visit: https://lab.dpdk.org/results/dashboard/preferences/subscriptions/