From mboxrd@z Thu Jan 1 00:00:00 1970 Return-Path: Received: from mails.dpdk.org (mails.dpdk.org [217.70.189.124]) by inbox.dpdk.org (Postfix) with ESMTP id 00B3246760 for ; Fri, 16 May 2025 08:25:36 +0200 (CEST) Received: from mails.dpdk.org (localhost [127.0.0.1]) by mails.dpdk.org (Postfix) with ESMTP id E63764028F; Fri, 16 May 2025 08:25:36 +0200 (CEST) Received: from mail-il1-f227.google.com (mail-il1-f227.google.com [209.85.166.227]) by mails.dpdk.org (Postfix) with ESMTP id B001940041 for ; Fri, 16 May 2025 08:25:35 +0200 (CEST) Received: by mail-il1-f227.google.com with SMTP id e9e14a558f8ab-3d93deba52fso5844995ab.0 for ; Thu, 15 May 2025 23:25:35 -0700 (PDT) DKIM-Signature: v=1; a=rsa-sha256; c=relaxed/relaxed; d=iol.unh.edu; s=unh-iol; t=1747376735; x=1747981535; darn=dpdk.org; h=cc:to:from:subject:message-id:date:from:to:cc:subject:date :message-id:reply-to; bh=hC+D7S8zjdiWKOduluwFWATJ9o4nOJTJsRpVfVvoeXs=; b=TnEWBrM1YIXQpFlo9Lz+ja/nw+v3B76207bGaecFBWRKnLBCfIns5lpTkkIyYBzbeA UJ5aQ896RHFUDYHVlbQnI2dsYBrxUelcumBdf8HO+lsBK/2AuJ57q4ymjMEPmH3PbjPd 4MuumcyVG4zXBezmMIFOy4IJ4gmjbHpRHSTIw= X-Google-DKIM-Signature: v=1; a=rsa-sha256; c=relaxed/relaxed; d=1e100.net; s=20230601; t=1747376735; x=1747981535; h=cc:to:from:subject:message-id:date:x-gm-message-state:from:to:cc :subject:date:message-id:reply-to; bh=hC+D7S8zjdiWKOduluwFWATJ9o4nOJTJsRpVfVvoeXs=; b=s/kJIzEwNldwmdCdelzWkw+sBLgGS4cHJPCxz9XgXly9VgcvYojLsLgBHTrtX4JvlR p93OBf0U4s0tM2H45TlhtBurnI5d4wvc8HUn7LPZQj42ipGIVesWm092qDuxz0EQLEnq sOpSnuLbvj/SttltyJpvSCUc7xEYIBlmfJuvstnqnciKmkjU0p7gRL0phytiz/jXGebb pO0Kmi69+3VFhydZehDsM5hJmyPxIi36C+KEd2+o/d0q46KTyLQ57dQwJbhS6UL2IqmH gRCV+4ywIB472kHLxcz21Fejrz/HGhEqRf4OHXk0J0XkyTp6XspG3VKlk2NpEY4ZI4Sy PwAQ== X-Gm-Message-State: AOJu0Yy61kefqzh8AUSl4+IX5Pp2f3N2lR//spFbA0WpuKyW6+iyqjvM P/4aFKQHIDd53msOFvtLIG4JCoHPnfk/d9WyMs9OF9KhNkvb8T5Bv7IqsSccy/sqwn010Jh+kgP EviYP6z5FDceIhjbgsc8crGLLbD8a0Go51LUn X-Gm-Gg: ASbGnct1w6W1KucSs6qElJjTqC2dwNDWg57OgyM5Pq6G4VrlFxda45STJj3xocJn/1R 4X8GfX8Qoqdcvmlol7wk3THx5PSoBDsSBqUIYt5r82h41KwMHoYxhKROeuJ9LSNfhLhAbL5b4uH 90iXy3hPSj8jgNO0y2cChB9eBVscK8+erxKaHSV44/cGlQW1rdY4rycR6AFrSP9Iuya6i9lCOBs bOzz4B8HAUKNa1o3vHK7ph2htbfaU+PM3Ph2og5Xs1keaqqqeLEo6pl+F89zomX9yVs4mQP4/qn HFxOUGiv2NnBKsjqzOxkYQuWWpXyk58dYH7rDjVjWBGMpcYtPTjrJGVgmPg= X-Google-Smtp-Source: AGHT+IEySlce3IMkKmQlzsj6/Lg+IjQLii+C+iO0JPmTfH4NcF8QUP5jB2EeSbtgVAH8hFV0cmCn6Y0WRoS/ X-Received: by 2002:a92:cda6:0:b0:3d6:d162:be12 with SMTP id e9e14a558f8ab-3db857b65f2mr13266665ab.21.1747376734960; Thu, 15 May 2025 23:25:34 -0700 (PDT) Received: from postal.iol.unh.edu (postal.iol.unh.edu. [132.177.123.84]) by smtp-relay.gmail.com with ESMTPS id 8926c6da1cb9f-4fbcc3b665dsm59414173.30.2025.05.15.23.25.34 (version=TLS1_2 cipher=ECDHE-ECDSA-AES128-GCM-SHA256 bits=128/128); Thu, 15 May 2025 23:25:34 -0700 (PDT) X-Relaying-Domain: iol.unh.edu Date: Thu, 15 May 2025 23:25:34 -0700 (PDT) Message-ID: <6826da5e.050a0220.1519da.34e6SMTPIN_ADDED_MISSING@mx.google.com> Received: from [172.21.0.6] (unknown [172.18.0.240]) by postal.iol.unh.edu (Postfix) with ESMTP id 67AFE6052472; Fri, 16 May 2025 02:25:04 -0400 (EDT) Subject: |WARNING| [GIT MASTER] 4401486b5e30d43a134f80f9802f60b5f43e74a8 From: dpdklab@iol.unh.edu To: Test Report Cc: dpdk-test-reports@iol.unh.edu, Xueming Li , Christian Ehrhardt , Kevin Traynor , Luca Boccassi Content-Type: text/plain X-BeenThere: test-report@dpdk.org X-Mailman-Version: 2.1.29 Precedence: list List-Id: automatic DPDK test reports List-Unsubscribe: , List-Archive: List-Post: List-Help: List-Subscribe: , Errors-To: test-report-bounces@dpdk.org _Testing issues_ Branch: tags/v22.11 4401486b5e30d43a134f80f9802f60b5f43e74a8 --> testing issues Upstream job id: Generic-DPDK-Compile-ABI#126603 Test environment and result as below: +-------------------+----------+ | Environment | abi_test | +===================+==========+ | CentOS Stream 9 | FAIL | +-------------------+----------+ | Debian 12 | FAIL | +-------------------+----------+ | CentOS Stream 10 | FAIL | +-------------------+----------+ | Fedora 40 (Clang) | PASS | +-------------------+----------+ | Fedora 41 (Clang) | FAIL | +-------------------+----------+ | Fedora 41 | PASS | +-------------------+----------+ | Fedora 40 | FAIL | +-------------------+----------+ | openSUSE Leap 15 | PASS | +-------------------+----------+ | Ubuntu 24.04 | FAIL | +-------------------+----------+ | RHEL8 | PASS | +-------------------+----------+ | RHEL9 | PASS | +-------------------+----------+ | Ubuntu 22.04 | FAIL | +-------------------+----------+ ==== 20 line log output for Ubuntu 22.04 (abi_test): ==== Installing /root/workspace/Generic-DPDK-Compile-ABI/dpdk/drivers/raw/cnxk_bphy/rte_pmd_bphy.h to /root/workspace/Generic-DPDK-Compile-ABI/build_install/usr/local/include Installing /root/workspace/Generic-DPDK-Compile-ABI/dpdk/drivers/raw/cnxk_gpio/rte_pmd_cnxk_gpio.h to /root/workspace/Generic-DPDK-Compile-ABI/build_install/usr/local/include Installing /root/workspace/Generic-DPDK-Compile-ABI/dpdk/drivers/raw/dpaa2_cmdif/rte_pmd_dpaa2_cmdif.h to /root/workspace/Generic-DPDK-Compile-ABI/build_install/usr/local/include Installing /root/workspace/Generic-DPDK-Compile-ABI/dpdk/drivers/raw/ntb/rte_pmd_ntb.h to /root/workspace/Generic-DPDK-Compile-ABI/build_install/usr/local/include Installing /root/workspace/Generic-DPDK-Compile-ABI/dpdk/drivers/crypto/scheduler/rte_cryptodev_scheduler.h to /root/workspace/Generic-DPDK-Compile-ABI/build_install/usr/local/include Installing /root/workspace/Generic-DPDK-Compile-ABI/dpdk/drivers/crypto/scheduler/rte_cryptodev_scheduler_operations.h to /root/workspace/Generic-DPDK-Compile-ABI/build_install/usr/local/include Installing /root/workspace/Generic-DPDK-Compile-ABI/dpdk/drivers/event/dlb2/rte_pmd_dlb2.h to /root/workspace/Generic-DPDK-Compile-ABI/build_install/usr/local/include Installing /root/workspace/Generic-DPDK-Compile-ABI/dpdk/drivers/baseband/acc/rte_acc_cfg.h to /root/workspace/Generic-DPDK-Compile-ABI/build_install/usr/local/include Installing /root/workspace/Generic-DPDK-Compile-ABI/dpdk/drivers/baseband/fpga_5gnr_fec/rte_pmd_fpga_5gnr_fec.h to /root/workspace/Generic-DPDK-Compile-ABI/build_install/usr/local/include Installing /root/workspace/Generic-DPDK-Compile-ABI/dpdk/usertools/dpdk-devbind.py to /root/workspace/Generic-DPDK-Compile-ABI/build_install/usr/local/bin Installing /root/workspace/Generic-DPDK-Compile-ABI/dpdk/usertools/dpdk-pmdinfo.py to /root/workspace/Generic-DPDK-Compile-ABI/build_install/usr/local/bin Installing /root/workspace/Generic-DPDK-Compile-ABI/dpdk/usertools/dpdk-telemetry.py to /root/workspace/Generic-DPDK-Compile-ABI/build_install/usr/local/bin Installing /root/workspace/Generic-DPDK-Compile-ABI/dpdk/usertools/dpdk-hugepages.py to /root/workspace/Generic-DPDK-Compile-ABI/build_install/usr/local/bin Installing /root/workspace/Generic-DPDK-Compile-ABI/dpdk/doc/guides/custom.css to /root/workspace/Generic-DPDK-Compile-ABI/build_install/usr/local/share/doc/dpdk/_static/css Installing /root/workspace/Generic-DPDK-Compile-ABI/dpdk/build/rte_build_config.h to /root/workspace/Generic-DPDK-Compile-ABI/build_install/usr/local/include Installing /root/workspace/Generic-DPDK-Compile-ABI/dpdk/build/meson-private/libdpdk-libs.pc to /root/workspace/Generic-DPDK-Compile-ABI/build_install/usr/local/lib/x86_64-linux-gnu/pkgconfig Installing /root/workspace/Generic-DPDK-Compile-ABI/dpdk/build/meson-private/libdpdk.pc to /root/workspace/Generic-DPDK-Compile-ABI/build_install/usr/local/lib/x86_64-linux-gnu/pkgconfig Running custom install script '/bin/sh /root/workspace/Generic-DPDK-Compile-ABI/dpdk/config/../buildtools/symlink-drivers-solibs.sh lib/x86_64-linux-gnu dpdk/pmds-23.0' ==== Compiled DPDK with debugoptimized bash: /scripts/generate_abi.sh: No such file or directory ==== End log output ==== CentOS Stream 9 Kernel: Depends on container host Compiler: gcc 11.5.0 20240719 (Red Hat 11.5.0-2) Debian 12 Kernel: Depends on container host Compiler: gcc (Debian 12.2.0-14) 12.2.0 CentOS Stream 10 Kernel: Depends on container host Compiler: gcc 14.2.1 20241104 (Red Hat 14.2.1-6) Fedora 40 (Clang) Kernel: Depends on container host Compiler: clang 18.1.8 (Fedora 18.1.8-1.fc40) Fedora 41 (Clang) Kernel: Depends on container host Compiler: clang 19.1.5 (Fedora 19.1.5-1.fc41) Fedora 41 Kernel: Depends on container host Compiler: gcc 14.2.1 20240912 (Red Hat 14.2.1-3) Fedora 40 Kernel: Depends on container host Compiler: gcc 14.2.1 20240912 (Red Hat 14.2.1-3) openSUSE Leap 15 Kernel: Depends on container host Compiler: gcc (SUSE Linux) 7.5.0 Ubuntu 24.04 Kernel: Depends on container host Compiler: gcc (Ubuntu 13.3.0-6ubuntu2~24.04) 13.3.0 RHEL8 Kernel: Depends on container host Compiler: gcc 8.5.0 20210514 (Red Hat 8.5.0-22) RHEL9 Kernel: Depends on container host Compiler: gcc 11.5.0 20240719 (Red Hat 11.5.0-2) Ubuntu 22.04 Kernel: Depends on container host Compiler: gcc (Ubuntu 11.4.0-1ubuntu1~22.04) 11.4.0 To view detailed results, visit: https://lab.dpdk.org/results/dashboard/tarballs/33550/ UNH-IOL DPDK Community Lab To manage your email subscriptions, visit: https://lab.dpdk.org/results/dashboard/preferences/subscriptions/