From mboxrd@z Thu Jan 1 00:00:00 1970 Return-Path: Received: from mails.dpdk.org (mails.dpdk.org [217.70.189.124]) by inbox.dpdk.org (Postfix) with ESMTP id 4041146760 for ; Fri, 16 May 2025 08:47:41 +0200 (CEST) Received: from mails.dpdk.org (localhost [127.0.0.1]) by mails.dpdk.org (Postfix) with ESMTP id 3B9BA400EF; Fri, 16 May 2025 08:47:41 +0200 (CEST) Received: from mail-oi1-f228.google.com (mail-oi1-f228.google.com [209.85.167.228]) by mails.dpdk.org (Postfix) with ESMTP id 48DE440041 for ; Fri, 16 May 2025 08:47:40 +0200 (CEST) Received: by mail-oi1-f228.google.com with SMTP id 5614622812f47-3fea67e64caso1617480b6e.2 for ; Thu, 15 May 2025 23:47:40 -0700 (PDT) DKIM-Signature: v=1; a=rsa-sha256; c=relaxed/relaxed; d=iol.unh.edu; s=unh-iol; t=1747378059; x=1747982859; darn=dpdk.org; h=cc:to:from:subject:message-id:date:from:to:cc:subject:date :message-id:reply-to; bh=Xn2yaAkjqso03mnc6anv3r2YDYAvAR6VxIb/PCbeB/4=; b=iajrdLMoNed7868zVGOukfN45LPKrvsCVQWN0OKZJSc7V7/OG8B+/U3arBn1irdVWK DEUw0SMpXw55TPcSo1tx3hnGZ9bxn0j6B4LJPSok7wZTW0BTEMFDJmoJN4xAtH1J/geB VWe0P3mWaE6PljLD0IQgtQ423QJHX/peUVaGw= X-Google-DKIM-Signature: v=1; a=rsa-sha256; c=relaxed/relaxed; d=1e100.net; s=20230601; t=1747378059; x=1747982859; h=cc:to:from:subject:message-id:date:x-gm-message-state:from:to:cc :subject:date:message-id:reply-to; bh=Xn2yaAkjqso03mnc6anv3r2YDYAvAR6VxIb/PCbeB/4=; b=TO7kVU5gwT8HUvRKbJL+8TbIvlDMDU4XrSkaNFIAMHJjRnjkMJOqiDeNjWvWwqU1+N JYNp+YzcBhvG8rDsOJ1ExO0LkJFZLSswPuFLCZGo7UNqtKWpgBzUEKG8wXsWLDfnr4tp p1cu62vZabOjsN5Um+sFKsO/JODMsEq6aC6+jqp1n4fePm9xpQNKv27FENEXoRuPeYzc XjPppyCF/u7h8NAu2Jn0rvi1ntm9ITcQA+0Qutoy/YZTy92YBFGajCuPXDosEArncG1m 6mBtNR9HxxIeBszqUgfb+yQzSjqIyEQI47OmACee4FhKAjpquPGL/BKqIAYyJkREIdSU gkMQ== X-Gm-Message-State: AOJu0YzIr/JG8Z17hVC0K5dOnenbNt6C6DDqDYFAZ0Lsb0EK4nS4QhR8 Q+Cx/bhPni1Cvbn+hGRA4UpJrSugP1BPCAA46gmYF7k9EB6OQTKvyDHC1SD+PXBrIxmOvEdYB+w yNQ1hdF7wD6do9ZfbdvUHrR0f4hpkVFNY6TBC X-Gm-Gg: ASbGncvEqW7pBo9VpoHKDJ6uKiCbDRR7Oxxk5rMuve71e2PjyioI3qcIyp/Z5+VBg6j Rnx+v+2QvDI5V9Q6+ItBXKFFChCxnlOVjJlr/E9Drmtrc0OF261Ydhjz2jC/IP/Jy95dwl5sW9t hADvpT8KZ+2jiPLwJMukXnW4hBYtQoC9PYSF1Id/mDW1g/vwVUnhNcWWNeBbcwfeTkQTv9A+idw GVXoOZUTxwJmORZJpFeapkKqIS0m1qrgOl+XHqtRC2fZB78acIXfLmi8MqvrgJiuZz7Ab/BLIlN EnkUeOBXWzLK6s25RoKLH5ZYBI8kQeT3VnKhmSG0ZUcYq8dVA47vs+Dgmqk= X-Google-Smtp-Source: AGHT+IHkhNm41YKH0XhX4tR+MBCIcEse83dnRsBKVS8Wq7yRAkk1oG9uPMUgi6Dti50mJo0spZQtjiiOgkIb X-Received: by 2002:a92:ca0d:0:b0:3db:748b:e9aa with SMTP id e9e14a558f8ab-3db8427f200mr33080225ab.5.1747378049353; Thu, 15 May 2025 23:47:29 -0700 (PDT) Received: from postal.iol.unh.edu (postal.iol.unh.edu. [132.177.123.84]) by smtp-relay.gmail.com with ESMTPS id 8926c6da1cb9f-4fbcc488bbfsm65897173.46.2025.05.15.23.47.29 (version=TLS1_2 cipher=ECDHE-ECDSA-AES128-GCM-SHA256 bits=128/128); Thu, 15 May 2025 23:47:29 -0700 (PDT) X-Relaying-Domain: iol.unh.edu Date: Thu, 15 May 2025 23:47:29 -0700 (PDT) Message-ID: <6826df81.050a0220.11f083.3426SMTPIN_ADDED_MISSING@mx.google.com> Received: from [172.21.0.7] (unknown [172.18.0.240]) by postal.iol.unh.edu (Postfix) with ESMTP id C4C086052471; Fri, 16 May 2025 02:47:28 -0400 (EDT) Subject: |WARNING| [GIT MASTER] 4401486b5e30d43a134f80f9802f60b5f43e74a8 From: dpdklab@iol.unh.edu To: Test Report Cc: dpdk-test-reports@iol.unh.edu, Xueming Li , Christian Ehrhardt , Kevin Traynor , Luca Boccassi Content-Type: text/plain X-BeenThere: test-report@dpdk.org X-Mailman-Version: 2.1.29 Precedence: list List-Id: automatic DPDK test reports List-Unsubscribe: , List-Archive: List-Post: List-Help: List-Subscribe: , Errors-To: test-report-bounces@dpdk.org _Testing issues_ Branch: tags/v22.11 4401486b5e30d43a134f80f9802f60b5f43e74a8 --> testing issues Upstream job id: Windows-Compile-DPDK-Native#28434 Test environment and result as below: +---------------------+--------------------+-------------------------+ | Environment | dpdk_meson_compile | dpdk_llvm_clang_compile | +=====================+====================+=========================+ | CentOS Stream 9 | PEND | SKIPPED | +---------------------+--------------------+-------------------------+ | CentOS Stream 10 | PEND | SKIPPED | +---------------------+--------------------+-------------------------+ | Fedora 41 (Clang) | PEND | SKIPPED | +---------------------+--------------------+-------------------------+ | Fedora 40 (Clang) | PEND | SKIPPED | +---------------------+--------------------+-------------------------+ | Debian 12 | PEND | SKIPPED | +---------------------+--------------------+-------------------------+ | Fedora 40 | PEND | SKIPPED | +---------------------+--------------------+-------------------------+ | RHEL8 | PEND | SKIPPED | +---------------------+--------------------+-------------------------+ | Fedora 41 | PEND | SKIPPED | +---------------------+--------------------+-------------------------+ | FreeBSD 13.5 | PASS | SKIPPED | +---------------------+--------------------+-------------------------+ | Ubuntu 22.04 | PEND | SKIPPED | +---------------------+--------------------+-------------------------+ | Ubuntu 24.04 | PEND | SKIPPED | +---------------------+--------------------+-------------------------+ | openSUSE Leap 15 | PEND | SKIPPED | +---------------------+--------------------+-------------------------+ | RHEL9 | PEND | SKIPPED | +---------------------+--------------------+-------------------------+ | Ubuntu 20.04 | PASS | SKIPPED | +---------------------+--------------------+-------------------------+ | FreeBSD 14.2 | PASS | SKIPPED | +---------------------+--------------------+-------------------------+ | Windows Server 2022 | SKIPPED | FAIL | +---------------------+--------------------+-------------------------+ ==== 20 line log output for Windows Server 2022 (dpdk_llvm_clang_compile): ==== ..\lib\eal\include/rte_common.h:850:32: note: expanded from macro 'RTE_FMT_TAIL' #define RTE_FMT_TAIL(fmt, ...) __VA_ARGS__ ^~~~~~~~~~~ ..\lib\eal\include/rte_common.h:848:39: note: expanded from macro 'RTE_FMT' #define RTE_FMT(fmt, ...) fmt "%.0s", __VA_ARGS__ "" ^~~~~~~~~~~ ../drivers/crypto/mlx5/mlx5_crypto.c:463:18: note: forward declaration of 'struct mlx5_err_cqe' volatile struct mlx5_err_cqe *cqe = (volatile struct mlx5_err_cqe *) ^ 3 errors generated. [617/788] Linking static target drivers/libtmp_rte_net_octeon_ep.a [618/788] Compiling C object drivers/libtmp_rte_crypto_mlx5.a.p/crypto_mlx5_mlx5_crypto_dek.c.obj [619/788] Compiling C object drivers/libtmp_rte_net_vmxnet3.a.p/net_vmxnet3_vmxnet3_ethdev.c.obj [620/788] Compiling C object app/dpdk-testpmd.exe.p/test-pmd_5tswap.c.obj [621/788] Compiling C object drivers/libtmp_rte_net_vmxnet3.a.p/net_vmxnet3_vmxnet3_rxtx.c.obj [622/788] Compiling C object app/dpdk-testpmd.exe.p/test-pmd_cmdline_mtr.c.obj [623/788] Compiling C object drivers/libtmp_rte_net_mlx5.a.p/net_mlx5_mlx5_tx_nompw.c.obj [624/788] Compiling C object drivers/libtmp_rte_net_mlx5.a.p/net_mlx5_mlx5_tx_empw.c.obj [625/788] Compiling C object drivers/libtmp_rte_net_mlx5.a.p/net_mlx5_mlx5_tx_txpp.c.obj ninja: build stopped: subcommand failed. ==== End log output ==== CentOS Stream 9 Kernel: Depends on container host Compiler: gcc 11.5.0 20240719 (Red Hat 11.5.0-2) CentOS Stream 10 Kernel: Depends on container host Compiler: gcc 14.2.1 20241104 (Red Hat 14.2.1-6) Fedora 41 (Clang) Kernel: Depends on container host Compiler: clang 19.1.5 (Fedora 19.1.5-1.fc41) Fedora 40 (Clang) Kernel: Depends on container host Compiler: clang 18.1.8 (Fedora 18.1.8-1.fc40) Debian 12 Kernel: Depends on container host Compiler: gcc (Debian 12.2.0-14) 12.2.0 Fedora 40 Kernel: Depends on container host Compiler: gcc 14.2.1 20240912 (Red Hat 14.2.1-3) RHEL8 Kernel: Depends on container host Compiler: gcc 8.5.0 20210514 (Red Hat 8.5.0-22) Fedora 41 Kernel: Depends on container host Compiler: gcc 14.2.1 20240912 (Red Hat 14.2.1-3) FreeBSD 13.5 Kernel: 13.5-RELEASE Compiler: clang 19.1.7 Ubuntu 22.04 Kernel: Depends on container host Compiler: gcc (Ubuntu 11.4.0-1ubuntu1~22.04) 11.4.0 Ubuntu 24.04 Kernel: Depends on container host Compiler: gcc (Ubuntu 13.3.0-6ubuntu2~24.04) 13.3.0 openSUSE Leap 15 Kernel: Depends on container host Compiler: gcc (SUSE Linux) 7.5.0 RHEL9 Kernel: Depends on container host Compiler: gcc 11.5.0 20240719 (Red Hat 11.5.0-2) Ubuntu 20.04 Kernel: Depends on container host Compiler: gcc (Ubuntu 9.4.0-1ubuntu1~20.04.2) 9.4.0 FreeBSD 14.2 Kernel: 14.2-RELEASE Compiler: clang 18.1.6 Windows Server 2022 Kernel: 10.0.20348.2031 Compiler: clang 15.0.7, gcc 14.1.0 (MinGW), and MSVC VS 19.39.33521 To view detailed results, visit: https://lab.dpdk.org/results/dashboard/tarballs/33550/ UNH-IOL DPDK Community Lab To manage your email subscriptions, visit: https://lab.dpdk.org/results/dashboard/preferences/subscriptions/