From mboxrd@z Thu Jan 1 00:00:00 1970 Return-Path: Received: from mails.dpdk.org (mails.dpdk.org [217.70.189.124]) by inbox.dpdk.org (Postfix) with ESMTP id 9674F46760 for ; Fri, 16 May 2025 09:31:38 +0200 (CEST) Received: from mails.dpdk.org (localhost [127.0.0.1]) by mails.dpdk.org (Postfix) with ESMTP id 9D5104060C; Fri, 16 May 2025 09:31:37 +0200 (CEST) Received: from mail-io1-f97.google.com (mail-io1-f97.google.com [209.85.166.97]) by mails.dpdk.org (Postfix) with ESMTP id 871224060B for ; Fri, 16 May 2025 09:31:31 +0200 (CEST) Received: by mail-io1-f97.google.com with SMTP id ca18e2360f4ac-86135d11760so136807139f.2 for ; Fri, 16 May 2025 00:31:31 -0700 (PDT) DKIM-Signature: v=1; a=rsa-sha256; c=relaxed/relaxed; d=iol.unh.edu; s=unh-iol; t=1747380691; x=1747985491; darn=dpdk.org; h=cc:to:from:subject:message-id:date:from:to:cc:subject:date :message-id:reply-to; bh=R4sRRTiLe+iyE2wrOG9ZdQCLWmvbRlCZHbSxhPuia24=; b=T3cBUzLQS5PFPOuCdrCYYg2dETQxZmRPGW84wRGKIeGjM0t6goRk2nQ5CdzZs6tlD1 TcjcapvmsP0zlMQ4e+Xq6FqJ8iPjPJNkQ//SmGCHNSedYAZuiHToF77y6XnRM4NOpfOZ FS+d+uIrb/z+sazCUtCTMTir6szjMYo5i6nkE= X-Google-DKIM-Signature: v=1; a=rsa-sha256; c=relaxed/relaxed; d=1e100.net; s=20230601; t=1747380691; x=1747985491; h=cc:to:from:subject:message-id:date:x-gm-message-state:from:to:cc :subject:date:message-id:reply-to; bh=R4sRRTiLe+iyE2wrOG9ZdQCLWmvbRlCZHbSxhPuia24=; b=ITF08+231HtkhYFqhSM16jluc24ToYLY0IPr0cn6vPzSXLdx4pJK5Bd3f8XnFDSoQ4 9Ky2iDDveBc0sIwfhnPNhRJu9WKfI2rst1D01wOIros6CA0bj9bMirWoYybVu9Wm3AhB WSi+QcmUKZnZ8f6Jk4IFtP4ft1cLw0AYfvKdIIZ5k2nBG5TKL67Znseqs2WGd3tFi/iH +yRiFXeq/CMIhjUCUuDjWacOy3iwoQyw1bTVi9Qr0J+jpbZUPlBxptH/v/CH7LrUbspE u+CU3PylaleCfwFKBhem1GRMSLxsRzz60NsWivVYAm/Ztf2/4YpKUtXoIrkEi6pKabI3 vaUQ== X-Gm-Message-State: AOJu0Yywtwn8vGQfHwXa9P127x6Qn7P6IFAFTydRVN9gjq9zd259SFul 2LwZwSXrW0e6nJMfg7+etf3gSFLWse0qw5tQ3dbW2Br+GJgbO0Jnb6dHOd0InBKa+qrvvKX1xUk aibx6XM9LnMdoR1KLLAhQ05oajVbWJJX2t6cT X-Gm-Gg: ASbGncsRBn0NAEPOp5NTlaVnPnIFVDRkOQ+qVS3ql2tVkwZGbMcDaoEBtkhGV67Q8Ao bMYq27BgMfnrqG83mmnbE8wNMXJgxJ/WJKqcAFb21aNUuqa03fXiHlZ8n08HiVwNwXfU5xYWCLw 7aLj0GaCXgysOCfuTrrk1SEkVYX9Vjn6EZD0A0uqnv7wqYTeCGGGcMwV5mIHyMrPnqc0ZQxsf9i nb41R0ScOvn0aRapC3/+B5bRx57bkIXQzV7tltk8e0FVvoFl858UK89O5PAOnoXBVB7ucEjGyp8 cbYyr+KeD4UfjCZ6eAV+BzLo7dnIOjEx75ecovzIGRbp8OrHtDdDqdp1n7A= X-Google-Smtp-Source: AGHT+IGOUU0e1ifQhjmZ51PGtXq3XKCpC/SZZEyCAEXFDCLyjPSEnpnCbtXkD/pTQGgdmSDdNhKgMtnWG6fQ X-Received: by 2002:a05:6e02:1a48:b0:3d4:6ff4:2608 with SMTP id e9e14a558f8ab-3db842d139emr35656395ab.12.1747380679977; Fri, 16 May 2025 00:31:19 -0700 (PDT) Received: from postal.iol.unh.edu (postal.iol.unh.edu. [132.177.123.84]) by smtp-relay.gmail.com with ESMTPS id e9e14a558f8ab-3db8449ad7fsm640725ab.49.2025.05.16.00.31.19 (version=TLS1_2 cipher=ECDHE-ECDSA-AES128-GCM-SHA256 bits=128/128); Fri, 16 May 2025 00:31:19 -0700 (PDT) X-Relaying-Domain: iol.unh.edu Date: Fri, 16 May 2025 00:31:19 -0700 (PDT) Message-ID: <6826e9c7.050a0220.1e9dda.319aSMTPIN_ADDED_MISSING@mx.google.com> Received: from [172.21.0.6] (unknown [172.18.0.240]) by postal.iol.unh.edu (Postfix) with ESMTP id 796146052471; Fri, 16 May 2025 03:31:19 -0400 (EDT) Subject: |FAILURE| [GIT MASTER] 4401486b5e30d43a134f80f9802f60b5f43e74a8 From: dpdklab@iol.unh.edu To: Test Report Cc: dpdk-test-reports@iol.unh.edu, Xueming Li , Christian Ehrhardt , Kevin Traynor , Luca Boccassi Content-Type: text/plain X-BeenThere: test-report@dpdk.org X-Mailman-Version: 2.1.29 Precedence: list List-Id: automatic DPDK test reports List-Unsubscribe: , List-Archive: List-Post: List-Help: List-Subscribe: , Errors-To: test-report-bounces@dpdk.org _Testing issues_ Branch: tags/v22.11 4401486b5e30d43a134f80f9802f60b5f43e74a8 --> testing issues Upstream job id: Generic-Unit-Test-DPDK#338327 Test environment and result as below: +---------------------+----------------+ | Environment | dpdk_unit_test | +=====================+================+ | RHEL9 | PEND | +---------------------+----------------+ | Debian 12 | FAIL | +---------------------+----------------+ | Fedora 40 | PEND | +---------------------+----------------+ | CentOS Stream 9 | PEND | +---------------------+----------------+ | Fedora 41 | PEND | +---------------------+----------------+ | Ubuntu 24.04 | PEND | +---------------------+----------------+ | Ubuntu 20.04 | PASS | +---------------------+----------------+ | RHEL8 | PEND | +---------------------+----------------+ | Fedora 41 (Clang) | PEND | +---------------------+----------------+ | Fedora 40 (Clang) | PEND | +---------------------+----------------+ | CentOS Stream 10 | PEND | +---------------------+----------------+ | Ubuntu 22.04 | PEND | +---------------------+----------------+ | Windows Server 2022 | FAIL | +---------------------+----------------+ ==== Unit test summary for Windows Server 2022 (dpdk_unit_test): ==== Failed to get the unit test results. Displaying the unit test results is not supported for some environments, such as our aarch32 testing, where meson is not used to run the tests. Download the logs available on our CI site. ==== End log output ==== RHEL9 Kernel: Depends on container host Compiler: gcc 11.5.0 20240719 (Red Hat 11.5.0-2) Debian 12 Kernel: Depends on container host Compiler: gcc (Debian 12.2.0-14) 12.2.0 Fedora 40 Kernel: Depends on container host Compiler: gcc 14.2.1 20240912 (Red Hat 14.2.1-3) CentOS Stream 9 Kernel: Depends on container host Compiler: gcc 11.5.0 20240719 (Red Hat 11.5.0-2) Fedora 41 Kernel: Depends on container host Compiler: gcc 14.2.1 20240912 (Red Hat 14.2.1-3) Ubuntu 24.04 Kernel: Depends on container host Compiler: gcc (Ubuntu 13.3.0-6ubuntu2~24.04) 13.3.0 Ubuntu 20.04 Kernel: Depends on container host Compiler: gcc (Ubuntu 9.4.0-1ubuntu1~20.04.2) 9.4.0 RHEL8 Kernel: Depends on container host Compiler: gcc 8.5.0 20210514 (Red Hat 8.5.0-22) Fedora 41 (Clang) Kernel: Depends on container host Compiler: clang 19.1.5 (Fedora 19.1.5-1.fc41) Fedora 40 (Clang) Kernel: Depends on container host Compiler: clang 18.1.8 (Fedora 18.1.8-1.fc40) CentOS Stream 10 Kernel: Depends on container host Compiler: gcc 14.2.1 20241104 (Red Hat 14.2.1-6) Ubuntu 22.04 Kernel: Depends on container host Compiler: gcc (Ubuntu 11.4.0-1ubuntu1~22.04) 11.4.0 Windows Server 2022 Kernel: 10.0.20348.2031 Compiler: clang 15.0.7, gcc 14.1.0 (MinGW), and MSVC VS 19.39.33521 To view detailed results, visit: https://lab.dpdk.org/results/dashboard/tarballs/33550/ UNH-IOL DPDK Community Lab To manage your email subscriptions, visit: https://lab.dpdk.org/results/dashboard/preferences/subscriptions/