From mboxrd@z Thu Jan 1 00:00:00 1970 Return-Path: Received: from mails.dpdk.org (mails.dpdk.org [217.70.189.124]) by inbox.dpdk.org (Postfix) with ESMTP id C839446760 for ; Fri, 16 May 2025 09:43:22 +0200 (CEST) Received: from mails.dpdk.org (localhost [127.0.0.1]) by mails.dpdk.org (Postfix) with ESMTP id AD4F1402CC; Fri, 16 May 2025 09:43:22 +0200 (CEST) Received: from mail-pl1-f228.google.com (mail-pl1-f228.google.com [209.85.214.228]) by mails.dpdk.org (Postfix) with ESMTP id BAD0D40041 for ; Fri, 16 May 2025 09:43:21 +0200 (CEST) Received: by mail-pl1-f228.google.com with SMTP id d9443c01a7336-22fa47d6578so16617415ad.2 for ; Fri, 16 May 2025 00:43:21 -0700 (PDT) DKIM-Signature: v=1; a=rsa-sha256; c=relaxed/relaxed; d=iol.unh.edu; s=unh-iol; t=1747381401; x=1747986201; darn=dpdk.org; h=cc:to:from:subject:message-id:date:from:to:cc:subject:date :message-id:reply-to; bh=Yx1HgPJItN9t009ZAYbMJE4uN690b/cNoa6nQTtBFk0=; b=Z1J8DPYUu7y7ddFtF8mz17fFAb7QWNvKvML720MX9Y1VQi/GSaetrFUaJDQvV5BwxQ jrW6K8UDyXpj70YmgCt1tNAojzwbInL6VNLJQHjWG+YmwgEyOmF+lDvO8SAmfGhnmkq8 QJjTbL0vdi0bzGnNTXo94mlZ8s0Ds/u8egCDI= X-Google-DKIM-Signature: v=1; a=rsa-sha256; c=relaxed/relaxed; d=1e100.net; s=20230601; t=1747381401; x=1747986201; h=cc:to:from:subject:message-id:date:x-gm-message-state:from:to:cc :subject:date:message-id:reply-to; bh=Yx1HgPJItN9t009ZAYbMJE4uN690b/cNoa6nQTtBFk0=; b=Mw95GCSMGGiDmyA9TAUrMj4aaS8JQ9r4HbJ/BIrFsOzdFMD0d+wI5grgO8VxayhQD7 j2/DecOvPDW37MY8HE0LzxBlHoPnXBHoON848YhmTIxP1H6GrIo/L22dc0llkVPZ110U hLML9tXKuche0Sw6Z5o1N7j1Tn04dpUZW3Y1ruVTgyuuibiIfPC+Q7YnY1zm1SQ+TVHr kfY5kIBJRB7D1OrJnvCVcN9dA7gLaAHAstx/etrZYJBtRpsDdNQDg2qXJWba/f7hUlBy sUbiAZi86JmHB7mff3w0sF1+H2SuI62362buFMJxOXRoEoAAq27fDneybVuv/Ts81T8U mpcQ== X-Gm-Message-State: AOJu0Yyf6lhVr5IcnMzg57U7f4Umr/gk81ZXuem+UvcBdcfzg7a7svQ3 WC16OUHWI3aDOy+dA3r+dyr+0W4xr+w07YRqvB20YYCk8cqg+jZC0p2sdiWDU054GoXYnAzxPB2 PT6dpFNAe5gGBv8jJQ7gljAowGaZ8tHQVQkTg X-Gm-Gg: ASbGncuurlEAHEuDtNImXAmfkbs75+E31Ygv6lU8eOLB4ilUeRJHuoqIE9sFlVh+jal nsb8XNKKjSMx8bc+bi24KW+dsy58weh/Oh+8ChnVNFASgRgLuX9JltNsUec7N9cUBqv+4Md5uHr 9ZCvQiyU/PWENfgLLzYsRIpQCp1AYhY2/FZJ7iDrrn8MMSvuLKbZazv6NCASEpnMce4VcNo+VSY TpBNqowqzixUPihguJo1I7zgy10gOkmAhovswQwdLPckG71mm0N7k1M5n0FKaoqfGbYVCD714UD hM/yAUg0c9NS37igZu8vayfDNCw3kRt4LLzQ3G8foLAnUPzyUr62rXv7+Xc= X-Google-Smtp-Source: AGHT+IHOMUIBWsS5nTjdnYdd1yJxfmseMNusWt8BWyesu8jDAeIntKysTV/Fp9dKnRDR0jYRWxX8mExe4WYk X-Received: by 2002:a17:903:1ca:b0:223:2630:6b82 with SMTP id d9443c01a7336-231d43899c1mr31310635ad.10.1747381400837; Fri, 16 May 2025 00:43:20 -0700 (PDT) Received: from postal.iol.unh.edu (postal.iol.unh.edu. [132.177.123.84]) by smtp-relay.gmail.com with ESMTPS id d9443c01a7336-231d4abe21fsm717655ad.31.2025.05.16.00.43.20 (version=TLS1_2 cipher=ECDHE-ECDSA-AES128-GCM-SHA256 bits=128/128); Fri, 16 May 2025 00:43:20 -0700 (PDT) X-Relaying-Domain: iol.unh.edu Date: Fri, 16 May 2025 00:43:20 -0700 (PDT) Message-ID: <6826ec98.170a0220.129fd4.36ceSMTPIN_ADDED_MISSING@mx.google.com> Received: from [172.21.0.10] (unknown [172.18.0.240]) by postal.iol.unh.edu (Postfix) with ESMTP id DFA396052471; Fri, 16 May 2025 03:43:12 -0400 (EDT) Subject: |FAILURE| [GIT MASTER] 4401486b5e30d43a134f80f9802f60b5f43e74a8 From: dpdklab@iol.unh.edu To: Test Report Cc: dpdk-test-reports@iol.unh.edu, Xueming Li , Christian Ehrhardt , Kevin Traynor , Luca Boccassi Content-Type: text/plain X-BeenThere: test-report@dpdk.org X-Mailman-Version: 2.1.29 Precedence: list List-Id: automatic DPDK test reports List-Unsubscribe: , List-Archive: List-Post: List-Help: List-Subscribe: , Errors-To: test-report-bounces@dpdk.org _Testing issues_ Branch: tags/v22.11 4401486b5e30d43a134f80f9802f60b5f43e74a8 --> testing issues Upstream job id: Generic-Unit-Test-DPDK#338333 Test environment and result as below: +---------------------+----------------+ | Environment | dpdk_unit_test | +=====================+================+ | RHEL9 | FAIL | +---------------------+----------------+ | Debian 12 | FAIL | +---------------------+----------------+ | Fedora 40 | PEND | +---------------------+----------------+ | CentOS Stream 9 | FAIL | +---------------------+----------------+ | Fedora 41 | PEND | +---------------------+----------------+ | Ubuntu 24.04 | PEND | +---------------------+----------------+ | Ubuntu 20.04 | PASS | +---------------------+----------------+ | RHEL8 | PEND | +---------------------+----------------+ | Fedora 41 (Clang) | PEND | +---------------------+----------------+ | Fedora 40 (Clang) | PEND | +---------------------+----------------+ | CentOS Stream 10 | PEND | +---------------------+----------------+ | Ubuntu 22.04 | PEND | +---------------------+----------------+ | Windows Server 2022 | FAIL | +---------------------+----------------+ ==== Unit test summary for Windows Server 2022 (dpdk_unit_test): ==== Failed to get the unit test results. Displaying the unit test results is not supported for some environments, such as our aarch32 testing, where meson is not used to run the tests. Download the logs available on our CI site. ==== End log output ==== RHEL9 Kernel: Depends on container host Compiler: gcc 11.5.0 20240719 (Red Hat 11.5.0-2) Debian 12 Kernel: Depends on container host Compiler: gcc (Debian 12.2.0-14) 12.2.0 Fedora 40 Kernel: Depends on container host Compiler: gcc 14.2.1 20240912 (Red Hat 14.2.1-3) CentOS Stream 9 Kernel: Depends on container host Compiler: gcc 11.5.0 20240719 (Red Hat 11.5.0-2) Fedora 41 Kernel: Depends on container host Compiler: gcc 14.2.1 20240912 (Red Hat 14.2.1-3) Ubuntu 24.04 Kernel: Depends on container host Compiler: gcc (Ubuntu 13.3.0-6ubuntu2~24.04) 13.3.0 Ubuntu 20.04 Kernel: Depends on container host Compiler: gcc (Ubuntu 9.4.0-1ubuntu1~20.04.2) 9.4.0 RHEL8 Kernel: Depends on container host Compiler: gcc 8.5.0 20210514 (Red Hat 8.5.0-22) Fedora 41 (Clang) Kernel: Depends on container host Compiler: clang 19.1.5 (Fedora 19.1.5-1.fc41) Fedora 40 (Clang) Kernel: Depends on container host Compiler: clang 18.1.8 (Fedora 18.1.8-1.fc40) CentOS Stream 10 Kernel: Depends on container host Compiler: gcc 14.2.1 20241104 (Red Hat 14.2.1-6) Ubuntu 22.04 Kernel: Depends on container host Compiler: gcc (Ubuntu 11.4.0-1ubuntu1~22.04) 11.4.0 Windows Server 2022 Kernel: 10.0.20348.2031 Compiler: clang 15.0.7, gcc 14.1.0 (MinGW), and MSVC VS 19.39.33521 To view detailed results, visit: https://lab.dpdk.org/results/dashboard/tarballs/33550/ UNH-IOL DPDK Community Lab To manage your email subscriptions, visit: https://lab.dpdk.org/results/dashboard/preferences/subscriptions/