From mboxrd@z Thu Jan 1 00:00:00 1970 Return-Path: Received: from mails.dpdk.org (mails.dpdk.org [217.70.189.124]) by inbox.dpdk.org (Postfix) with ESMTP id 3344D46760 for ; Fri, 16 May 2025 09:47:05 +0200 (CEST) Received: from mails.dpdk.org (localhost [127.0.0.1]) by mails.dpdk.org (Postfix) with ESMTP id 0E3F4400EF; Fri, 16 May 2025 09:47:05 +0200 (CEST) Received: from mail-pg1-f227.google.com (mail-pg1-f227.google.com [209.85.215.227]) by mails.dpdk.org (Postfix) with ESMTP id 7089040041 for ; Fri, 16 May 2025 09:47:03 +0200 (CEST) Received: by mail-pg1-f227.google.com with SMTP id 41be03b00d2f7-b061a06f127so1189696a12.2 for ; Fri, 16 May 2025 00:47:03 -0700 (PDT) DKIM-Signature: v=1; a=rsa-sha256; c=relaxed/relaxed; d=iol.unh.edu; s=unh-iol; t=1747381622; x=1747986422; darn=dpdk.org; h=cc:to:from:subject:message-id:date:from:to:cc:subject:date :message-id:reply-to; bh=tGl2iTGMoLJAk3gezT/e43urWVCCUcRGtfN6IhWv6FM=; b=AqMeEP+x7KT87S/dh3UwNKQeOC3Yj3LMAJ2VMEjIXTxKNTk7BKOJwkwBpifYC9ulgK CDeYIj5R6S672ocCsw4s3GvRvfYyjf/g/Pw336gKsK/R0CAjzxCURakiNIWcYwyGz4wj UiDsTblwueeJWZFCCR+UzAVTbg52LBJmWnW4o= X-Google-DKIM-Signature: v=1; a=rsa-sha256; c=relaxed/relaxed; d=1e100.net; s=20230601; t=1747381622; x=1747986422; h=cc:to:from:subject:message-id:date:x-gm-message-state:from:to:cc :subject:date:message-id:reply-to; bh=tGl2iTGMoLJAk3gezT/e43urWVCCUcRGtfN6IhWv6FM=; b=drtqdu4O2lXCbHDTCfyqYIr20fjIgfrxL7+wBAj+Yum2GWKT9Q0/F2LG7B8YI7ZL8P YfNWGJ1dGCEgA2YEJEC/YT0l8wV9SwApVIlMQ7VEoeZqkGFxLyFBsE/8F852c50ustbZ +NwM6GOqm9LkhZp6Dk1e6Er5lBdXhCBZQk8GciWZ532Wk3rLeDV34L6imgXC9fUM0Kgn oEOybyr0fe4C0hEeehafpj/nzIU78sQQKXC8Uankx/epJxSS53HMl5ZGJwImfnITK9z4 OXD58UThRIJtJfsnS0EYTcz03CTIyhjl28cNDvE8OAaorlTjUEUHfWNb759BDFzcyxy1 RqvQ== X-Gm-Message-State: AOJu0YzOS6rG1Woe2f5+HB2gi/AOtfhgxzW+LCqeqsCi+Sm8WKARdW9H Cs8YXt/olZyO4zzF3eHxS3Cu7wsO0t8QNlPoFlq7tXKE1K45WyiEmXT2mbO4WvRCVKjoHvNePSN bbJk43DHFij8Sz9WHW9MsYHI+tY/ICy1vs7dJ X-Gm-Gg: ASbGncts0sKjJTjPBGssMK14iI5Xav5B6q7iqzBRWwVcsh+6acYDB1ybBQ2zfWuso94 suC3S7TC84FMmOT4jllWwy6debwnxZslkEbEi8jRsUbSjELX9HyfnB8jfXhynT8fsZfLO+yofR0 sfOD/bBrDR32wsrkYNBHNHv80VCFx+l5ag1j3l395ne1/IWORz6j3rADqBIfLiUgZCjMOzKnR04 i82TjhCEsTAPBbnzo1Ya3PL2gNPh2gXTh7pGuMu8omEN0xEyAMjJFkJR5ECM2v1/fTazyfb9c3m gfUgUhV+Tq+O4/stYLTboFj+FBE49wO0HftxOP0yQ7RcUx/4UzCYUICqxJQ= X-Google-Smtp-Source: AGHT+IFhtFl3UCKeDDi7pXtpvymMgoPGLPSYHkNqE3OHPhSZ59Xqo7PzRRJ7unjO1mP3vv+/aiExf/zes61q X-Received: by 2002:a17:90a:e7cf:b0:30a:7d26:9c93 with SMTP id 98e67ed59e1d1-30e7d5559a3mr2823042a91.21.1747381622255; Fri, 16 May 2025 00:47:02 -0700 (PDT) Received: from postal.iol.unh.edu (postal.iol.unh.edu. [132.177.123.84]) by smtp-relay.gmail.com with ESMTPS id 98e67ed59e1d1-30e7d49441fsm150379a91.5.2025.05.16.00.47.02 (version=TLS1_2 cipher=ECDHE-ECDSA-AES128-GCM-SHA256 bits=128/128); Fri, 16 May 2025 00:47:02 -0700 (PDT) X-Relaying-Domain: iol.unh.edu Date: Fri, 16 May 2025 00:47:02 -0700 (PDT) Message-ID: <6826ed76.170a0220.2175a0.7c6bSMTPIN_ADDED_MISSING@mx.google.com> Received: from [172.21.0.5] (unknown [172.18.0.240]) by postal.iol.unh.edu (Postfix) with ESMTP id 81E5D6052471; Fri, 16 May 2025 03:47:01 -0400 (EDT) Subject: |FAILURE| [GIT MASTER] 4401486b5e30d43a134f80f9802f60b5f43e74a8 From: dpdklab@iol.unh.edu To: Test Report Cc: dpdk-test-reports@iol.unh.edu, Xueming Li , Christian Ehrhardt , Kevin Traynor , Luca Boccassi Content-Type: text/plain X-BeenThere: test-report@dpdk.org X-Mailman-Version: 2.1.29 Precedence: list List-Id: automatic DPDK test reports List-Unsubscribe: , List-Archive: List-Post: List-Help: List-Subscribe: , Errors-To: test-report-bounces@dpdk.org _Testing issues_ Branch: tags/v22.11 4401486b5e30d43a134f80f9802f60b5f43e74a8 --> testing issues Upstream job id: Generic-Unit-Test-DPDK#338328 Test environment and result as below: +---------------------+----------------+ | Environment | dpdk_unit_test | +=====================+================+ | RHEL9 | FAIL | +---------------------+----------------+ | Debian 12 | FAIL | +---------------------+----------------+ | Fedora 40 | FAIL | +---------------------+----------------+ | CentOS Stream 9 | FAIL | +---------------------+----------------+ | Fedora 41 | PEND | +---------------------+----------------+ | Ubuntu 24.04 | PEND | +---------------------+----------------+ | Ubuntu 20.04 | PASS | +---------------------+----------------+ | RHEL8 | PEND | +---------------------+----------------+ | Fedora 41 (Clang) | PEND | +---------------------+----------------+ | Fedora 40 (Clang) | PEND | +---------------------+----------------+ | CentOS Stream 10 | PEND | +---------------------+----------------+ | Ubuntu 22.04 | PEND | +---------------------+----------------+ | Windows Server 2022 | FAIL | +---------------------+----------------+ ==== Unit test summary for Windows Server 2022 (dpdk_unit_test): ==== Failed to get the unit test results. Displaying the unit test results is not supported for some environments, such as our aarch32 testing, where meson is not used to run the tests. Download the logs available on our CI site. ==== End log output ==== RHEL9 Kernel: Depends on container host Compiler: gcc 11.5.0 20240719 (Red Hat 11.5.0-2) Debian 12 Kernel: Depends on container host Compiler: gcc (Debian 12.2.0-14) 12.2.0 Fedora 40 Kernel: Depends on container host Compiler: gcc 14.2.1 20240912 (Red Hat 14.2.1-3) CentOS Stream 9 Kernel: Depends on container host Compiler: gcc 11.5.0 20240719 (Red Hat 11.5.0-2) Fedora 41 Kernel: Depends on container host Compiler: gcc 14.2.1 20240912 (Red Hat 14.2.1-3) Ubuntu 24.04 Kernel: Depends on container host Compiler: gcc (Ubuntu 13.3.0-6ubuntu2~24.04) 13.3.0 Ubuntu 20.04 Kernel: Depends on container host Compiler: gcc (Ubuntu 9.4.0-1ubuntu1~20.04.2) 9.4.0 RHEL8 Kernel: Depends on container host Compiler: gcc 8.5.0 20210514 (Red Hat 8.5.0-22) Fedora 41 (Clang) Kernel: Depends on container host Compiler: clang 19.1.5 (Fedora 19.1.5-1.fc41) Fedora 40 (Clang) Kernel: Depends on container host Compiler: clang 18.1.8 (Fedora 18.1.8-1.fc40) CentOS Stream 10 Kernel: Depends on container host Compiler: gcc 14.2.1 20241104 (Red Hat 14.2.1-6) Ubuntu 22.04 Kernel: Depends on container host Compiler: gcc (Ubuntu 11.4.0-1ubuntu1~22.04) 11.4.0 Windows Server 2022 Kernel: 10.0.20348.2031 Compiler: clang 15.0.7, gcc 14.1.0 (MinGW), and MSVC VS 19.39.33521 To view detailed results, visit: https://lab.dpdk.org/results/dashboard/tarballs/33550/ UNH-IOL DPDK Community Lab To manage your email subscriptions, visit: https://lab.dpdk.org/results/dashboard/preferences/subscriptions/