From mboxrd@z Thu Jan 1 00:00:00 1970 Return-Path: Received: from mails.dpdk.org (mails.dpdk.org [217.70.189.124]) by inbox.dpdk.org (Postfix) with ESMTP id DE55846760 for ; Fri, 16 May 2025 09:54:29 +0200 (CEST) Received: from mails.dpdk.org (localhost [127.0.0.1]) by mails.dpdk.org (Postfix) with ESMTP id B800E400EF; Fri, 16 May 2025 09:54:29 +0200 (CEST) Received: from mail-il1-f226.google.com (mail-il1-f226.google.com [209.85.166.226]) by mails.dpdk.org (Postfix) with ESMTP id 2168E40041 for ; Fri, 16 May 2025 09:54:28 +0200 (CEST) Received: by mail-il1-f226.google.com with SMTP id e9e14a558f8ab-3da739653b2so6102265ab.0 for ; Fri, 16 May 2025 00:54:28 -0700 (PDT) DKIM-Signature: v=1; a=rsa-sha256; c=relaxed/relaxed; d=iol.unh.edu; s=unh-iol; t=1747382067; x=1747986867; darn=dpdk.org; h=cc:to:from:subject:message-id:date:from:to:cc:subject:date :message-id:reply-to; bh=NWEcx/jZ7AW0EhifSx5qvfLqZrH0EuZzh1eSmtdh4rk=; b=HUB5VjbUeA5iS6jfmDwLYFy5OGoT0j/X9TgTo8kQd3YxH20Zlzm5uGIiThp8W/o8ZU XuZO4sWrqQkpi1PAdXSec+M18188jue4cpntpu9uup29kSX6mUMvoq6gFIfCDqCJTpOx 0SW3ivQb8M48edaJ1DIEVOfFFgoGVhlIidQo8= X-Google-DKIM-Signature: v=1; a=rsa-sha256; c=relaxed/relaxed; d=1e100.net; s=20230601; t=1747382067; x=1747986867; h=cc:to:from:subject:message-id:date:x-gm-message-state:from:to:cc :subject:date:message-id:reply-to; bh=NWEcx/jZ7AW0EhifSx5qvfLqZrH0EuZzh1eSmtdh4rk=; b=oDwm1nYJkoMick3XtN8o5mfAZN+syp3hsAe/Gc/mUhFlCXm8MXdxXaRzHuKI9iwN0+ naykMRpiFXDPd/VVBysanFg3sOiwifaArWMD2R29FkO6XCDAwvFf6Bl1Utx5c44rx0Og +QxAP9e1drOvqeyhZHtp9iC67UqrqFmh80vwobUMbCtM/6TVK27x50NFd+f0AfjDJYJ1 XobbOu22vaslYFQ59EoETRMvYM0b01mUzoAQ38cmtjKAAdaqlbFgxYOCDBTJuWrcByoX WKevX6j8ain1kkWl2ZC6qA+588HjI4iI3Unw3JJToC5awS2PubPM8VGMDzyZARhjCH6e lmUg== X-Gm-Message-State: AOJu0YzfRQIa+3yJhf+qa6iLsF2kwWhDPUAWIiwkGeickRYr7dknyq2O JANKfrRr2xmpPek46VeZUrtI9kpz92VWv5TXbOvxfO1DUKKjPMm7khAh5WMDRBJQrrA1Auy7JY0 2cvOPH1l2qbl9zWTjev+riwaJvmkLJ6CIZ1XF X-Gm-Gg: ASbGnctlZ0Jajkxbzjfl2DSjgqoo9O6uOOwVOKwn0grm1ckOsipfHDRKWn5hUdx++Iw slCOAu8N7psZpi67YU7BSkuhcvbMKyoecw8zDVwqkgWvQPkReIY8T35OPfjsdiwnGoevxDA8BMe fWI3WL7o82XaYjzXMzDpv6UpdEi8WP7Nl89fq4bNY3I9Fmm5l0m2H/ZbBZMlowvfoWT0Ofo+BD6 QMlKK3M6JqFjNe1OR5ThDzYrcp5LNF4agLX0wK0e4j6tfS8oM9dOqu977OxFBRkPqPG5OZdj/Wf 2kTLhTpvyUr3Vf0cyeJDMrKXTw1wdjaQUPWO3bWSKN/fwSzpQVNA7MIrJdU= X-Google-Smtp-Source: AGHT+IEt410Yc3ys5oauC72Nw/8I2Rla0m8I4ghjgAANdgJlJaa7Q6UzQP8RYxcV3Ge3bEvqSnT4MB18tx1G X-Received: by 2002:a05:6e02:3e06:b0:3d5:893a:93ea with SMTP id e9e14a558f8ab-3db843046c6mr28998165ab.13.1747382067345; Fri, 16 May 2025 00:54:27 -0700 (PDT) Received: from postal.iol.unh.edu (postal.iol.unh.edu. [132.177.123.84]) by smtp-relay.gmail.com with ESMTPS id e9e14a558f8ab-3db85da8d26sm349095ab.19.2025.05.16.00.54.27 (version=TLS1_2 cipher=ECDHE-ECDSA-AES128-GCM-SHA256 bits=128/128); Fri, 16 May 2025 00:54:27 -0700 (PDT) X-Relaying-Domain: iol.unh.edu Date: Fri, 16 May 2025 00:54:27 -0700 (PDT) Message-ID: <6826ef33.920a0220.2ede70.1896SMTPIN_ADDED_MISSING@mx.google.com> Received: from [172.21.0.5] (unknown [172.18.0.240]) by postal.iol.unh.edu (Postfix) with ESMTP id BF87F6052471; Fri, 16 May 2025 03:53:56 -0400 (EDT) Subject: |FAILURE| [GIT MASTER] 4401486b5e30d43a134f80f9802f60b5f43e74a8 From: dpdklab@iol.unh.edu To: Test Report Cc: dpdk-test-reports@iol.unh.edu, Xueming Li , Christian Ehrhardt , Kevin Traynor , Luca Boccassi Content-Type: text/plain X-BeenThere: test-report@dpdk.org X-Mailman-Version: 2.1.29 Precedence: list List-Id: automatic DPDK test reports List-Unsubscribe: , List-Archive: List-Post: List-Help: List-Subscribe: , Errors-To: test-report-bounces@dpdk.org _Testing issues_ Branch: tags/v22.11 4401486b5e30d43a134f80f9802f60b5f43e74a8 --> testing issues Upstream job id: Generic-Unit-Test-DPDK#338330 Test environment and result as below: +---------------------+----------------+ | Environment | dpdk_unit_test | +=====================+================+ | RHEL9 | FAIL | +---------------------+----------------+ | Debian 12 | FAIL | +---------------------+----------------+ | Fedora 40 | FAIL | +---------------------+----------------+ | CentOS Stream 9 | FAIL | +---------------------+----------------+ | Fedora 41 | FAIL | +---------------------+----------------+ | Ubuntu 24.04 | PEND | +---------------------+----------------+ | Ubuntu 20.04 | PASS | +---------------------+----------------+ | RHEL8 | PEND | +---------------------+----------------+ | Fedora 41 (Clang) | PEND | +---------------------+----------------+ | Fedora 40 (Clang) | PEND | +---------------------+----------------+ | CentOS Stream 10 | PEND | +---------------------+----------------+ | Ubuntu 22.04 | PEND | +---------------------+----------------+ | Windows Server 2022 | FAIL | +---------------------+----------------+ ==== Unit test summary for Windows Server 2022 (dpdk_unit_test): ==== Failed to get the unit test results. Displaying the unit test results is not supported for some environments, such as our aarch32 testing, where meson is not used to run the tests. Download the logs available on our CI site. ==== End log output ==== RHEL9 Kernel: Depends on container host Compiler: gcc 11.5.0 20240719 (Red Hat 11.5.0-2) Debian 12 Kernel: Depends on container host Compiler: gcc (Debian 12.2.0-14) 12.2.0 Fedora 40 Kernel: Depends on container host Compiler: gcc 14.2.1 20240912 (Red Hat 14.2.1-3) CentOS Stream 9 Kernel: Depends on container host Compiler: gcc 11.5.0 20240719 (Red Hat 11.5.0-2) Fedora 41 Kernel: Depends on container host Compiler: gcc 14.2.1 20240912 (Red Hat 14.2.1-3) Ubuntu 24.04 Kernel: Depends on container host Compiler: gcc (Ubuntu 13.3.0-6ubuntu2~24.04) 13.3.0 Ubuntu 20.04 Kernel: Depends on container host Compiler: gcc (Ubuntu 9.4.0-1ubuntu1~20.04.2) 9.4.0 RHEL8 Kernel: Depends on container host Compiler: gcc 8.5.0 20210514 (Red Hat 8.5.0-22) Fedora 41 (Clang) Kernel: Depends on container host Compiler: clang 19.1.5 (Fedora 19.1.5-1.fc41) Fedora 40 (Clang) Kernel: Depends on container host Compiler: clang 18.1.8 (Fedora 18.1.8-1.fc40) CentOS Stream 10 Kernel: Depends on container host Compiler: gcc 14.2.1 20241104 (Red Hat 14.2.1-6) Ubuntu 22.04 Kernel: Depends on container host Compiler: gcc (Ubuntu 11.4.0-1ubuntu1~22.04) 11.4.0 Windows Server 2022 Kernel: 10.0.20348.2031 Compiler: clang 15.0.7, gcc 14.1.0 (MinGW), and MSVC VS 19.39.33521 To view detailed results, visit: https://lab.dpdk.org/results/dashboard/tarballs/33550/ UNH-IOL DPDK Community Lab To manage your email subscriptions, visit: https://lab.dpdk.org/results/dashboard/preferences/subscriptions/